000
CDUS41 KALY 112046
CLIPSF


CLIMATE REPORT
NATIONAL WEATHER SERVICE ALBANY NY
445 PM EDT MON SEP 11 2017


...................................

...THE PITTSFIELD MA CLIMATE SUMMARY FOR SEPTEMBER 11 2017...
VALID TODAY AS OF 0400 PM LOCAL TIME.

CLIMATE NORMAL PERIOD 1981 TO 2010
CLIMATE RECORD PERIOD 9999 TO 9999


WEATHER ITEM   OBSERVED TIME   NORMAL DEPARTURE LAST
                VALUE   (LST)  VALUE  FROM      YEAR
                                      NORMAL
......................................................
TEMPERATURE (F)
 TODAY
  MAXIMUM         70    338 PM  71     -1       75
  MINIMUM         41    515 AM  50     -9       53
  AVERAGE         56            60     -4       64

PRECIPITATION (IN)
  TODAY            0.00          0.13  -0.13     0.19
  MONTH TO DATE    2.30          1.23   1.07     0.28
  SINCE SEP 1      2.30          1.23   1.07     0.28
  SINCE JAN 1     33.09         31.01   2.08    23.65

DEGREE DAYS
 HEATING
  TODAY            9             5      4        1
  MONTH TO DATE   91            45     46        8
  SINCE SEP 1     91            45     46        8
  SINCE JUL 1    177           123     54       32

 COOLING
  TODAY            0             1     -1        0
  MONTH TO DATE    4            14    -10       38
  SINCE SEP 1      4            14    -10       38
  SINCE JAN 1    274           284    -10      419
......................................................


WIND (MPH)
  HIGHEST WIND SPEED    13   HIGHEST WIND DIRECTION     W (270)
  HIGHEST GUST SPEED    15   HIGHEST GUST DIRECTION    NW (300)
  AVERAGE WIND SPEED     3.7


SKY COVER
  AVERAGE SKY COVER 0.2



RELATIVE HUMIDITY (PERCENT)
 HIGHEST   100
 LOWEST     52
 AVERAGE    76

..........................................................


THE PITTSFIELD MA CLIMATE NORMALS FOR TOMORROW
                         NORMAL
 MAXIMUM TEMPERATURE (F)   71
 MINIMUM TEMPERATURE (F)   49


SUNRISE AND SUNSET
SEPTEMBER 11 2017.....SUNRISE   629 AM EDT   SUNSET   710 PM EDT
SEPTEMBER 12 2017.....SUNRISE   630 AM EDT   SUNSET   708 PM EDT


-  INDICATES NEGATIVE NUMBERS.
R  INDICATES RECORD WAS SET OR TIED.
MM INDICATES DATA IS MISSING.
T  INDICATES TRACE AMOUNT.




$$
