000
CDUS41 KALY 072046
CLIPSF


CLIMATE REPORT
NATIONAL WEATHER SERVICE ALBANY NY
446 PM EDT THU AUG 7 2014


...................................

...THE PITTSFIELD MA CLIMATE SUMMARY FOR AUGUST 7 2014...
VALID TODAY AS OF 0400 PM LOCAL TIME.

CLIMATE NORMAL PERIOD 1981 TO 2010
CLIMATE RECORD PERIOD 9999 TO 9999


WEATHER ITEM   OBSERVED TIME   NORMAL DEPARTURE LAST
                VALUE   (LST)  VALUE  FROM      YEAR
                                      NORMAL
......................................................
TEMPERATURE (F)
 TODAY
  MAXIMUM         72    227 PM  78     -6       74
  MINIMUM         51    506 AM  57     -6       55
  AVERAGE         62            68     -6       65

PRECIPITATION (IN)
  TODAY            0.06          0.13  -0.07      T
  MONTH TO DATE    0.80          1.03  -0.23     0.41
  SINCE JUN 1     15.38          9.68   5.70     9.09
  SINCE JAN 1     29.38         26.72   2.66    23.68

DEGREE DAYS
 HEATING
  TODAY            3             1      2        0
  MONTH TO DATE    3             7     -4       11
  SINCE JUN 1     79           139    -60      127
  SINCE JUL 1     21            38    -17       19

 COOLING
  TODAY            0             4     -4        0
  MONTH TO DATE   15            28    -13        5
  SINCE JUN 1    172           192    -20      316
  SINCE JAN 1    178           205    -27      341
......................................................


WIND (MPH)
  HIGHEST WIND SPEED    17   HIGHEST WIND DIRECTION     W (260)
  HIGHEST GUST SPEED    23   HIGHEST GUST DIRECTION     W (280)
  AVERAGE WIND SPEED     5.1


SKY COVER
  AVERAGE SKY COVER 0.3



RELATIVE HUMIDITY (PERCENT)
 HIGHEST   100
 LOWEST     53
 AVERAGE    77

..........................................................


THE PITTSFIELD MA CLIMATE NORMALS FOR TOMORROW
                         NORMAL
 MAXIMUM TEMPERATURE (F)   78
 MINIMUM TEMPERATURE (F)   57


SUNRISE AND SUNSET
AUGUST  7 2014........SUNRISE   552 AM EDT   SUNSET   806 PM EDT
AUGUST  8 2014........SUNRISE   553 AM EDT   SUNSET   804 PM EDT


-  INDICATES NEGATIVE NUMBERS.
R  INDICATES RECORD WAS SET OR TIED.
MM INDICATES DATA IS MISSING.
T  INDICATES TRACE AMOUNT.




$$
