000
CDUS41 KALY 270625
CLIPSF


CLIMATE REPORT
NATIONAL WEATHER SERVICE ALBANY NY
223 AM EDT FRI OCT 27 2017


...................................

...THE PITTSFIELD MA CLIMATE SUMMARY FOR OCTOBER 26 2017...

CLIMATE NORMAL PERIOD 1981 TO 2010
CLIMATE RECORD PERIOD 9999 TO 9999


WEATHER ITEM   OBSERVED TIME   NORMAL DEPARTURE LAST
                VALUE   (LST)  VALUE  FROM      YEAR
                                      NORMAL
......................................................
TEMPERATURE (F)
 YESTERDAY
  MAXIMUM         52   1213 AM  55     -3       42
  MINIMUM         43   1159 PM  34      9       26
  AVERAGE         48            44      4       34

PRECIPITATION (IN)
  YESTERDAY        0.04          0.13  -0.09     0.00
  MONTH TO DATE    1.98          4.20  -2.22     3.02
  SINCE SEP 1      4.76          8.16  -3.40     4.89
  SINCE JAN 1     35.55         37.94  -2.39    28.26

DEGREE DAYS
 HEATING
  YESTERDAY       17            21     -4       31
  MONTH TO DATE  250           436   -186      364
  SINCE SEP 1    386           650   -264      492
  SINCE JUL 1    472           728   -256      516

 COOLING
  YESTERDAY        0             0      0        0
  MONTH TO DATE    8             0      8        1
  SINCE SEP 1     81            19     62       51
  SINCE JAN 1    351           289     62      432
......................................................


WIND (MPH)
  HIGHEST WIND SPEED    20   HIGHEST WIND DIRECTION     W (280)
  HIGHEST GUST SPEED    30   HIGHEST GUST DIRECTION    NW (330)
  AVERAGE WIND SPEED     9.4


SKY COVER
  AVERAGE SKY COVER 0.9



RELATIVE HUMIDITY (PERCENT)
 HIGHEST    89
 LOWEST     65
 AVERAGE    77

..........................................................


THE PITTSFIELD MA CLIMATE NORMALS FOR TODAY
                         NORMAL
 MAXIMUM TEMPERATURE (F)   54
 MINIMUM TEMPERATURE (F)   34


SUNRISE AND SUNSET
OCTOBER 27 2017.......SUNRISE   721 AM EDT   SUNSET   553 PM EDT
OCTOBER 28 2017.......SUNRISE   722 AM EDT   SUNSET   551 PM EDT


-  INDICATES NEGATIVE NUMBERS.
R  INDICATES RECORD WAS SET OR TIED.
MM INDICATES DATA IS MISSING.
T  INDICATES TRACE AMOUNT.




$$
