000
CDUS41 KALY 092153
CLIPSF


CLIMATE REPORT
NATIONAL WEATHER SERVICE ALBANY NY
452 PM EST TUE DEC 9 2014


...................................

...THE PITTSFIELD MA CLIMATE SUMMARY FOR DECEMBER 9 2014...
VALID TODAY AS OF 0400 PM LOCAL TIME.

CLIMATE NORMAL PERIOD 1981 TO 2010
CLIMATE RECORD PERIOD 9999 TO 9999


WEATHER ITEM   OBSERVED TIME   NORMAL DEPARTURE LAST
                VALUE   (LST)  VALUE  FROM      YEAR
                                      NORMAL
......................................................
TEMPERATURE (F)
 TODAY
  MAXIMUM         37    449 PM  36      1       33
  MINIMUM         26   1206 AM  22      4       22
  AVERAGE         32            29      3       28

PRECIPITATION (IN)
  TODAY            0.61          0.10   0.51     0.01
  MONTH TO DATE    1.56          0.92   0.64     0.39
  SINCE DEC 1      1.56          0.92   0.64     0.39
  SINCE JAN 1     41.98         43.30  -1.32    37.20

DEGREE DAYS
 HEATING
  TODAY           33            36     -3       37
  MONTH TO DATE  320           309     11      286
  SINCE DEC 1    320           309     11      286
  SINCE JUL 1   1942          1960    -18     1966

 COOLING
  TODAY            0             0      0        0
  MONTH TO DATE    0             0      0        0
  SINCE DEC 1      0             0      0        0
  SINCE JAN 1    238           290    -52      433
......................................................


WIND (MPH)
  HIGHEST WIND SPEED    18   HIGHEST WIND DIRECTION    NE (40)
  HIGHEST GUST SPEED    26   HIGHEST GUST DIRECTION    NE (30)
  AVERAGE WIND SPEED     9.6


SKY COVER
  AVERAGE SKY COVER 1.0



RELATIVE HUMIDITY (PERCENT)
 HIGHEST   100
 LOWEST     85
 AVERAGE    93

..........................................................


THE PITTSFIELD MA CLIMATE NORMALS FOR TOMORROW
                         NORMAL
 MAXIMUM TEMPERATURE (F)   36
 MINIMUM TEMPERATURE (F)   22


SUNRISE AND SUNSET
DECEMBER  9 2014......SUNRISE   711 AM EST   SUNSET   420 PM EST
DECEMBER 10 2014......SUNRISE   712 AM EST   SUNSET   420 PM EST


-  INDICATES NEGATIVE NUMBERS.
R  INDICATES RECORD WAS SET OR TIED.
MM INDICATES DATA IS MISSING.
T  INDICATES TRACE AMOUNT.




$$
