000
CDUS41 KALY 140624
CLIPSF


CLIMATE REPORT
NATIONAL WEATHER SERVICE ALBANY NY
224 AM EDT SAT MAR 14 2015


...................................

...THE PITTSFIELD MA CLIMATE SUMMARY FOR MARCH 13 2015...

CLIMATE NORMAL PERIOD 1981 TO 2010
CLIMATE RECORD PERIOD 9999 TO 9999


WEATHER ITEM   OBSERVED TIME   NORMAL DEPARTURE LAST
                VALUE   (LST)  VALUE  FROM      YEAR
                                      NORMAL
......................................................
TEMPERATURE (F)
 YESTERDAY
  MAXIMUM         38    507 PM  41     -3       15
  MINIMUM         13    642 AM  21     -8        9
  AVERAGE         26            31     -5       12

PRECIPITATION (IN)
  YESTERDAY        0.00          0.08  -0.08      T
  MONTH TO DATE    0.51          1.08  -0.57     0.44
  SINCE MAR 1      0.51          1.08  -0.57     0.44
  SINCE JAN 1      5.60          6.68  -1.08     6.82

DEGREE DAYS
 HEATING
  YESTERDAY       39            34      5       53
  MONTH TO DATE  539           470     69      569
  SINCE MAR 1    539           470     69      569
  SINCE JUL 1   6202          5850    352     6121

 COOLING
  YESTERDAY        0             0      0        0
  MONTH TO DATE    0             0      0        0
  SINCE MAR 1      0             0      0        0
  SINCE JAN 1      0             0      0        0
......................................................


WIND (MPH)
  HIGHEST WIND SPEED    13   HIGHEST WIND DIRECTION    SW (240)
  HIGHEST GUST SPEED    16   HIGHEST GUST DIRECTION    SW (240)
  AVERAGE WIND SPEED     4.3


SKY COVER
  AVERAGE SKY COVER 0.4



RELATIVE HUMIDITY (PERCENT)
 HIGHEST    73
 LOWEST     23
 AVERAGE    48

..........................................................


THE PITTSFIELD MA CLIMATE NORMALS FOR TODAY
                         NORMAL
 MAXIMUM TEMPERATURE (F)   41
 MINIMUM TEMPERATURE (F)   21


SUNRISE AND SUNSET
MARCH 14 2015.........SUNRISE   707 AM EDT   SUNSET   658 PM EDT
MARCH 15 2015.........SUNRISE   706 AM EDT   SUNSET   659 PM EDT


-  INDICATES NEGATIVE NUMBERS.
R  INDICATES RECORD WAS SET OR TIED.
MM INDICATES DATA IS MISSING.
T  INDICATES TRACE AMOUNT.




$$
