000
CDUS41 KALY 170623
CLIPSF


CLIMATE REPORT
NATIONAL WEATHER SERVICE ALBANY NY
222 AM EDT FRI MAR 17 2017


...................................

...THE PITTSFIELD MA CLIMATE SUMMARY FOR MARCH 16 2017...

CLIMATE NORMAL PERIOD 1981 TO 2010
CLIMATE RECORD PERIOD 9999 TO 9999


WEATHER ITEM   OBSERVED TIME   NORMAL DEPARTURE LAST
                VALUE   (LST)  VALUE  FROM      YEAR
                                      NORMAL
......................................................
TEMPERATURE (F)
 YESTERDAY
  MAXIMUM         27    343 PM  42    -15       63
  MINIMUM         14    710 AM  21     -7       33
  AVERAGE         21            32    -11       48

PRECIPITATION (IN)
  YESTERDAY        0.01          0.12  -0.11     0.33
  MONTH TO DATE    1.05          1.39  -0.34     1.46
  SINCE MAR 1      1.05          1.39  -0.34     1.46
  SINCE JAN 1      6.63          6.99  -0.36     6.83

DEGREE DAYS
 HEATING
  YESTERDAY       44            33     11       17
  MONTH TO DATE  637           571     66      422
  SINCE MAR 1    637           571     66      422
  SINCE JUL 1   5339          5951   -612     4789

 COOLING
  YESTERDAY        0             0      0        0
  MONTH TO DATE    0             0      0        0
  SINCE MAR 1      0             0      0        0
  SINCE JAN 1      0             0      0        0
......................................................


WIND (MPH)
  HIGHEST WIND SPEED    33   HIGHEST WIND DIRECTION     W (290)
  HIGHEST GUST SPEED    44   HIGHEST GUST DIRECTION     W (280)
  AVERAGE WIND SPEED    16.7


SKY COVER
  AVERAGE SKY COVER 0.3



RELATIVE HUMIDITY (PERCENT)
 HIGHEST    67
 LOWEST     46
 AVERAGE    57

..........................................................


THE PITTSFIELD MA CLIMATE NORMALS FOR TODAY
                         NORMAL
 MAXIMUM TEMPERATURE (F)   42
 MINIMUM TEMPERATURE (F)   22


SUNRISE AND SUNSET
MARCH 17 2017.........SUNRISE   701 AM EDT   SUNSET   702 PM EDT
MARCH 18 2017.........SUNRISE   700 AM EDT   SUNSET   703 PM EDT


-  INDICATES NEGATIVE NUMBERS.
R  INDICATES RECORD WAS SET OR TIED.
MM INDICATES DATA IS MISSING.
T  INDICATES TRACE AMOUNT.




$$
