000
CDUS41 KALY 220626
CLIPSF


CLIMATE REPORT
NATIONAL WEATHER SERVICE ALBANY NY
226 AM EDT TUE APR 22 2014


...................................

...THE PITTSFIELD MA CLIMATE SUMMARY FOR APRIL 21 2014...

CLIMATE NORMAL PERIOD 1981 TO 2010
CLIMATE RECORD PERIOD 9999 TO 9999


WEATHER ITEM   OBSERVED TIME   NORMAL DEPARTURE LAST
                VALUE   (LST)  VALUE  FROM      YEAR
                                      NORMAL
......................................................
TEMPERATURE (F)
 YESTERDAY
  MAXIMUM         70    358 PM  57     13       48
  MINIMUM         30    532 AM  36     -6       27
  AVERAGE         50            47      3       38

PRECIPITATION (IN)
  YESTERDAY        0.00          0.10  -0.10     0.00
  MONTH TO DATE    1.73          2.95  -1.22     2.28
  SINCE MAR 1      4.86          6.32  -1.46     4.07
  SINCE JAN 1     11.24         11.92  -0.68     7.70

DEGREE DAYS
 HEATING
  YESTERDAY       15            19     -4       27
  MONTH TO DATE  452           478    -26      488
  SINCE MAR 1   1683          1505    178     1543
  SINCE JUL 1   7235          6885    350     6482

 COOLING
  YESTERDAY        0             0      0        0
  MONTH TO DATE    1             0      1        0
  SINCE MAR 1      1             0      1        0
  SINCE JAN 1      1             0      1        0
......................................................


WIND (MPH)
  HIGHEST WIND SPEED    15   HIGHEST WIND DIRECTION    SW (240)
  HIGHEST GUST SPEED    18   HIGHEST GUST DIRECTION    SW (240)
  AVERAGE WIND SPEED     3.5


SKY COVER
  AVERAGE SKY COVER 0.0



RELATIVE HUMIDITY (PERCENT)
 HIGHEST    85
 LOWEST      8
 AVERAGE    47

..........................................................


THE PITTSFIELD MA CLIMATE NORMALS FOR TODAY
                         NORMAL
 MAXIMUM TEMPERATURE (F)   58
 MINIMUM TEMPERATURE (F)   36


SUNRISE AND SUNSET
APRIL 22 2014.........SUNRISE   601 AM EDT   SUNSET   743 PM EDT
APRIL 23 2014.........SUNRISE   600 AM EDT   SUNSET   744 PM EDT


-  INDICATES NEGATIVE NUMBERS.
R  INDICATES RECORD WAS SET OR TIED.
MM INDICATES DATA IS MISSING.
T  INDICATES TRACE AMOUNT.




$$
