000
CDUS41 KALY 180623
CLIPSF


CLIMATE REPORT
NATIONAL WEATHER SERVICE ALBANY NY
223 AM EDT THU SEP 18 2014


...................................

...THE PITTSFIELD MA CLIMATE SUMMARY FOR SEPTEMBER 17 2014...

CLIMATE NORMAL PERIOD 1981 TO 2010
CLIMATE RECORD PERIOD 9999 TO 9999


WEATHER ITEM   OBSERVED TIME   NORMAL DEPARTURE LAST
                VALUE   (LST)  VALUE  FROM      YEAR
                                      NORMAL
......................................................
TEMPERATURE (F)
 YESTERDAY
  MAXIMUM         64    307 PM  69     -5       62
  MINIMUM         38    554 AM  47     -9       35
  AVERAGE         51            58     -7       49

PRECIPITATION (IN)
  YESTERDAY        0.00          0.14  -0.14     0.00
  MONTH TO DATE    1.39          2.04  -0.65     2.51
  SINCE SEP 1      1.39          2.04  -0.65     2.51
  SINCE JAN 1     32.31         31.82   0.49    30.61

DEGREE DAYS
 HEATING
  YESTERDAY       14             7      7       16
  MONTH TO DATE  102            84     18      115
  SINCE SEP 1    102            84     18      115
  SINCE JUL 1    175           162     13      171

 COOLING
  YESTERDAY        0             0      0        0
  MONTH TO DATE   33            16     17       33
  SINCE SEP 1     33            16     17       33
  SINCE JAN 1    232           286    -54      433
......................................................


WIND (MPH)
  HIGHEST WIND SPEED    13   HIGHEST WIND DIRECTION     W (290)
  HIGHEST GUST SPEED    17   HIGHEST GUST DIRECTION     W (290)
  AVERAGE WIND SPEED     3.0


SKY COVER
  AVERAGE SKY COVER 0.5



RELATIVE HUMIDITY (PERCENT)
 HIGHEST   100
 LOWEST     52
 AVERAGE    76

..........................................................


THE PITTSFIELD MA CLIMATE NORMALS FOR TODAY
                         NORMAL
 MAXIMUM TEMPERATURE (F)   68
 MINIMUM TEMPERATURE (F)   47


SUNRISE AND SUNSET
SEPTEMBER 18 2014.....SUNRISE   636 AM EDT   SUNSET   658 PM EDT
SEPTEMBER 19 2014.....SUNRISE   637 AM EDT   SUNSET   656 PM EDT


-  INDICATES NEGATIVE NUMBERS.
R  INDICATES RECORD WAS SET OR TIED.
MM INDICATES DATA IS MISSING.
T  INDICATES TRACE AMOUNT.




$$
