954
CDUS41 KALY 230623
CLIPSF


CLIMATE REPORT
NATIONAL WEATHER SERVICE ALBANY NY
223 AM EDT SUN JUL 23 2017


...................................

...THE PITTSFIELD MA CLIMATE SUMMARY FOR JULY 22 2017...

CLIMATE NORMAL PERIOD 1981 TO 2010
CLIMATE RECORD PERIOD 9999 TO 9999


WEATHER ITEM   OBSERVED TIME   NORMAL DEPARTURE LAST
                VALUE   (LST)  VALUE  FROM      YEAR
                                      NORMAL
......................................................
TEMPERATURE (F)
 YESTERDAY
  MAXIMUM         77   1258 PM  79     -2       90
  MINIMUM         60    423 AM  57      3       64
  AVERAGE         69            68      1       77

PRECIPITATION (IN)
  YESTERDAY        T             0.16  -0.16      T
  MONTH TO DATE    2.45          2.83  -0.38     2.13
  SINCE JUN 1      6.45          7.23  -0.78     4.63
  SINCE JAN 1     25.23         24.27   0.96    18.73

DEGREE DAYS
 HEATING
  YESTERDAY        0             1     -1        0
  MONTH TO DATE    5            22    -17       11
  SINCE JUN 1    111           123    -12       87
  SINCE JUL 1      5            22    -17       11

 COOLING
  YESTERDAY        4             4      0       12
  MONTH TO DATE  102            77     25       96
  SINCE JUN 1    180           133     47      135
  SINCE JAN 1    194           146     48      176
......................................................


WIND (MPH)
  HIGHEST WIND SPEED     9   HIGHEST WIND DIRECTION     W (270)
  HIGHEST GUST SPEED    11   HIGHEST GUST DIRECTION     W (290)
  AVERAGE WIND SPEED     2.6


SKY COVER
  AVERAGE SKY COVER 0.1



RELATIVE HUMIDITY (PERCENT)
 HIGHEST    93
 LOWEST     50
 AVERAGE    72

..........................................................


THE PITTSFIELD MA CLIMATE NORMALS FOR TODAY
                         NORMAL
 MAXIMUM TEMPERATURE (F)   79
 MINIMUM TEMPERATURE (F)   57


SUNRISE AND SUNSET
JULY 23 2017..........SUNRISE   537 AM EDT   SUNSET   822 PM EDT
JULY 24 2017..........SUNRISE   538 AM EDT   SUNSET   821 PM EDT


-  INDICATES NEGATIVE NUMBERS.
R  INDICATES RECORD WAS SET OR TIED.
MM INDICATES DATA IS MISSING.
T  INDICATES TRACE AMOUNT.




$$
