000
CDUS41 KALY 170630
CLIPSF


CLIMATE REPORT
NATIONAL WEATHER SERVICE ALBANY NY
129 AM EST FRI NOV 17 2017


...................................

...THE PITTSFIELD MA CLIMATE SUMMARY FOR NOVEMBER 16 2017...

CLIMATE NORMAL PERIOD 1981 TO 2010
CLIMATE RECORD PERIOD 9999 TO 9999


WEATHER ITEM   OBSERVED TIME   NORMAL DEPARTURE LAST
                VALUE   (LST)  VALUE  FROM      YEAR
                                      NORMAL
......................................................
TEMPERATURE (F)
 YESTERDAY
  MAXIMUM         50    148 PM  47      3       49
  MINIMUM         37   1159 PM  29      8       38
  AVERAGE         44            38      6       44

PRECIPITATION (IN)
  YESTERDAY        0.32          0.13   0.19     0.15
  MONTH TO DATE    0.74          2.02  -1.28     0.94
  SINCE SEP 1      8.03         10.69  -2.66     6.66
  SINCE JAN 1     38.82         40.47  -1.65    30.03

DEGREE DAYS
 HEATING
  YESTERDAY       21            27     -6       21
  MONTH TO DATE  378           397    -19      363
  SINCE SEP 1    837          1155   -318      981
  SINCE JUL 1    923          1233   -310     1005

 COOLING
  YESTERDAY        0             0      0        0
  MONTH TO DATE    0             0      0        0
  SINCE SEP 1     81            20     61       51
  SINCE JAN 1    351           290     61      432
......................................................


WIND (MPH)
  HIGHEST WIND SPEED    26   HIGHEST WIND DIRECTION     W (290)
  HIGHEST GUST SPEED    38   HIGHEST GUST DIRECTION     W (280)
  AVERAGE WIND SPEED    10.1


SKY COVER
  AVERAGE SKY COVER 1.0



RELATIVE HUMIDITY (PERCENT)
 HIGHEST    89
 LOWEST     64
 AVERAGE    77

..........................................................


THE PITTSFIELD MA CLIMATE NORMALS FOR TODAY
                         NORMAL
 MAXIMUM TEMPERATURE (F)   46
 MINIMUM TEMPERATURE (F)   29


SUNRISE AND SUNSET
NOVEMBER 17 2017......SUNRISE   647 AM EST   SUNSET   429 PM EST
NOVEMBER 18 2017......SUNRISE   648 AM EST   SUNSET   428 PM EST


-  INDICATES NEGATIVE NUMBERS.
R  INDICATES RECORD WAS SET OR TIED.
MM INDICATES DATA IS MISSING.
T  INDICATES TRACE AMOUNT.




$$
