000
CDUS41 KALY 220623
CLIPSF


CLIMATE REPORT
NATIONAL WEATHER SERVICE ALBANY NY
223 AM EDT FRI AUG 22 2014


...................................

...THE PITTSFIELD MA CLIMATE SUMMARY FOR AUGUST 21 2014...

CLIMATE NORMAL PERIOD 1981 TO 2010
CLIMATE RECORD PERIOD 9999 TO 9999


WEATHER ITEM   OBSERVED TIME   NORMAL DEPARTURE LAST
                VALUE   (LST)  VALUE  FROM      YEAR
                                      NORMAL
......................................................
TEMPERATURE (F)
 YESTERDAY
  MAXIMUM         72   1241 PM  77     -5       81
  MINIMUM         62   1156 PM  56      6       53
  AVERAGE         67            66      1       67

PRECIPITATION (IN)
  YESTERDAY        1.00          0.14   0.86     0.00
  MONTH TO DATE    2.28          2.84  -0.56     3.03
  SINCE JUN 1     16.86         11.49   5.37    11.71
  SINCE JAN 1     30.86         28.53   2.33    26.30

DEGREE DAYS
 HEATING
  YESTERDAY        0             1     -1        0
  MONTH TO DATE   38            21     17       36
  SINCE JUN 1    114           153    -39      152
  SINCE JUL 1     56            52      4       44

 COOLING
  YESTERDAY        2             3     -1        2
  MONTH TO DATE   20            75    -55       23
  SINCE JUN 1    177           239    -62      334
  SINCE JAN 1    183           252    -69      359
......................................................


WIND (MPH)
  HIGHEST WIND SPEED    10   HIGHEST WIND DIRECTION    SE (120)
  HIGHEST GUST SPEED    15   HIGHEST GUST DIRECTION     E (110)
  AVERAGE WIND SPEED     3.4


SKY COVER
  AVERAGE SKY COVER 0.8



RELATIVE HUMIDITY (PERCENT)
 HIGHEST   100
 LOWEST     81
 AVERAGE    91

..........................................................


THE PITTSFIELD MA CLIMATE NORMALS FOR TODAY
                         NORMAL
 MAXIMUM TEMPERATURE (F)   77
 MINIMUM TEMPERATURE (F)   55


SUNRISE AND SUNSET
AUGUST 22 2014........SUNRISE   608 AM EDT   SUNSET   744 PM EDT
AUGUST 23 2014........SUNRISE   609 AM EDT   SUNSET   742 PM EDT


-  INDICATES NEGATIVE NUMBERS.
R  INDICATES RECORD WAS SET OR TIED.
MM INDICATES DATA IS MISSING.
T  INDICATES TRACE AMOUNT.




$$
