648
CDUS41 KALY 240624
CLIPSF


CLIMATE REPORT
NATIONAL WEATHER SERVICE ALBANY NY
122 AM EST FRI FEB 24 2017


...................................

...THE PITTSFIELD MA CLIMATE SUMMARY FOR FEBRUARY 23 2017...

CLIMATE NORMAL PERIOD 1981 TO 2010
CLIMATE RECORD PERIOD 9999 TO 9999


WEATHER ITEM   OBSERVED TIME   NORMAL DEPARTURE LAST
                VALUE   (LST)  VALUE  FROM      YEAR
                                      NORMAL
......................................................
TEMPERATURE (F)
 YESTERDAY
  MAXIMUM         65    254 PM  35     30       35
  MINIMUM         32    722 AM  17     15       18
  AVERAGE         49            26     23       27

PRECIPITATION (IN)
  YESTERDAY        0.00          0.09  -0.09      T
  MONTH TO DATE    1.76          2.20  -0.44     2.37
  SINCE DEC 1      7.50          8.12  -0.62     7.14
  SINCE JAN 1      4.48          5.12  -0.64     3.46

DEGREE DAYS
 HEATING
  YESTERDAY       16            39    -23       38
  MONTH TO DATE  854           963   -109      847
  SINCE DEC 1   3179          3537   -358     2821
  SINCE JUL 1   4586          5188   -602     4194

 COOLING
  YESTERDAY        0             0      0        0
  MONTH TO DATE    0             0      0        0
  SINCE DEC 1      0             0      0        0
  SINCE JAN 1      0             0      0        0
......................................................


WIND (MPH)
  HIGHEST WIND SPEED    17   HIGHEST WIND DIRECTION     S (180)
  HIGHEST GUST SPEED    23   HIGHEST GUST DIRECTION    SW (230)
  AVERAGE WIND SPEED     4.2


SKY COVER
  AVERAGE SKY COVER 0.3



RELATIVE HUMIDITY (PERCENT)
 HIGHEST    92
 LOWEST     48
 AVERAGE    70

..........................................................


THE PITTSFIELD MA CLIMATE NORMALS FOR TODAY
                         NORMAL
 MAXIMUM TEMPERATURE (F)   35
 MINIMUM TEMPERATURE (F)   17


SUNRISE AND SUNSET
FEBRUARY 24 2017......SUNRISE   636 AM EST   SUNSET   537 PM EST
FEBRUARY 25 2017......SUNRISE   635 AM EST   SUNSET   538 PM EST


-  INDICATES NEGATIVE NUMBERS.
R  INDICATES RECORD WAS SET OR TIED.
MM INDICATES DATA IS MISSING.
T  INDICATES TRACE AMOUNT.




$$
