000
CDUS41 KALY 270621
CLIPSF


CLIMATE REPORT
NATIONAL WEATHER SERVICE ALBANY NY
221 AM EDT FRI MAR 27 2015


...................................

...THE PITTSFIELD MA CLIMATE SUMMARY FOR MARCH 26 2015...

CLIMATE NORMAL PERIOD 1981 TO 2010
CLIMATE RECORD PERIOD 9999 TO 9999


WEATHER ITEM   OBSERVED TIME   NORMAL DEPARTURE LAST
                VALUE   (LST)  VALUE  FROM      YEAR
                                      NORMAL
......................................................
TEMPERATURE (F)
 YESTERDAY
  MAXIMUM         44   1216 PM  46     -2       29
  MINIMUM         35   1159 PM  25     10       16
  AVERAGE         40            35      5       23

PRECIPITATION (IN)
  YESTERDAY        0.55          0.14   0.41      T
  MONTH TO DATE    1.54          2.68  -1.14     1.06
  SINCE MAR 1      1.54          2.68  -1.14     1.06
  SINCE JAN 1      6.63          8.28  -1.65     7.44

DEGREE DAYS
 HEATING
  YESTERDAY       25            30     -5       42
  MONTH TO DATE 1027           885    142     1084
  SINCE MAR 1   1027           885    142     1084
  SINCE JUL 1   6690          6265    425     6636

 COOLING
  YESTERDAY        0             0      0        0
  MONTH TO DATE    0             0      0        0
  SINCE MAR 1      0             0      0        0
  SINCE JAN 1      0             0      0        0
......................................................


WIND (MPH)
  HIGHEST WIND SPEED    13   HIGHEST WIND DIRECTION     W (290)
  HIGHEST GUST SPEED    21   HIGHEST GUST DIRECTION     W (250)
  AVERAGE WIND SPEED     3.3


SKY COVER
  AVERAGE SKY COVER 1.0



RELATIVE HUMIDITY (PERCENT)
 HIGHEST   100
 LOWEST     83
 AVERAGE    92

..........................................................


THE PITTSFIELD MA CLIMATE NORMALS FOR TODAY
                         NORMAL
 MAXIMUM TEMPERATURE (F)   46
 MINIMUM TEMPERATURE (F)   26


SUNRISE AND SUNSET
MARCH 27 2015.........SUNRISE   645 AM EDT   SUNSET   713 PM EDT
MARCH 28 2015.........SUNRISE   643 AM EDT   SUNSET   714 PM EDT


-  INDICATES NEGATIVE NUMBERS.
R  INDICATES RECORD WAS SET OR TIED.
MM INDICATES DATA IS MISSING.
T  INDICATES TRACE AMOUNT.




$$
