000
CDUS41 KALY 272059
CLIPSF


CLIMATE REPORT
NATIONAL WEATHER SERVICE ALBANY NY
456 PM EDT WED JUL 27 2016


...................................

...THE PITTSFIELD MA CLIMATE SUMMARY FOR JULY 27 2016...
VALID TODAY AS OF 0400 PM LOCAL TIME.

CLIMATE NORMAL PERIOD 1981 TO 2010
CLIMATE RECORD PERIOD 9999 TO 9999


WEATHER ITEM   OBSERVED TIME   NORMAL DEPARTURE LAST
                VALUE   (LST)  VALUE  FROM      YEAR
                                      NORMAL
......................................................
TEMPERATURE (F)
 TODAY
  MAXIMUM         87    328 PM  79      8       82
  MINIMUM         57    523 AM  57      0       61
  AVERAGE         72            68      4       72

PRECIPITATION (IN)
  TODAY            0.00          0.16  -0.16     0.00
  MONTH TO DATE    2.19          3.56  -1.37     4.99
  SINCE JUN 1      4.69          7.96  -3.27    13.12
  SINCE JAN 1     18.79         25.00  -6.21    24.26

DEGREE DAYS
 HEATING
  TODAY            0             1     -1        0
  MONTH TO DATE   11            27    -16       19
  SINCE JUN 1     87           128    -41      130
  SINCE JUL 1     11            27    -16       19

 COOLING
  TODAY            7             4      3        7
  MONTH TO DATE  135            97     38       91
  SINCE JUN 1    174           153     21      124
  SINCE JAN 1    215           166     49      168
......................................................


WIND (MPH)
  HIGHEST WIND SPEED    14   HIGHEST WIND DIRECTION     W (260)
  HIGHEST GUST SPEED    21   HIGHEST GUST DIRECTION     W (290)
  AVERAGE WIND SPEED     4.7


SKY COVER
  AVERAGE SKY COVER 0.2



RELATIVE HUMIDITY (PERCENT)
 HIGHEST    97
 LOWEST     35
 AVERAGE    66

..........................................................


THE PITTSFIELD MA CLIMATE NORMALS FOR TOMORROW
                         NORMAL
 MAXIMUM TEMPERATURE (F)   79
 MINIMUM TEMPERATURE (F)   57


SUNRISE AND SUNSET
JULY 27 2016..........SUNRISE   541 AM EDT   SUNSET   818 PM EDT
JULY 28 2016..........SUNRISE   542 AM EDT   SUNSET   817 PM EDT


-  INDICATES NEGATIVE NUMBERS.
R  INDICATES RECORD WAS SET OR TIED.
MM INDICATES DATA IS MISSING.
T  INDICATES TRACE AMOUNT.




$$
