000
CDUS41 KALY 250623
CLIPSF


CLIMATE REPORT
NATIONAL WEATHER SERVICE ALBANY NY
222 AM EDT FRI APR 25 2014


...................................

...THE PITTSFIELD MA CLIMATE SUMMARY FOR APRIL 24 2014...

CLIMATE NORMAL PERIOD 1981 TO 2010
CLIMATE RECORD PERIOD 9999 TO 9999


WEATHER ITEM   OBSERVED TIME   NORMAL DEPARTURE LAST
                VALUE   (LST)  VALUE  FROM      YEAR
                                      NORMAL
......................................................
TEMPERATURE (F)
 YESTERDAY
  MAXIMUM         54    312 PM  59     -5       71
  MINIMUM         32    518 AM  37     -5       40
  AVERAGE         43            48     -5       56

PRECIPITATION (IN)
  YESTERDAY        0.00          0.09  -0.09     0.00
  MONTH TO DATE    1.82          3.25  -1.43     2.28
  SINCE MAR 1      4.95          6.62  -1.67     4.07
  SINCE JAN 1     11.33         12.22  -0.89     7.70

DEGREE DAYS
 HEATING
  YESTERDAY       22            17      5        9
  MONTH TO DATE  506           531    -25      547
  SINCE MAR 1   1737          1558    179     1602
  SINCE JUL 1   7289          6938    351     6541

 COOLING
  YESTERDAY        0             0      0        0
  MONTH TO DATE    1             0      1        0
  SINCE MAR 1      1             0      1        0
  SINCE JAN 1      1             0      1        0
......................................................


WIND (MPH)
  HIGHEST WIND SPEED    28   HIGHEST WIND DIRECTION     W (290)
  HIGHEST GUST SPEED    39   HIGHEST GUST DIRECTION     W (280)
  AVERAGE WIND SPEED    14.9


SKY COVER
  AVERAGE SKY COVER 0.0



RELATIVE HUMIDITY (PERCENT)
 HIGHEST    75
 LOWEST     19
 AVERAGE    47

..........................................................


THE PITTSFIELD MA CLIMATE NORMALS FOR TODAY
                         NORMAL
 MAXIMUM TEMPERATURE (F)   59
 MINIMUM TEMPERATURE (F)   37


SUNRISE AND SUNSET
APRIL 25 2014.........SUNRISE   557 AM EDT   SUNSET   746 PM EDT
APRIL 26 2014.........SUNRISE   555 AM EDT   SUNSET   747 PM EDT


-  INDICATES NEGATIVE NUMBERS.
R  INDICATES RECORD WAS SET OR TIED.
MM INDICATES DATA IS MISSING.
T  INDICATES TRACE AMOUNT.




$$
