000
CDUS41 KALY 250625
CLIPSF


CLIMATE REPORT
NATIONAL WEATHER SERVICE ALBANY NY
224 AM EDT TUE JUL 25 2017


...................................

...THE PITTSFIELD MA CLIMATE SUMMARY FOR JULY 24 2017...

CLIMATE NORMAL PERIOD 1981 TO 2010
CLIMATE RECORD PERIOD 9999 TO 9999


WEATHER ITEM   OBSERVED TIME   NORMAL DEPARTURE LAST
                VALUE   (LST)  VALUE  FROM      YEAR
                                      NORMAL
......................................................
TEMPERATURE (F)
 YESTERDAY
  MAXIMUM         66   1201 AM  79    -13       85
  MINIMUM         53   1159 PM  57     -4       55
  AVERAGE         60            68     -8       70

PRECIPITATION (IN)
  YESTERDAY        0.67          0.14   0.53     0.00
  MONTH TO DATE    3.12          3.11   0.01     2.13
  SINCE JUN 1      7.12          7.51  -0.39     4.63
  SINCE JAN 1     25.90         24.55   1.35    18.73

DEGREE DAYS
 HEATING
  YESTERDAY        5             1      4        0
  MONTH TO DATE   10            24    -14       11
  SINCE JUN 1    116           125     -9       87
  SINCE JUL 1     10            24    -14       11

 COOLING
  YESTERDAY        0             4     -4        5
  MONTH TO DATE  105            85     20      111
  SINCE JUN 1    183           141     42      150
  SINCE JAN 1    197           154     43      191
......................................................


WIND (MPH)
  HIGHEST WIND SPEED    16   HIGHEST WIND DIRECTION    NE (40)
  HIGHEST GUST SPEED    20   HIGHEST GUST DIRECTION    NE (60)
  AVERAGE WIND SPEED     7.0


SKY COVER
  AVERAGE SKY COVER 1.0



RELATIVE HUMIDITY (PERCENT)
 HIGHEST    93
 LOWEST     63
 AVERAGE    78

..........................................................


THE PITTSFIELD MA CLIMATE NORMALS FOR TODAY
                         NORMAL
 MAXIMUM TEMPERATURE (F)   79
 MINIMUM TEMPERATURE (F)   57


SUNRISE AND SUNSET
JULY 25 2017..........SUNRISE   539 AM EDT   SUNSET   820 PM EDT
JULY 26 2017..........SUNRISE   540 AM EDT   SUNSET   819 PM EDT


-  INDICATES NEGATIVE NUMBERS.
R  INDICATES RECORD WAS SET OR TIED.
MM INDICATES DATA IS MISSING.
T  INDICATES TRACE AMOUNT.




$$
