749
CDUS41 KALY 300623
CLIPSF


CLIMATE REPORT
NATIONAL WEATHER SERVICE ALBANY NY
222 AM EDT MON MAY 30 2016


...................................

...THE PITTSFIELD MA CLIMATE SUMMARY FOR MAY 29 2016...

CLIMATE NORMAL PERIOD 1981 TO 2010
CLIMATE RECORD PERIOD 9999 TO 9999


WEATHER ITEM   OBSERVED TIME   NORMAL DEPARTURE LAST
                VALUE   (LST)  VALUE  FROM      YEAR
                                      NORMAL
......................................................
TEMPERATURE (F)
 YESTERDAY
  MAXIMUM         85   1210 PM  70     15       80
  MINIMUM         62    523 AM  47     15       50
  AVERAGE         74            59     15       65

PRECIPITATION (IN)
  YESTERDAY        0.02          0.16  -0.14     0.00
  MONTH TO DATE    2.01          3.89  -1.88     1.28
  SINCE MAR 1      6.76         11.12  -4.36     5.75
  SINCE JAN 1     12.13         16.72  -4.59    10.84

DEGREE DAYS
 HEATING
  YESTERDAY        0             7     -7        0
  MONTH TO DATE  313           312      1      166
  SINCE MAR 1   1762          1967   -205     1995
  SINCE JUL 1   6129          7347  -1218     7658

 COOLING
  YESTERDAY        9             1      8        0
  MONTH TO DATE   33             3     30       41
  SINCE MAR 1     33             5     28       41
  SINCE JAN 1     33             5     28       41
......................................................


WIND (MPH)
  HIGHEST WIND SPEED    21   HIGHEST WIND DIRECTION    SE (140)
  HIGHEST GUST SPEED    27   HIGHEST GUST DIRECTION    SE (150)
  AVERAGE WIND SPEED     3.9


SKY COVER
  AVERAGE SKY COVER 0.2



RELATIVE HUMIDITY (PERCENT)
 HIGHEST    93
 LOWEST     55
 AVERAGE    74

..........................................................


THE PITTSFIELD MA CLIMATE NORMALS FOR TODAY
                         NORMAL
 MAXIMUM TEMPERATURE (F)   70
 MINIMUM TEMPERATURE (F)   48


SUNRISE AND SUNSET
MAY 30 2016...........SUNRISE   520 AM EDT   SUNSET   823 PM EDT
MAY 31 2016...........SUNRISE   519 AM EDT   SUNSET   823 PM EDT


-  INDICATES NEGATIVE NUMBERS.
R  INDICATES RECORD WAS SET OR TIED.
MM INDICATES DATA IS MISSING.
T  INDICATES TRACE AMOUNT.




$$
