000
CDUS41 KALY 250624
CLIPSF


CLIMATE REPORT
NATIONAL WEATHER SERVICE ALBANY NY
223 AM EDT MON MAY 25 2015


...................................

...THE PITTSFIELD MA CLIMATE SUMMARY FOR MAY 24 2015...

CLIMATE NORMAL PERIOD 1981 TO 2010
CLIMATE RECORD PERIOD 9999 TO 9999


WEATHER ITEM   OBSERVED TIME   NORMAL DEPARTURE LAST
                VALUE   (LST)  VALUE  FROM      YEAR
                                      NORMAL
......................................................
TEMPERATURE (F)
 YESTERDAY
  MAXIMUM         77    139 PM  69      8       65
  MINIMUM         33    413 AM  46    -13       51
  AVERAGE         55            57     -2       58

PRECIPITATION (IN)
  YESTERDAY        0.00          0.17  -0.17     0.00
  MONTH TO DATE    0.25          3.06  -2.81     0.92
  SINCE MAR 1      4.72         10.29  -5.57     7.49
  SINCE JAN 1      9.81         15.89  -6.08    13.87

DEGREE DAYS
 HEATING
  YESTERDAY       10             8      2        7
  MONTH TO DATE  166           275   -109      213
  SINCE MAR 1   1995          1930     65     2077
  SINCE JUL 1   7658          7310    348     7629

 COOLING
  YESTERDAY        0             0      0        0
  MONTH TO DATE   20             0     20        3
  SINCE MAR 1     20             2     18        4
  SINCE JAN 1     20             2     18        4
......................................................


WIND (MPH)
  HIGHEST WIND SPEED    18   HIGHEST WIND DIRECTION     W (280)
  HIGHEST GUST SPEED    26   HIGHEST GUST DIRECTION     W (290)
  AVERAGE WIND SPEED     4.9


SKY COVER
  AVERAGE SKY COVER 0.0



RELATIVE HUMIDITY (PERCENT)
 HIGHEST    92
 LOWEST     25
 AVERAGE    59

..........................................................


THE PITTSFIELD MA CLIMATE NORMALS FOR TODAY
                         NORMAL
 MAXIMUM TEMPERATURE (F)   69
 MINIMUM TEMPERATURE (F)   46


SUNRISE AND SUNSET
MAY 25 2015...........SUNRISE   523 AM EDT   SUNSET   818 PM EDT
MAY 26 2015...........SUNRISE   522 AM EDT   SUNSET   819 PM EDT


-  INDICATES NEGATIVE NUMBERS.
R  INDICATES RECORD WAS SET OR TIED.
MM INDICATES DATA IS MISSING.
T  INDICATES TRACE AMOUNT.




$$
