000
CDUS41 KALY 180622
CLIPSF


CLIMATE REPORT
NATIONAL WEATHER SERVICE ALBANY NY
222 AM EDT TUE JUL 18 2017


...................................

...THE PITTSFIELD MA CLIMATE SUMMARY FOR JULY 17 2017...

CLIMATE NORMAL PERIOD 1981 TO 2010
CLIMATE RECORD PERIOD 9999 TO 9999


WEATHER ITEM   OBSERVED TIME   NORMAL DEPARTURE LAST
                VALUE   (LST)  VALUE  FROM      YEAR
                                      NORMAL
......................................................
TEMPERATURE (F)
 YESTERDAY
  MAXIMUM         83   1248 PM  79      4       82
  MINIMUM         59    433 AM  57      2       63
  AVERAGE         71            68      3       73

PRECIPITATION (IN)
  YESTERDAY        0.46          0.12   0.34     0.03
  MONTH TO DATE    2.44          2.08   0.36     2.13
  SINCE JUN 1      6.44          6.48  -0.04     4.63
  SINCE JAN 1     25.22         23.52   1.70    18.73

DEGREE DAYS
 HEATING
  YESTERDAY        0             1     -1        0
  MONTH TO DATE    5            17    -12        7
  SINCE JUN 1    111           118     -7       83
  SINCE JUL 1      5            17    -12        7

 COOLING
  YESTERDAY        6             3      3        8
  MONTH TO DATE   64            59      5       75
  SINCE JUN 1    142           115     27      114
  SINCE JAN 1    156           128     28      155
......................................................


WIND (MPH)
  HIGHEST WIND SPEED    15   HIGHEST WIND DIRECTION     W (260)
  HIGHEST GUST SPEED    21   HIGHEST GUST DIRECTION    NW (310)
  AVERAGE WIND SPEED     4.7


SKY COVER
  AVERAGE SKY COVER 0.2



RELATIVE HUMIDITY (PERCENT)
 HIGHEST    97
 LOWEST     51
 AVERAGE    74

..........................................................


THE PITTSFIELD MA CLIMATE NORMALS FOR TODAY
                         NORMAL
 MAXIMUM TEMPERATURE (F)   79
 MINIMUM TEMPERATURE (F)   57


SUNRISE AND SUNSET
JULY 18 2017..........SUNRISE   532 AM EDT   SUNSET   826 PM EDT
JULY 19 2017..........SUNRISE   533 AM EDT   SUNSET   825 PM EDT


-  INDICATES NEGATIVE NUMBERS.
R  INDICATES RECORD WAS SET OR TIED.
MM INDICATES DATA IS MISSING.
T  INDICATES TRACE AMOUNT.




$$
