000
CDUS41 KALY 300623
CLIPSF


CLIMATE REPORT
NATIONAL WEATHER SERVICE ALBANY NY
223 AM EDT WED JUL 30 2014


...................................

...THE PITTSFIELD MA CLIMATE SUMMARY FOR JULY 29 2014...

CLIMATE NORMAL PERIOD 1981 TO 2010
CLIMATE RECORD PERIOD 9999 TO 9999


WEATHER ITEM   OBSERVED TIME   NORMAL DEPARTURE LAST
                VALUE   (LST)  VALUE  FROM      YEAR
                                      NORMAL
......................................................
TEMPERATURE (F)
 YESTERDAY
  MAXIMUM         69    355 PM  79    -10       79
  MINIMUM         54   1149 PM  57     -3       58
  AVERAGE         62            68     -6       69

PRECIPITATION (IN)
  YESTERDAY        T             0.17  -0.17     0.00
  MONTH TO DATE    9.22          3.89   5.33     1.31
  SINCE JUN 1     14.57          8.29   6.28     8.68
  SINCE JAN 1     28.57         25.33   3.24    23.27

DEGREE DAYS
 HEATING
  YESTERDAY        3             1      2        0
  MONTH TO DATE   14            29    -15        7
  SINCE JUN 1     72           130    -58      115
  SINCE JUL 1     14            29    -15        7

 COOLING
  YESTERDAY        0             4     -4        4
  MONTH TO DATE  114           105      9      225
  SINCE JUN 1    157           161     -4      311
  SINCE JAN 1    163           174    -11      336
......................................................


WIND (MPH)
  HIGHEST WIND SPEED    17   HIGHEST WIND DIRECTION     W (280)
  HIGHEST GUST SPEED    22   HIGHEST GUST DIRECTION     W (280)
  AVERAGE WIND SPEED     8.4


SKY COVER
  AVERAGE SKY COVER 0.5



RELATIVE HUMIDITY (PERCENT)
 HIGHEST   100
 LOWEST     51
 AVERAGE    76

..........................................................


THE PITTSFIELD MA CLIMATE NORMALS FOR TODAY
                         NORMAL
 MAXIMUM TEMPERATURE (F)   79
 MINIMUM TEMPERATURE (F)   57


SUNRISE AND SUNSET
JULY 30 2014..........SUNRISE   543 AM EDT   SUNSET   815 PM EDT
JULY 31 2014..........SUNRISE   544 AM EDT   SUNSET   814 PM EDT


-  INDICATES NEGATIVE NUMBERS.
R  INDICATES RECORD WAS SET OR TIED.
MM INDICATES DATA IS MISSING.
T  INDICATES TRACE AMOUNT.




$$
