000
CDUS41 KALY 030626
CLIPSF


CLIMATE REPORT
NATIONAL WEATHER SERVICE ALBANY NY
226 AM EDT FRI JUL 3 2015


...................................

...THE PITTSFIELD MA CLIMATE SUMMARY FOR JULY 2 2015...

CLIMATE NORMAL PERIOD 1981 TO 2010
CLIMATE RECORD PERIOD 9999 TO 9999


WEATHER ITEM   OBSERVED TIME   NORMAL DEPARTURE LAST
                VALUE   (LST)  VALUE  FROM      YEAR
                                      NORMAL
......................................................
TEMPERATURE (F)
 YESTERDAY
  MAXIMUM         73    322 PM  78     -5       88
  MINIMUM         57    312 AM  56      1       66
  AVERAGE         65            67     -2       77

PRECIPITATION (IN)
  YESTERDAY        0.00          0.11  -0.11     0.63
  MONTH TO DATE    2.03          0.22   1.81     0.63
  SINCE JUN 1     10.16          4.62   5.54     5.98
  SINCE JAN 1     21.30         21.66  -0.36    19.98

DEGREE DAYS
 HEATING
  YESTERDAY        0             1     -1        0
  MONTH TO DATE    0             2     -2        0
  SINCE JUN 1    111           103      8       58
  SINCE JUL 1      0             2     -2        0

 COOLING
  YESTERDAY        0             3     -3       12
  MONTH TO DATE    2             6     -4       21
  SINCE JUN 1     35            62    -27       64
  SINCE JAN 1     79            75      4       70
......................................................


WIND (MPH)
  HIGHEST WIND SPEED    17   HIGHEST WIND DIRECTION     W (270)
  HIGHEST GUST SPEED    21   HIGHEST GUST DIRECTION     W (280)
  AVERAGE WIND SPEED     6.3


SKY COVER
  AVERAGE SKY COVER 0.4



RELATIVE HUMIDITY (PERCENT)
 HIGHEST    93
 LOWEST     53
 AVERAGE    73

..........................................................


THE PITTSFIELD MA CLIMATE NORMALS FOR TODAY
                         NORMAL
 MAXIMUM TEMPERATURE (F)   78
 MINIMUM TEMPERATURE (F)   56


SUNRISE AND SUNSET
JULY  3 2015..........SUNRISE   521 AM EDT   SUNSET   834 PM EDT
JULY  4 2015..........SUNRISE   521 AM EDT   SUNSET   833 PM EDT


-  INDICATES NEGATIVE NUMBERS.
R  INDICATES RECORD WAS SET OR TIED.
MM INDICATES DATA IS MISSING.
T  INDICATES TRACE AMOUNT.




$$
