000
CDUS41 KALY 250623
CLIPSF


CLIMATE REPORT
NATIONAL WEATHER SERVICE ALBANY NY
223 AM EDT TUE APR 25 2017


...................................

...THE PITTSFIELD MA CLIMATE SUMMARY FOR APRIL 24 2017...

CLIMATE NORMAL PERIOD 1981 TO 2010
CLIMATE RECORD PERIOD 9999 TO 9999


WEATHER ITEM   OBSERVED TIME   NORMAL DEPARTURE LAST
                VALUE   (LST)  VALUE  FROM      YEAR
                                      NORMAL
......................................................
TEMPERATURE (F)
 YESTERDAY
  MAXIMUM         72    359 PM  59     13       56
  MINIMUM         34    514 AM  37     -3       32
  AVERAGE         53            48      5       44

PRECIPITATION (IN)
  YESTERDAY        0.00          0.09  -0.09     0.00
  MONTH TO DATE    2.90          3.25  -0.35     2.14
  SINCE MAR 1      6.01          6.62  -0.61     4.40
  SINCE JAN 1     11.59         12.22  -0.63     9.77

DEGREE DAYS
 HEATING
  YESTERDAY       12            17     -5       21
  MONTH TO DATE  426           531   -105      540
  SINCE MAR 1   1557          1558     -1     1337
  SINCE JUL 1   6259          6938   -679     5704

 COOLING
  YESTERDAY        0             0      0        0
  MONTH TO DATE    1             0      1        0
  SINCE MAR 1      1             0      1        0
  SINCE JAN 1      1             0      1        0
......................................................


WIND (MPH)
  HIGHEST WIND SPEED    15   HIGHEST WIND DIRECTION     S (160)
  HIGHEST GUST SPEED    21   HIGHEST GUST DIRECTION    SE (150)
  AVERAGE WIND SPEED     2.8


SKY COVER
  AVERAGE SKY COVER 0.0



RELATIVE HUMIDITY (PERCENT)
 HIGHEST   100
 LOWEST     20
 AVERAGE    60

..........................................................


THE PITTSFIELD MA CLIMATE NORMALS FOR TODAY
                         NORMAL
 MAXIMUM TEMPERATURE (F)   59
 MINIMUM TEMPERATURE (F)   37


SUNRISE AND SUNSET
APRIL 25 2017.........SUNRISE   556 AM EDT   SUNSET   746 PM EDT
APRIL 26 2017.........SUNRISE   555 AM EDT   SUNSET   748 PM EDT


-  INDICATES NEGATIVE NUMBERS.
R  INDICATES RECORD WAS SET OR TIED.
MM INDICATES DATA IS MISSING.
T  INDICATES TRACE AMOUNT.




$$
