000
CDUS41 KALY 100628
CLIPSF


CLIMATE REPORT
NATIONAL WEATHER SERVICE ALBANY NY
128 AM EST WED FEB 10 2016


...................................

...THE PITTSFIELD MA CLIMATE SUMMARY FOR FEBRUARY 9 2016...

CLIMATE NORMAL PERIOD 1981 TO 2010
CLIMATE RECORD PERIOD 9999 TO 9999


WEATHER ITEM   OBSERVED TIME   NORMAL DEPARTURE LAST
                VALUE   (LST)  VALUE  FROM      YEAR
                                      NORMAL
......................................................
TEMPERATURE (F)
 YESTERDAY
  MAXIMUM         29    505 PM  31     -2       19
  MINIMUM         17    733 AM  14      3       15
  AVERAGE         23            22      1       17

PRECIPITATION (IN)
  YESTERDAY        T             0.10  -0.10     0.09
  MONTH TO DATE    0.88          0.77   0.11     0.92
  SINCE DEC 1      5.65          6.69  -1.04     8.03
  SINCE JAN 1      1.97          3.69  -1.72     4.28

DEGREE DAYS
 HEATING
  YESTERDAY       42            43     -1       48
  MONTH TO DATE  289           391   -102      462
  SINCE DEC 1   2263          2965   -702     3004
  SINCE JUL 1   3636          4616   -980     4626

 COOLING
  YESTERDAY        0             0      0        0
  MONTH TO DATE    0             0      0        0
  SINCE DEC 1      0             0      0        0
  SINCE JAN 1      0             0      0        0
......................................................


WIND (MPH)
  HIGHEST WIND SPEED    10   HIGHEST WIND DIRECTION    SE (140)
  HIGHEST GUST SPEED    13   HIGHEST GUST DIRECTION    SE (150)
  AVERAGE WIND SPEED     3.0


SKY COVER
  AVERAGE SKY COVER 1.0



RELATIVE HUMIDITY (PERCENT)
 HIGHEST    91
 LOWEST     63
 AVERAGE    77

..........................................................


THE PITTSFIELD MA CLIMATE NORMALS FOR TODAY
                         NORMAL
 MAXIMUM TEMPERATURE (F)   31
 MINIMUM TEMPERATURE (F)   14


SUNRISE AND SUNSET
FEBRUARY 10 2016......SUNRISE   657 AM EST   SUNSET   518 PM EST
FEBRUARY 11 2016......SUNRISE   656 AM EST   SUNSET   520 PM EST


-  INDICATES NEGATIVE NUMBERS.
R  INDICATES RECORD WAS SET OR TIED.
MM INDICATES DATA IS MISSING.
T  INDICATES TRACE AMOUNT.




$$
