000
CDUS41 KALY 260644
CLIPSF


CLIMATE REPORT
NATIONAL WEATHER SERVICE ALBANY NY
241 AM EDT WED AUG 26 2015


...................................

...THE PITTSFIELD MA CLIMATE SUMMARY FOR AUGUST 25 2015...

CLIMATE NORMAL PERIOD 1981 TO 2010
CLIMATE RECORD PERIOD 9999 TO 9999


WEATHER ITEM   OBSERVED TIME   NORMAL DEPARTURE LAST
                VALUE   (LST)  VALUE  FROM      YEAR
                                      NORMAL
......................................................
TEMPERATURE (F)
 YESTERDAY
  MAXIMUM         81    236 PM  76      5       82
  MINIMUM         61   1146 PM  55      6       51
  AVERAGE         71            66      5       67

PRECIPITATION (IN)
  YESTERDAY        0.63          0.13   0.50     0.00
  MONTH TO DATE    2.97          3.37  -0.40     2.33
  SINCE JUN 1     16.10         12.02   4.08    16.91
  SINCE JAN 1     27.24         29.06  -1.82    30.91

DEGREE DAYS
 HEATING
  YESTERDAY        0             2     -2        0
  MONTH TO DATE    1            29    -28       42
  SINCE JUN 1    131           161    -30      118
  SINCE JUL 1     20            60    -40       60

 COOLING
  YESTERDAY        6             2      4        2
  MONTH TO DATE  101            84     17       22
  SINCE JUN 1    255           248      7      179
  SINCE JAN 1    299           261     38      185
......................................................


WIND (MPH)
  HIGHEST WIND SPEED    13   HIGHEST WIND DIRECTION    SW (230)
  HIGHEST GUST SPEED    19   HIGHEST GUST DIRECTION     S (200)
  AVERAGE WIND SPEED     4.7


SKY COVER
  AVERAGE SKY COVER 0.6



RELATIVE HUMIDITY (PERCENT)
 HIGHEST    93
 LOWEST     45
 AVERAGE    69

..........................................................


THE PITTSFIELD MA CLIMATE NORMALS FOR TODAY
                         NORMAL
 MAXIMUM TEMPERATURE (F)   76
 MINIMUM TEMPERATURE (F)   55


SUNRISE AND SUNSET
AUGUST 26 2015........SUNRISE   612 AM EDT   SUNSET   738 PM EDT
AUGUST 27 2015........SUNRISE   613 AM EDT   SUNSET   736 PM EDT


-  INDICATES NEGATIVE NUMBERS.
R  INDICATES RECORD WAS SET OR TIED.
MM INDICATES DATA IS MISSING.
T  INDICATES TRACE AMOUNT.




$$
