000
CDUS41 KALY 090647
CLIPSF


CLIMATE REPORT
NATIONAL WEATHER SERVICE ALBANY NY
246 AM EDT WED JUL 9 2014


...................................

...THE PITTSFIELD MA CLIMATE SUMMARY FOR JULY 8 2014...

CLIMATE NORMAL PERIOD 1981 TO 2010
CLIMATE RECORD PERIOD 9999 TO 9999


WEATHER ITEM   OBSERVED TIME   NORMAL DEPARTURE LAST
                VALUE   (LST)  VALUE  FROM      YEAR
                                      NORMAL
......................................................
TEMPERATURE (F)
 YESTERDAY
  MAXIMUM         83    346 PM  78      5       81
  MINIMUM         64    459 AM  56      8       69
  AVERAGE         74            67      7       75

PRECIPITATION (IN)
  YESTERDAY        0.19          0.11   0.08     0.00
  MONTH TO DATE    2.51          0.90   1.61     0.24
  SINCE JUN 1      7.86          5.30   2.56     7.61
  SINCE JAN 1     21.86         22.34  -0.48    22.20

DEGREE DAYS
 HEATING
  YESTERDAY        0             1     -1        0
  MONTH TO DATE    3             8     -5        0
  SINCE JUN 1     61           109    -48      108
  SINCE JUL 1      3             8     -5        0

 COOLING
  YESTERDAY        9             4      5       10
  MONTH TO DATE   50            25     25       86
  SINCE JUN 1     93            81     12      172
  SINCE JAN 1     99            94      5      197
......................................................


WIND (MPH)
  HIGHEST WIND SPEED    24   HIGHEST WIND DIRECTION    SW (230)
  HIGHEST GUST SPEED    35   HIGHEST GUST DIRECTION     S (170)
  AVERAGE WIND SPEED     8.8


SKY COVER
  AVERAGE SKY COVER 0.1



RELATIVE HUMIDITY (PERCENT)
 HIGHEST    93
 LOWEST     58
 AVERAGE    76

..........................................................


THE PITTSFIELD MA CLIMATE NORMALS FOR TODAY
                         NORMAL
 MAXIMUM TEMPERATURE (F)   79
 MINIMUM TEMPERATURE (F)   56


SUNRISE AND SUNSET
JULY  9 2014..........SUNRISE   525 AM EDT   SUNSET   832 PM EDT
JULY 10 2014..........SUNRISE   526 AM EDT   SUNSET   831 PM EDT


-  INDICATES NEGATIVE NUMBERS.
R  INDICATES RECORD WAS SET OR TIED.
MM INDICATES DATA IS MISSING.
T  INDICATES TRACE AMOUNT.




$$
