000
CDUS41 KALY 140631
CLIPSF


CLIMATE REPORT
NATIONAL WEATHER SERVICE ALBANY NY
231 AM EDT MON AUG 14 2017


...................................

...THE PITTSFIELD MA CLIMATE SUMMARY FOR AUGUST 13 2017...

CLIMATE NORMAL PERIOD 1981 TO 2010
CLIMATE RECORD PERIOD 9999 TO 9999


WEATHER ITEM   OBSERVED TIME   NORMAL DEPARTURE LAST
                VALUE   (LST)  VALUE  FROM      YEAR
                                      NORMAL
......................................................
TEMPERATURE (F)
 YESTERDAY
  MAXIMUM         76    418 PM  78     -2       90
  MINIMUM         57   1151 PM  57      0       68
  AVERAGE         67            67      0       79

PRECIPITATION (IN)
  YESTERDAY        0.00          0.11  -0.11     0.19
  MONTH TO DATE    2.43          1.79   0.64     1.56
  SINCE JUN 1      9.85         10.44  -0.59     8.21
  SINCE JAN 1     28.63         27.48   1.15    22.31

DEGREE DAYS
 HEATING
  YESTERDAY        0             1     -1        0
  MONTH TO DATE    9            13     -4        0
  SINCE JUN 1    138           145     -7       87
  SINCE JUL 1     32            44    -12       11

 COOLING
  YESTERDAY        2             3     -1       14
  MONTH TO DATE   41            51    -10       71
  SINCE JUN 1    229           215     14      265
  SINCE JAN 1    243           228     15      306
......................................................


WIND (MPH)
  HIGHEST WIND SPEED    17   HIGHEST WIND DIRECTION     W (290)
  HIGHEST GUST SPEED    23   HIGHEST GUST DIRECTION     W (280)
  AVERAGE WIND SPEED     4.9


SKY COVER
  AVERAGE SKY COVER 0.5



RELATIVE HUMIDITY (PERCENT)
 HIGHEST    97
 LOWEST     54
 AVERAGE    76

..........................................................


THE PITTSFIELD MA CLIMATE NORMALS FOR TODAY
                         NORMAL
 MAXIMUM TEMPERATURE (F)   78
 MINIMUM TEMPERATURE (F)   56


SUNRISE AND SUNSET
AUGUST 14 2017........SUNRISE   559 AM EDT   SUNSET   755 PM EDT
AUGUST 15 2017........SUNRISE   600 AM EDT   SUNSET   754 PM EDT


-  INDICATES NEGATIVE NUMBERS.
R  INDICATES RECORD WAS SET OR TIED.
MM INDICATES DATA IS MISSING.
T  INDICATES TRACE AMOUNT.




$$
