000
CDUS41 KALY 270623
CLIPSF


CLIMATE REPORT
NATIONAL WEATHER SERVICE ALBANY NY
222 AM EDT MON MAR 27 2017


...................................

...THE PITTSFIELD MA CLIMATE SUMMARY FOR MARCH 26 2017...

CLIMATE NORMAL PERIOD 1981 TO 2010
CLIMATE RECORD PERIOD 9999 TO 9999


WEATHER ITEM   OBSERVED TIME   NORMAL DEPARTURE LAST
                VALUE   (LST)  VALUE  FROM      YEAR
                                      NORMAL
......................................................
TEMPERATURE (F)
 YESTERDAY
  MAXIMUM         34   1107 PM  46    -12       52
  MINIMUM         26    458 AM  25      1       30
  AVERAGE         30            35     -5       41

PRECIPITATION (IN)
  YESTERDAY        0.02          0.14  -0.12     0.00
  MONTH TO DATE    1.30          2.68  -1.38     1.83
  SINCE MAR 1      1.30          2.68  -1.38     1.83
  SINCE JAN 1      6.88          8.28  -1.40     7.20

DEGREE DAYS
 HEATING
  YESTERDAY       35            30      5       24
  MONTH TO DATE  991           885    106      687
  SINCE MAR 1    991           885    106      687
  SINCE JUL 1   5693          6265   -572     5054

 COOLING
  YESTERDAY        0             0      0        0
  MONTH TO DATE    0             0      0        0
  SINCE MAR 1      0             0      0        0
  SINCE JAN 1      0             0      0        0
......................................................


WIND (MPH)
  HIGHEST WIND SPEED    14   HIGHEST WIND DIRECTION     E (110)
  HIGHEST GUST SPEED    19   HIGHEST GUST DIRECTION    SE (120)
  AVERAGE WIND SPEED     5.6


SKY COVER
  AVERAGE SKY COVER 0.8



RELATIVE HUMIDITY (PERCENT)
 HIGHEST   100
 LOWEST     61
 AVERAGE    81

..........................................................


THE PITTSFIELD MA CLIMATE NORMALS FOR TODAY
                         NORMAL
 MAXIMUM TEMPERATURE (F)   46
 MINIMUM TEMPERATURE (F)   26


SUNRISE AND SUNSET
MARCH 27 2017.........SUNRISE   644 AM EDT   SUNSET   714 PM EDT
MARCH 28 2017.........SUNRISE   642 AM EDT   SUNSET   715 PM EDT


-  INDICATES NEGATIVE NUMBERS.
R  INDICATES RECORD WAS SET OR TIED.
MM INDICATES DATA IS MISSING.
T  INDICATES TRACE AMOUNT.




$$
