000
CDUS41 KALY 240624
CLIPSF


CLIMATE REPORT
NATIONAL WEATHER SERVICE ALBANY NY
223 AM EDT FRI OCT 24 2014


...................................

...THE PITTSFIELD MA CLIMATE SUMMARY FOR OCTOBER 23 2014...

CLIMATE NORMAL PERIOD 1981 TO 2010
CLIMATE RECORD PERIOD 9999 TO 9999


WEATHER ITEM   OBSERVED TIME   NORMAL DEPARTURE LAST
                VALUE   (LST)  VALUE  FROM      YEAR
                                      NORMAL
......................................................
TEMPERATURE (F)
 YESTERDAY
  MAXIMUM         48    328 AM  56     -8       50
  MINIMUM         43   1159 PM  35      8       32
  AVERAGE         46            45      1       41

PRECIPITATION (IN)
  YESTERDAY        1.47          0.13   1.34      T
  MONTH TO DATE    4.76          3.82   0.94     1.22
  SINCE SEP 1      6.17          7.78  -1.61     4.91
  SINCE JAN 1     37.09         37.56  -0.47    33.01

DEGREE DAYS
 HEATING
  YESTERDAY       19            20     -1       24
  MONTH TO DATE  296           375    -79      262
  SINCE SEP 1    500           589    -89      515
  SINCE JUL 1    573           667    -94      571

 COOLING
  YESTERDAY        0             0      0        0
  MONTH TO DATE    5             0      5        0
  SINCE SEP 1     39            19     20       33
  SINCE JAN 1    238           289    -51      433
......................................................


WIND (MPH)
  HIGHEST WIND SPEED    14   HIGHEST WIND DIRECTION    NW (310)
  HIGHEST GUST SPEED    18   HIGHEST GUST DIRECTION    NE (30)
  AVERAGE WIND SPEED     7.8


SKY COVER
  AVERAGE SKY COVER 1.0



RELATIVE HUMIDITY (PERCENT)
 HIGHEST   100
 LOWEST     92
 AVERAGE    96

..........................................................


THE PITTSFIELD MA CLIMATE NORMALS FOR TODAY
                         NORMAL
 MAXIMUM TEMPERATURE (F)   55
 MINIMUM TEMPERATURE (F)   35


SUNRISE AND SUNSET
OCTOBER 24 2014.......SUNRISE   717 AM EDT   SUNSET   557 PM EDT
OCTOBER 25 2014.......SUNRISE   718 AM EDT   SUNSET   556 PM EDT


-  INDICATES NEGATIVE NUMBERS.
R  INDICATES RECORD WAS SET OR TIED.
MM INDICATES DATA IS MISSING.
T  INDICATES TRACE AMOUNT.




$$
