000
CDUS41 KALY 160624
CLIPSF


CLIMATE REPORT
NATIONAL WEATHER SERVICE ALBANY NY
223 AM EDT SAT SEP 16 2017


...................................

...THE PITTSFIELD MA CLIMATE SUMMARY FOR SEPTEMBER 15 2017...

CLIMATE NORMAL PERIOD 1981 TO 2010
CLIMATE RECORD PERIOD 9999 TO 9999


WEATHER ITEM   OBSERVED TIME   NORMAL DEPARTURE LAST
                VALUE   (LST)  VALUE  FROM      YEAR
                                      NORMAL
......................................................
TEMPERATURE (F)
 YESTERDAY
  MAXIMUM         77    210 PM  70      7       69
  MINIMUM         62    116 AM  48     14       42
  AVERAGE         70            59     11       56

PRECIPITATION (IN)
  YESTERDAY        0.10          0.14  -0.04     0.00
  MONTH TO DATE    2.48          1.77   0.71     0.28
  SINCE SEP 1      2.48          1.77   0.71     0.28
  SINCE JAN 1     33.27         31.55   1.72    23.65

DEGREE DAYS
 HEATING
  YESTERDAY        0             7     -7        9
  MONTH TO DATE   97            70     27       27
  SINCE SEP 1     97            70     27       27
  SINCE JUL 1    183           148     35       51

 COOLING
  YESTERDAY        5             0      5        0
  MONTH TO DATE   14            16     -2       38
  SINCE SEP 1     14            16     -2       38
  SINCE JAN 1    284           286     -2      419
......................................................


WIND (MPH)
  HIGHEST WIND SPEED    12   HIGHEST WIND DIRECTION    SE (140)
  HIGHEST GUST SPEED    15   HIGHEST GUST DIRECTION    SE (140)
  AVERAGE WIND SPEED     1.6


SKY COVER
  AVERAGE SKY COVER 0.7



RELATIVE HUMIDITY (PERCENT)
 HIGHEST   100
 LOWEST     64
 AVERAGE    82

..........................................................


THE PITTSFIELD MA CLIMATE NORMALS FOR TODAY
                         NORMAL
 MAXIMUM TEMPERATURE (F)   69
 MINIMUM TEMPERATURE (F)   48


SUNRISE AND SUNSET
SEPTEMBER 16 2017.....SUNRISE   634 AM EDT   SUNSET   701 PM EDT
SEPTEMBER 17 2017.....SUNRISE   635 AM EDT   SUNSET   659 PM EDT


-  INDICATES NEGATIVE NUMBERS.
R  INDICATES RECORD WAS SET OR TIED.
MM INDICATES DATA IS MISSING.
T  INDICATES TRACE AMOUNT.




$$
