000
CDUS41 KALY 122057
CLIPSF


CLIMATE REPORT
NATIONAL WEATHER SERVICE ALBANY NY
456 PM EDT WED JUL 12 2017


...................................

...THE PITTSFIELD MA CLIMATE SUMMARY FOR JULY 12 2017...
VALID TODAY AS OF 0400 PM LOCAL TIME.

CLIMATE NORMAL PERIOD 1981 TO 2010
CLIMATE RECORD PERIOD 9999 TO 9999


WEATHER ITEM   OBSERVED TIME   NORMAL DEPARTURE LAST
                VALUE   (LST)  VALUE  FROM      YEAR
                                      NORMAL
......................................................
TEMPERATURE (F)
 TODAY
  MAXIMUM         83    116 PM  79      4       80
  MINIMUM         62    334 AM  56      6       52
  AVERAGE         73            68      5       66

PRECIPITATION (IN)
  TODAY            0.19          0.13   0.06     0.00
  MONTH TO DATE    1.85          1.42   0.43     1.94
  SINCE JUN 1      5.85          5.82   0.03     4.44
  SINCE JAN 1     24.63         22.86   1.77    18.54

DEGREE DAYS
 HEATING
  TODAY            0             1     -1        0
  MONTH TO DATE    0            12    -12        7
  SINCE JUN 1    106           113     -7       83
  SINCE JUL 1      0            12    -12        7

 COOLING
  TODAY            8             4      4        1
  MONTH TO DATE   44            41      3       36
  SINCE JUN 1    122            97     25       75
  SINCE JAN 1    136           110     26      116
......................................................


WIND (MPH)
  HIGHEST WIND SPEED    23   HIGHEST WIND DIRECTION     W (270)
  HIGHEST GUST SPEED    30   HIGHEST GUST DIRECTION     W (280)
  AVERAGE WIND SPEED     1.1


SKY COVER
  AVERAGE SKY COVER 0.6



RELATIVE HUMIDITY (PERCENT)
 HIGHEST   100
 LOWEST     67
 AVERAGE    84

..........................................................


THE PITTSFIELD MA CLIMATE NORMALS FOR TOMORROW
                         NORMAL
 MAXIMUM TEMPERATURE (F)   79
 MINIMUM TEMPERATURE (F)   56


SUNRISE AND SUNSET
JULY 12 2017..........SUNRISE   527 AM EDT   SUNSET   830 PM EDT
JULY 13 2017..........SUNRISE   528 AM EDT   SUNSET   829 PM EDT


-  INDICATES NEGATIVE NUMBERS.
R  INDICATES RECORD WAS SET OR TIED.
MM INDICATES DATA IS MISSING.
T  INDICATES TRACE AMOUNT.




$$
