000
CDUS41 KALY 260622
CLIPSF


CLIMATE REPORT
NATIONAL WEATHER SERVICE ALBANY NY
221 AM EDT SAT JUL 26 2014


...................................

...THE PITTSFIELD MA CLIMATE SUMMARY FOR JULY 25 2014...

CLIMATE NORMAL PERIOD 1981 TO 2010
CLIMATE RECORD PERIOD 9999 TO 9999


WEATHER ITEM   OBSERVED TIME   NORMAL DEPARTURE LAST
                VALUE   (LST)  VALUE  FROM      YEAR
                                      NORMAL
......................................................
TEMPERATURE (F)
 YESTERDAY
  MAXIMUM         75    420 PM  79     -4       71
  MINIMUM         51    442 AM  57     -6       47
  AVERAGE         63            68     -5       59

PRECIPITATION (IN)
  YESTERDAY        0.00          0.15  -0.15     0.00
  MONTH TO DATE    6.10          3.26   2.84     1.18
  SINCE JUN 1     11.45          7.66   3.79     8.55
  SINCE JAN 1     25.45         24.70   0.75    23.14

DEGREE DAYS
 HEATING
  YESTERDAY        2             1      1        6
  MONTH TO DATE   11            25    -14        7
  SINCE JUN 1     69           126    -57      115
  SINCE JUL 1     11            25    -14        7

 COOLING
  YESTERDAY        0             4     -4        0
  MONTH TO DATE  105            89     16      220
  SINCE JUN 1    148           145      3      306
  SINCE JAN 1    154           158     -4      331
......................................................


WIND (MPH)
  HIGHEST WIND SPEED    14   HIGHEST WIND DIRECTION     W (290)
  HIGHEST GUST SPEED    20   HIGHEST GUST DIRECTION    NW (300)
  AVERAGE WIND SPEED     3.1


SKY COVER
  AVERAGE SKY COVER 0.2



RELATIVE HUMIDITY (PERCENT)
 HIGHEST   100
 LOWEST     53
 AVERAGE    77

..........................................................


THE PITTSFIELD MA CLIMATE NORMALS FOR TODAY
                         NORMAL
 MAXIMUM TEMPERATURE (F)   79
 MINIMUM TEMPERATURE (F)   57


SUNRISE AND SUNSET
JULY 26 2014..........SUNRISE   539 AM EDT   SUNSET   819 PM EDT
JULY 27 2014..........SUNRISE   540 AM EDT   SUNSET   818 PM EDT


-  INDICATES NEGATIVE NUMBERS.
R  INDICATES RECORD WAS SET OR TIED.
MM INDICATES DATA IS MISSING.
T  INDICATES TRACE AMOUNT.




$$
