000
CDUS41 KALY 250622
CLIPSF


CLIMATE REPORT
NATIONAL WEATHER SERVICE ALBANY NY
222 AM EDT THU AUG 25 2016


...................................

...THE PITTSFIELD MA CLIMATE SUMMARY FOR AUGUST 24 2016...

CLIMATE NORMAL PERIOD 1981 TO 2010
CLIMATE RECORD PERIOD 9999 TO 9999


WEATHER ITEM   OBSERVED TIME   NORMAL DEPARTURE LAST
                VALUE   (LST)  VALUE  FROM      YEAR
                                      NORMAL
......................................................
TEMPERATURE (F)
 YESTERDAY
  MAXIMUM         80    428 PM  76      4       80
  MINIMUM         51    525 AM  55     -4       60
  AVERAGE         66            66      0       70

PRECIPITATION (IN)
  YESTERDAY        0.00          0.13  -0.13     0.00
  MONTH TO DATE    2.61          3.24  -0.63     2.34
  SINCE JUN 1      9.26         11.89  -2.63    15.47
  SINCE JAN 1     23.36         28.93  -5.57    26.61

DEGREE DAYS
 HEATING
  YESTERDAY        0             2     -2        0
  MONTH TO DATE   11            27    -16        1
  SINCE JUN 1     98           159    -61      131
  SINCE JUL 1     22            58    -36       20

 COOLING
  YESTERDAY        1             2     -1        5
  MONTH TO DATE  120            82     38       95
  SINCE JUN 1    314           246     68      249
  SINCE JAN 1    355           259     96      293
......................................................


WIND (MPH)
  HIGHEST WIND SPEED    12   HIGHEST WIND DIRECTION     S (180)
  HIGHEST GUST SPEED    17   HIGHEST GUST DIRECTION     S (170)
  AVERAGE WIND SPEED     3.0


SKY COVER
  AVERAGE SKY COVER 0.2



RELATIVE HUMIDITY (PERCENT)
 HIGHEST   100
 LOWEST     42
 AVERAGE    71

..........................................................


THE PITTSFIELD MA CLIMATE NORMALS FOR TODAY
                         NORMAL
 MAXIMUM TEMPERATURE (F)   76
 MINIMUM TEMPERATURE (F)   55


SUNRISE AND SUNSET
AUGUST 25 2016........SUNRISE   611 AM EDT   SUNSET   738 PM EDT
AUGUST 26 2016........SUNRISE   612 AM EDT   SUNSET   736 PM EDT


-  INDICATES NEGATIVE NUMBERS.
R  INDICATES RECORD WAS SET OR TIED.
MM INDICATES DATA IS MISSING.
T  INDICATES TRACE AMOUNT.




$$
