205
CDUS41 KALY 130630
CLIPSF


CLIMATE REPORT
NATIONAL WEATHER SERVICE ALBANY NY
130 AM EST FRI JAN 13 2017


...................................

...THE PITTSFIELD MA CLIMATE SUMMARY FOR JANUARY 12 2017...

CLIMATE NORMAL PERIOD 1981 TO 2010
CLIMATE RECORD PERIOD 9999 TO 9999


WEATHER ITEM   OBSERVED TIME   NORMAL DEPARTURE LAST
                VALUE   (LST)  VALUE  FROM      YEAR
                                      NORMAL
......................................................
TEMPERATURE (F)
 YESTERDAY
  MAXIMUM         53   1004 PM  29     24       MM
  MINIMUM         39    101 AM  11     28       MM
  AVERAGE         46            20     26       MM

PRECIPITATION (IN)
  YESTERDAY        0.55          0.10   0.45     0.08
  MONTH TO DATE    1.45          1.32   0.13     0.74
  SINCE DEC 1      4.47          4.32   0.15     4.42
  SINCE JAN 1      1.45          1.32   0.13     0.74

DEGREE DAYS
 HEATING
  YESTERDAY       19            45    -26       MM
  MONTH TO DATE  487           533    -46      419
  SINCE DEC 1   1665          1720    -55     1196
  SINCE JUL 1   3072          3371   -299     2569

 COOLING
  YESTERDAY        0             0      0       MM
  MONTH TO DATE    0             0      0        0
  SINCE DEC 1      0             0      0        0
  SINCE JAN 1      0             0      0        0
......................................................


WIND (MPH)
  HIGHEST WIND SPEED    23   HIGHEST WIND DIRECTION    SW (210)
  HIGHEST GUST SPEED    31   HIGHEST GUST DIRECTION    SW (210)
  AVERAGE WIND SPEED    11.7


SKY COVER
  AVERAGE SKY COVER 1.0



RELATIVE HUMIDITY (PERCENT)
 HIGHEST    93
 LOWEST     83
 AVERAGE    88

..........................................................


THE PITTSFIELD MA CLIMATE NORMALS FOR TODAY
                         NORMAL
 MAXIMUM TEMPERATURE (F)   29
 MINIMUM TEMPERATURE (F)   11


SUNRISE AND SUNSET
JANUARY 13 2017.......SUNRISE   721 AM EST   SUNSET   444 PM EST
JANUARY 14 2017.......SUNRISE   720 AM EST   SUNSET   445 PM EST


-  INDICATES NEGATIVE NUMBERS.
R  INDICATES RECORD WAS SET OR TIED.
MM INDICATES DATA IS MISSING.
T  INDICATES TRACE AMOUNT.




$$
