000
CDUS41 KALY 270622
CLIPSF


CLIMATE REPORT
NATIONAL WEATHER SERVICE ALBANY NY
222 AM EDT SAT SEP 27 2014


...................................

...THE PITTSFIELD MA CLIMATE SUMMARY FOR SEPTEMBER 26 2014...

CLIMATE NORMAL PERIOD 1981 TO 2010
CLIMATE RECORD PERIOD 9999 TO 9999


WEATHER ITEM   OBSERVED TIME   NORMAL DEPARTURE LAST
                VALUE   (LST)  VALUE  FROM      YEAR
                                      NORMAL
......................................................
TEMPERATURE (F)
 YESTERDAY
  MAXIMUM         76    158 PM  65     11       64
  MINIMUM         41    610 AM  44     -3       45
  AVERAGE         59            54      5       55

PRECIPITATION (IN)
  YESTERDAY        0.00          0.16  -0.16      T
  MONTH TO DATE    1.41          3.28  -1.87     3.69
  SINCE SEP 1      1.41          3.28  -1.87     3.69
  SINCE JAN 1     32.33         33.06  -0.73    31.79

DEGREE DAYS
 HEATING
  YESTERDAY        6            11     -5       10
  MONTH TO DATE  192           167     25      213
  SINCE SEP 1    192           167     25      213
  SINCE JUL 1    265           245     20      269

 COOLING
  YESTERDAY        0             0      0        0
  MONTH TO DATE   34            16     18       33
  SINCE SEP 1     34            16     18       33
  SINCE JAN 1    233           286    -53      433
......................................................


WIND (MPH)
  HIGHEST WIND SPEED    16   HIGHEST WIND DIRECTION    NE (30)
  HIGHEST GUST SPEED    34   HIGHEST GUST DIRECTION     N (340)
  AVERAGE WIND SPEED     2.3


SKY COVER
  AVERAGE SKY COVER 0.2



RELATIVE HUMIDITY (PERCENT)
 HIGHEST   100
 LOWEST     49
 AVERAGE    75

..........................................................


THE PITTSFIELD MA CLIMATE NORMALS FOR TODAY
                         NORMAL
 MAXIMUM TEMPERATURE (F)   65
 MINIMUM TEMPERATURE (F)   44


SUNRISE AND SUNSET
SEPTEMBER 27 2014.....SUNRISE   646 AM EDT   SUNSET   642 PM EDT
SEPTEMBER 28 2014.....SUNRISE   647 AM EDT   SUNSET   640 PM EDT


-  INDICATES NEGATIVE NUMBERS.
R  INDICATES RECORD WAS SET OR TIED.
MM INDICATES DATA IS MISSING.
T  INDICATES TRACE AMOUNT.




$$
