000
CDUS41 KALY 200626
CLIPSF


CLIMATE REPORT
NATIONAL WEATHER SERVICE ALBANY NY
125 AM EST MON FEB 20 2017


...................................

...THE PITTSFIELD MA CLIMATE SUMMARY FOR FEBRUARY 19 2017...

CLIMATE NORMAL PERIOD 1981 TO 2010
CLIMATE RECORD PERIOD 9999 TO 9999


WEATHER ITEM   OBSERVED TIME   NORMAL DEPARTURE LAST
                VALUE   (LST)  VALUE  FROM      YEAR
                                      NORMAL
......................................................
TEMPERATURE (F)
 YESTERDAY
  MAXIMUM         50    307 PM  33     17       36
  MINIMUM         37   1139 PM  16     21        8
  AVERAGE         44            25     19       22

PRECIPITATION (IN)
  YESTERDAY        0.00          0.11  -0.11      T
  MONTH TO DATE    1.76          1.81  -0.05     2.24
  SINCE DEC 1      7.50          7.73  -0.23     7.01
  SINCE JAN 1      4.48          4.73  -0.25     3.33

DEGREE DAYS
 HEATING
  YESTERDAY       21            40    -19       43
  MONTH TO DATE  746           804    -58      787
  SINCE DEC 1   3071          3378   -307     2761
  SINCE JUL 1   4478          5029   -551     4134

 COOLING
  YESTERDAY        0             0      0        0
  MONTH TO DATE    0             0      0        0
  SINCE DEC 1      0             0      0        0
  SINCE JAN 1      0             0      0        0
......................................................


WIND (MPH)
  HIGHEST WIND SPEED    28   HIGHEST WIND DIRECTION    NW (300)
  HIGHEST GUST SPEED    37   HIGHEST GUST DIRECTION     W (280)
  AVERAGE WIND SPEED    15.8


SKY COVER
  AVERAGE SKY COVER 0.0



RELATIVE HUMIDITY (PERCENT)
 HIGHEST    70
 LOWEST     42
 AVERAGE    56

..........................................................


THE PITTSFIELD MA CLIMATE NORMALS FOR TODAY
                         NORMAL
 MAXIMUM TEMPERATURE (F)   34
 MINIMUM TEMPERATURE (F)   16


SUNRISE AND SUNSET
FEBRUARY 20 2017......SUNRISE   642 AM EST   SUNSET   532 PM EST
FEBRUARY 21 2017......SUNRISE   641 AM EST   SUNSET   533 PM EST


-  INDICATES NEGATIVE NUMBERS.
R  INDICATES RECORD WAS SET OR TIED.
MM INDICATES DATA IS MISSING.
T  INDICATES TRACE AMOUNT.




$$
