000
CDUS41 KALY 170622
CLIPSF


CLIMATE REPORT
NATIONAL WEATHER SERVICE ALBANY NY
222 AM EDT SUN AUG 17 2014


...................................

...THE PITTSFIELD MA CLIMATE SUMMARY FOR AUGUST 16 2014...

CLIMATE NORMAL PERIOD 1981 TO 2010
CLIMATE RECORD PERIOD 9999 TO 9999


WEATHER ITEM   OBSERVED TIME   NORMAL DEPARTURE LAST
                VALUE   (LST)  VALUE  FROM      YEAR
                                      NORMAL
......................................................
TEMPERATURE (F)
 YESTERDAY
  MAXIMUM         69    310 PM  78     -9       74
  MINIMUM         47    514 AM  56     -9       47
  AVERAGE         58            67     -9       61

PRECIPITATION (IN)
  YESTERDAY        T             0.13  -0.13     0.00
  MONTH TO DATE    1.27          2.18  -0.91     3.03
  SINCE JUN 1     15.85         10.83   5.02    11.71
  SINCE JAN 1     29.85         27.87   1.98    26.30

DEGREE DAYS
 HEATING
  YESTERDAY        7             1      6        4
  MONTH TO DATE   27            16     11       32
  SINCE JUN 1    103           148    -45      148
  SINCE JUL 1     45            47     -2       40

 COOLING
  YESTERDAY        0             3     -3        0
  MONTH TO DATE   18            60    -42       20
  SINCE JUN 1    175           224    -49      331
  SINCE JAN 1    181           237    -56      356
......................................................


WIND (MPH)
  HIGHEST WIND SPEED    13   HIGHEST WIND DIRECTION     W (250)
  HIGHEST GUST SPEED    19   HIGHEST GUST DIRECTION    SW (230)
  AVERAGE WIND SPEED     4.9


SKY COVER
  AVERAGE SKY COVER 0.2



RELATIVE HUMIDITY (PERCENT)
 HIGHEST   100
 LOWEST     53
 AVERAGE    77

..........................................................


THE PITTSFIELD MA CLIMATE NORMALS FOR TODAY
                         NORMAL
 MAXIMUM TEMPERATURE (F)   77
 MINIMUM TEMPERATURE (F)   56


SUNRISE AND SUNSET
AUGUST 17 2014........SUNRISE   602 AM EDT   SUNSET   751 PM EDT
AUGUST 18 2014........SUNRISE   603 AM EDT   SUNSET   750 PM EDT


-  INDICATES NEGATIVE NUMBERS.
R  INDICATES RECORD WAS SET OR TIED.
MM INDICATES DATA IS MISSING.
T  INDICATES TRACE AMOUNT.




$$
