000
CDUS41 KALY 180622
CLIPSF


CLIMATE REPORT
NATIONAL WEATHER SERVICE ALBANY NY
221 AM EDT THU AUG 18 2016


...................................

...THE PITTSFIELD MA CLIMATE SUMMARY FOR AUGUST 17 2016...

CLIMATE NORMAL PERIOD 1981 TO 2010
CLIMATE RECORD PERIOD 9999 TO 9999


WEATHER ITEM   OBSERVED TIME   NORMAL DEPARTURE LAST
                VALUE   (LST)  VALUE  FROM      YEAR
                                      NORMAL
......................................................
TEMPERATURE (F)
 YESTERDAY
  MAXIMUM         76    325 PM  77     -1       86
  MINIMUM         60   1143 PM  56      4       60
  AVERAGE         68            67      1       73

PRECIPITATION (IN)
  YESTERDAY        T             0.13  -0.13     0.00
  MONTH TO DATE    1.83          2.31  -0.48     1.88
  SINCE JUN 1      8.48         10.96  -2.48    15.01
  SINCE JAN 1     22.58         28.00  -5.42    26.15

DEGREE DAYS
 HEATING
  YESTERDAY        0             1     -1        0
  MONTH TO DATE    0            17    -17        1
  SINCE JUN 1     87           149    -62      131
  SINCE JUL 1     11            48    -37       20

 COOLING
  YESTERDAY        3             3      0        8
  MONTH TO DATE  101            63     38       55
  SINCE JUN 1    295           227     68      209
  SINCE JAN 1    336           240     96      253
......................................................


WIND (MPH)
  HIGHEST WIND SPEED    23   HIGHEST WIND DIRECTION     W (260)
  HIGHEST GUST SPEED    33   HIGHEST GUST DIRECTION     W (250)
  AVERAGE WIND SPEED     9.6


SKY COVER
  AVERAGE SKY COVER 0.5



RELATIVE HUMIDITY (PERCENT)
 HIGHEST    93
 LOWEST     60
 AVERAGE    77

..........................................................


THE PITTSFIELD MA CLIMATE NORMALS FOR TODAY
                         NORMAL
 MAXIMUM TEMPERATURE (F)   77
 MINIMUM TEMPERATURE (F)   56


SUNRISE AND SUNSET
AUGUST 18 2016........SUNRISE   604 AM EDT   SUNSET   749 PM EDT
AUGUST 19 2016........SUNRISE   605 AM EDT   SUNSET   748 PM EDT


-  INDICATES NEGATIVE NUMBERS.
R  INDICATES RECORD WAS SET OR TIED.
MM INDICATES DATA IS MISSING.
T  INDICATES TRACE AMOUNT.




$$
