000
CDUS41 KALY 160626
CLIPSF


CLIMATE REPORT
NATIONAL WEATHER SERVICE ALBANY NY
226 AM EDT TUE SEP 16 2014


...................................

...THE PITTSFIELD MA CLIMATE SUMMARY FOR SEPTEMBER 15 2014...

CLIMATE NORMAL PERIOD 1981 TO 2010
CLIMATE RECORD PERIOD 9999 TO 9999


WEATHER ITEM   OBSERVED TIME   NORMAL DEPARTURE LAST
                VALUE   (LST)  VALUE  FROM      YEAR
                                      NORMAL
......................................................
TEMPERATURE (F)
 YESTERDAY
  MAXIMUM         62    420 PM  70     -8       65
  MINIMUM         39    600 AM  48     -9       39
  AVERAGE         51            59     -8       52

PRECIPITATION (IN)
  YESTERDAY        0.00          0.14  -0.14     0.00
  MONTH TO DATE    1.24          1.77  -0.53     2.45
  SINCE SEP 1      1.24          1.77  -0.53     2.45
  SINCE JAN 1     32.16         31.55   0.61    30.55

DEGREE DAYS
 HEATING
  YESTERDAY       14             7      7       13
  MONTH TO DATE   77            70      7       84
  SINCE SEP 1     77            70      7       84
  SINCE JUL 1    150           148      2      140

 COOLING
  YESTERDAY        0             0      0        0
  MONTH TO DATE   33            16     17       33
  SINCE SEP 1     33            16     17       33
  SINCE JAN 1    232           286    -54      433
......................................................


WIND (MPH)
  HIGHEST WIND SPEED     9   HIGHEST WIND DIRECTION     W (260)
  HIGHEST GUST SPEED    15   HIGHEST GUST DIRECTION    NW (300)
  AVERAGE WIND SPEED     1.2


SKY COVER
  AVERAGE SKY COVER 0.4



RELATIVE HUMIDITY (PERCENT)
 HIGHEST   100
 LOWEST     49
 AVERAGE    75

..........................................................


THE PITTSFIELD MA CLIMATE NORMALS FOR TODAY
                         NORMAL
 MAXIMUM TEMPERATURE (F)   69
 MINIMUM TEMPERATURE (F)   48


SUNRISE AND SUNSET
SEPTEMBER 16 2014.....SUNRISE   634 AM EDT   SUNSET   701 PM EDT
SEPTEMBER 17 2014.....SUNRISE   635 AM EDT   SUNSET   659 PM EDT


-  INDICATES NEGATIVE NUMBERS.
R  INDICATES RECORD WAS SET OR TIED.
MM INDICATES DATA IS MISSING.
T  INDICATES TRACE AMOUNT.




$$
