000
CDUS41 KALY 232043
CLIPSF


CLIMATE REPORT
NATIONAL WEATHER SERVICE ALBANY NY
443 PM EDT SUN AUG 23 2015


...................................

...THE PITTSFIELD MA CLIMATE SUMMARY FOR AUGUST 23 2015...
VALID TODAY AS OF 0400 PM LOCAL TIME.

CLIMATE NORMAL PERIOD 1981 TO 2010
CLIMATE RECORD PERIOD 9999 TO 9999


WEATHER ITEM   OBSERVED TIME   NORMAL DEPARTURE LAST
                VALUE   (LST)  VALUE  FROM      YEAR
                                      NORMAL
......................................................
TEMPERATURE (F)
 TODAY
  MAXIMUM         79    120 PM  76      3       70
  MINIMUM         55    550 AM  55      0       53
  AVERAGE         67            66      1       62

PRECIPITATION (IN)
  TODAY            0.00          0.13  -0.13     0.00
  MONTH TO DATE    2.34          3.11  -0.77     2.33
  SINCE JUN 1     15.47         11.76   3.71    16.91
  SINCE JAN 1     26.61         28.80  -2.19    30.91

DEGREE DAYS
 HEATING
  TODAY            0             2     -2        3
  MONTH TO DATE    1            25    -24       42
  SINCE JUN 1    131           157    -26      118
  SINCE JUL 1     20            56    -36       60

 COOLING
  TODAY            2             2      0        0
  MONTH TO DATE   90            80     10       20
  SINCE JUN 1    244           244      0      177
  SINCE JAN 1    288           257     31      183
......................................................


WIND (MPH)
  HIGHEST WIND SPEED    13   HIGHEST WIND DIRECTION    NE (50)
  HIGHEST GUST SPEED    17   HIGHEST GUST DIRECTION    NE (60)
  AVERAGE WIND SPEED     2.6


SKY COVER
  AVERAGE SKY COVER 0.5



RELATIVE HUMIDITY (PERCENT)
 HIGHEST   100
 LOWEST     60
 AVERAGE    80

..........................................................


THE PITTSFIELD MA CLIMATE NORMALS FOR TOMORROW
                         NORMAL
 MAXIMUM TEMPERATURE (F)   76
 MINIMUM TEMPERATURE (F)   55


SUNRISE AND SUNSET
AUGUST 23 2015........SUNRISE   608 AM EDT   SUNSET   743 PM EDT
AUGUST 24 2015........SUNRISE   609 AM EDT   SUNSET   741 PM EDT


-  INDICATES NEGATIVE NUMBERS.
R  INDICATES RECORD WAS SET OR TIED.
MM INDICATES DATA IS MISSING.
T  INDICATES TRACE AMOUNT.




$$
