637
CDUS41 KALY 210623
CLIPSF


CLIMATE REPORT
NATIONAL WEATHER SERVICE ALBANY NY
223 AM EDT WED SEP 21 2016


...................................

...THE PITTSFIELD MA CLIMATE SUMMARY FOR SEPTEMBER 20 2016...

CLIMATE NORMAL PERIOD 1981 TO 2010
CLIMATE RECORD PERIOD 9999 TO 9999


WEATHER ITEM   OBSERVED TIME   NORMAL DEPARTURE LAST
                VALUE   (LST)  VALUE  FROM      YEAR
                                      NORMAL
......................................................
TEMPERATURE (F)
 YESTERDAY
  MAXIMUM         80    238 PM  67     13       68
  MINIMUM         57   1135 PM  46     11       44
  AVERAGE         69            57     12       56

PRECIPITATION (IN)
  YESTERDAY        0.00          0.13  -0.13     0.02
  MONTH TO DATE    1.42          2.43  -1.01     2.07
  SINCE SEP 1      1.42          2.43  -1.01     2.07
  SINCE JAN 1     24.79         32.21  -7.42    29.31

DEGREE DAYS
 HEATING
  YESTERDAY        0             8     -8        9
  MONTH TO DATE   43           108    -65       23
  SINCE SEP 1     43           108    -65       23
  SINCE JUL 1     67           186   -119       51

 COOLING
  YESTERDAY        4             0      4        0
  MONTH TO DATE   50            16     34       50
  SINCE SEP 1     50            16     34       50
  SINCE JAN 1    431           286    145      358
......................................................


WIND (MPH)
  HIGHEST WIND SPEED    10   HIGHEST WIND DIRECTION    NW (320)
  HIGHEST GUST SPEED    13   HIGHEST GUST DIRECTION    NW (320)
  AVERAGE WIND SPEED     2.0


SKY COVER
  AVERAGE SKY COVER 0.4



RELATIVE HUMIDITY (PERCENT)
 HIGHEST   100
 LOWEST     42
 AVERAGE    71

..........................................................


THE PITTSFIELD MA CLIMATE NORMALS FOR TODAY
                         NORMAL
 MAXIMUM TEMPERATURE (F)   67
 MINIMUM TEMPERATURE (F)   46


SUNRISE AND SUNSET
SEPTEMBER 21 2016.....SUNRISE   640 AM EDT   SUNSET   651 PM EDT
SEPTEMBER 22 2016.....SUNRISE   641 AM EDT   SUNSET   650 PM EDT


-  INDICATES NEGATIVE NUMBERS.
R  INDICATES RECORD WAS SET OR TIED.
MM INDICATES DATA IS MISSING.
T  INDICATES TRACE AMOUNT.




$$
