000
CDUS41 KALY 160624
CLIPSF


CLIMATE REPORT
NATIONAL WEATHER SERVICE ALBANY NY
222 AM EDT THU OCT 16 2014


...................................

...THE PITTSFIELD MA CLIMATE SUMMARY FOR OCTOBER 15 2014...

CLIMATE NORMAL PERIOD 1981 TO 2010
CLIMATE RECORD PERIOD 9999 TO 9999


WEATHER ITEM   OBSERVED TIME   NORMAL DEPARTURE LAST
                VALUE   (LST)  VALUE  FROM      YEAR
                                      NORMAL
......................................................
TEMPERATURE (F)
 YESTERDAY
  MAXIMUM         74    114 PM  58     16       64
  MINIMUM         66    252 AM  37     29       50
  AVERAGE         70            48     22       57

PRECIPITATION (IN)
  YESTERDAY        0.11          0.17  -0.06     0.00
  MONTH TO DATE    1.77          2.55  -0.78     1.04
  SINCE SEP 1      3.18          6.51  -3.33     4.73
  SINCE JAN 1     34.10         36.29  -2.19    32.83

DEGREE DAYS
 HEATING
  YESTERDAY        0            17    -17        8
  MONTH TO DATE  173           225    -52      141
  SINCE SEP 1    377           439    -62      394
  SINCE JUL 1    450           517    -67      450

 COOLING
  YESTERDAY        5             0      5        0
  MONTH TO DATE    5             0      5        0
  SINCE SEP 1     39            19     20       33
  SINCE JAN 1    238           289    -51      433
......................................................


WIND (MPH)
  HIGHEST WIND SPEED    17   HIGHEST WIND DIRECTION    SE (130)
  HIGHEST GUST SPEED    28   HIGHEST GUST DIRECTION     S (200)
  AVERAGE WIND SPEED    10.4


SKY COVER
  AVERAGE SKY COVER 0.9



RELATIVE HUMIDITY (PERCENT)
 HIGHEST    87
 LOWEST     68
 AVERAGE    78

..........................................................


THE PITTSFIELD MA CLIMATE NORMALS FOR TODAY
                         NORMAL
 MAXIMUM TEMPERATURE (F)   58
 MINIMUM TEMPERATURE (F)   37


SUNRISE AND SUNSET
OCTOBER 16 2014.......SUNRISE   707 AM EDT   SUNSET   610 PM EDT
OCTOBER 17 2014.......SUNRISE   708 AM EDT   SUNSET   608 PM EDT


-  INDICATES NEGATIVE NUMBERS.
R  INDICATES RECORD WAS SET OR TIED.
MM INDICATES DATA IS MISSING.
T  INDICATES TRACE AMOUNT.




$$
