000
CDUS41 KALY 110622
CLIPSF


CLIMATE REPORT
NATIONAL WEATHER SERVICE ALBANY NY
121 AM EST SAT NOV 11 2017


...................................

...THE PITTSFIELD MA CLIMATE SUMMARY FOR NOVEMBER 10 2017...

CLIMATE NORMAL PERIOD 1981 TO 2010
CLIMATE RECORD PERIOD 9999 TO 9999


WEATHER ITEM   OBSERVED TIME   NORMAL DEPARTURE LAST
                VALUE   (LST)  VALUE  FROM      YEAR
                                      NORMAL
......................................................
TEMPERATURE (F)
 YESTERDAY
  MAXIMUM         45   1245 AM  49     -4       47
  MINIMUM         17   1159 PM  30    -13       29
  AVERAGE         31            40     -9       38

PRECIPITATION (IN)
  YESTERDAY        T             0.12  -0.12     0.00
  MONTH TO DATE    0.42          1.30  -0.88     0.10
  SINCE SEP 1      7.71          9.97  -2.26     5.82
  SINCE JAN 1     38.50         39.75  -1.25    29.19

DEGREE DAYS
 HEATING
  YESTERDAY       34            25      9       27
  MONTH TO DATE  193           238    -45      215
  SINCE SEP 1    652           996   -344      833
  SINCE JUL 1    738          1074   -336      857

 COOLING
  YESTERDAY        0             0      0        0
  MONTH TO DATE    0             0      0        0
  SINCE SEP 1     81            20     61       51
  SINCE JAN 1    351           290     61      432
......................................................


WIND (MPH)
  HIGHEST WIND SPEED    35   HIGHEST WIND DIRECTION     W (290)
  HIGHEST GUST SPEED    44   HIGHEST GUST DIRECTION    NW (310)
  AVERAGE WIND SPEED    16.5


SKY COVER
  AVERAGE SKY COVER 0.3



RELATIVE HUMIDITY (PERCENT)
 HIGHEST    83
 LOWEST     29
 AVERAGE    56

..........................................................


THE PITTSFIELD MA CLIMATE NORMALS FOR TODAY
                         NORMAL
 MAXIMUM TEMPERATURE (F)   49
 MINIMUM TEMPERATURE (F)   30


SUNRISE AND SUNSET
NOVEMBER 11 2017......SUNRISE   639 AM EST   SUNSET   435 PM EST
NOVEMBER 12 2017......SUNRISE   641 AM EST   SUNSET   434 PM EST


-  INDICATES NEGATIVE NUMBERS.
R  INDICATES RECORD WAS SET OR TIED.
MM INDICATES DATA IS MISSING.
T  INDICATES TRACE AMOUNT.




$$
