000
CDUS41 KALY 160629
CLIPSF


CLIMATE REPORT
NATIONAL WEATHER SERVICE ALBANY NY
227 AM EDT SAT JUL 16 2016


...................................

...THE PITTSFIELD MA CLIMATE SUMMARY FOR JULY 15 2016...

CLIMATE NORMAL PERIOD 1981 TO 2010
CLIMATE RECORD PERIOD 9999 TO 9999


WEATHER ITEM   OBSERVED TIME   NORMAL DEPARTURE LAST
                VALUE   (LST)  VALUE  FROM      YEAR
                                      NORMAL
......................................................
TEMPERATURE (F)
 YESTERDAY
  MAXIMUM         85    329 PM  79      6       77
  MINIMUM         63   1154 PM  56      7       53
  AVERAGE         74            68      6       65

PRECIPITATION (IN)
  YESTERDAY        0.14          0.13   0.01      T
  MONTH TO DATE    2.09          1.83   0.26     3.88
  SINCE JUN 1      4.59          6.23  -1.64    12.01
  SINCE JAN 1     18.69         23.27  -4.58    23.15

DEGREE DAYS
 HEATING
  YESTERDAY        0             1     -1        0
  MONTH TO DATE    7            15     -8       10
  SINCE JUN 1     83           116    -33      121
  SINCE JUL 1      7            15     -8       10

 COOLING
  YESTERDAY        9             4      5        0
  MONTH TO DATE   62            53      9       43
  SINCE JUN 1    101           109     -8       76
  SINCE JAN 1    142           122     20      120
......................................................


WIND (MPH)
  HIGHEST WIND SPEED    26   HIGHEST WIND DIRECTION    NW (330)
  HIGHEST GUST SPEED    38   HIGHEST GUST DIRECTION    NW (320)
  AVERAGE WIND SPEED     5.3


SKY COVER
  AVERAGE SKY COVER 0.3



RELATIVE HUMIDITY (PERCENT)
 HIGHEST   100
 LOWEST     48
 AVERAGE    74

..........................................................


THE PITTSFIELD MA CLIMATE NORMALS FOR TODAY
                         NORMAL
 MAXIMUM TEMPERATURE (F)   79
 MINIMUM TEMPERATURE (F)   56


SUNRISE AND SUNSET
JULY 16 2016..........SUNRISE   531 AM EDT   SUNSET   827 PM EDT
JULY 17 2016..........SUNRISE   532 AM EDT   SUNSET   827 PM EDT


-  INDICATES NEGATIVE NUMBERS.
R  INDICATES RECORD WAS SET OR TIED.
MM INDICATES DATA IS MISSING.
T  INDICATES TRACE AMOUNT.




$$
