000
CDUS41 KALY 020622
CLIPSF


CLIMATE REPORT
NATIONAL WEATHER SERVICE ALBANY NY
121 AM EST TUE FEB 2 2016


...................................

...THE PITTSFIELD MA CLIMATE SUMMARY FOR FEBRUARY 1 2016...

CLIMATE NORMAL PERIOD 1981 TO 2010
CLIMATE RECORD PERIOD 9999 TO 9999


WEATHER ITEM   OBSERVED TIME   NORMAL DEPARTURE LAST
                VALUE   (LST)  VALUE  FROM      YEAR
                                      NORMAL
......................................................
TEMPERATURE (F)
 YESTERDAY
  MAXIMUM         51    509 AM  29     22       24
  MINIMUM         31   1159 PM  13     18        4
  AVERAGE         41            21     20       14

PRECIPITATION (IN)
  YESTERDAY        0.00          0.08  -0.08      T
  MONTH TO DATE    0.00          0.08  -0.08      T
  SINCE DEC 1      4.77          6.00  -1.23     7.11
  SINCE JAN 1      1.09          3.00  -1.91     3.36

DEGREE DAYS
 HEATING
  YESTERDAY       24            44    -20       51
  MONTH TO DATE   24            44    -20       51
  SINCE DEC 1   1998          2618   -620     2593
  SINCE JUL 1   3371          4269   -898     4215

 COOLING
  YESTERDAY        0             0      0        0
  MONTH TO DATE    0             0      0        0
  SINCE DEC 1      0             0      0        0
  SINCE JAN 1      0             0      0        0
......................................................


WIND (MPH)
  HIGHEST WIND SPEED    23   HIGHEST WIND DIRECTION    NW (300)
  HIGHEST GUST SPEED    34   HIGHEST GUST DIRECTION    NW (310)
  AVERAGE WIND SPEED    11.0


SKY COVER
  AVERAGE SKY COVER 0.2



RELATIVE HUMIDITY (PERCENT)
 HIGHEST    66
 LOWEST     50
 AVERAGE    58

..........................................................


THE PITTSFIELD MA CLIMATE NORMALS FOR TODAY
                         NORMAL
 MAXIMUM TEMPERATURE (F)   30
 MINIMUM TEMPERATURE (F)   13


SUNRISE AND SUNSET
FEBRUARY  2 2016......SUNRISE   706 AM EST   SUNSET   508 PM EST
FEBRUARY  3 2016......SUNRISE   705 AM EST   SUNSET   509 PM EST


-  INDICATES NEGATIVE NUMBERS.
R  INDICATES RECORD WAS SET OR TIED.
MM INDICATES DATA IS MISSING.
T  INDICATES TRACE AMOUNT.




$$
