000
CDUS41 KALY 212155
CLIPSF


CLIMATE REPORT
NATIONAL WEATHER SERVICE ALBANY NY
453 PM EST FRI NOV 21 2014


...................................

...THE PITTSFIELD MA CLIMATE SUMMARY FOR NOVEMBER 21 2014...
VALID TODAY AS OF 0400 PM LOCAL TIME.

CLIMATE NORMAL PERIOD 1981 TO 2010
CLIMATE RECORD PERIOD 9999 TO 9999


WEATHER ITEM   OBSERVED TIME   NORMAL DEPARTURE LAST
                VALUE   (LST)  VALUE  FROM      YEAR
                                      NORMAL
......................................................
TEMPERATURE (F)
 TODAY
  MAXIMUM         28    135 PM  44    -16       43
  MINIMUM         18   1216 AM  28    -10       15
  AVERAGE         23            36    -13       29

PRECIPITATION (IN)
  TODAY            T             0.13  -0.13      T
  MONTH TO DATE    1.22          2.69  -1.47     1.33
  SINCE SEP 1      7.86         11.36  -3.50     6.75
  SINCE JAN 1     38.78         41.14  -2.36    34.85

DEGREE DAYS
 HEATING
  TODAY           42            29     13       36
  MONTH TO DATE  611           539     72      560
  SINCE SEP 1   1270          1297    -27     1277
  SINCE JUL 1   1343          1375    -32     1333

 COOLING
  TODAY            0             0      0        0
  MONTH TO DATE    0             0      0        0
  SINCE SEP 1     39            20     19       33
  SINCE JAN 1    238           290    -52      433
......................................................


WIND (MPH)
  HIGHEST WIND SPEED    28   HIGHEST WIND DIRECTION     W (280)
  HIGHEST GUST SPEED    36   HIGHEST GUST DIRECTION     W (290)
  AVERAGE WIND SPEED    12.8


SKY COVER
  AVERAGE SKY COVER 0.5



RELATIVE HUMIDITY (PERCENT)
 HIGHEST    77
 LOWEST     46
 AVERAGE    62

..........................................................


THE PITTSFIELD MA CLIMATE NORMALS FOR TOMORROW
                         NORMAL
 MAXIMUM TEMPERATURE (F)   44
 MINIMUM TEMPERATURE (F)   27


SUNRISE AND SUNSET
NOVEMBER 21 2014......SUNRISE   651 AM EST   SUNSET   426 PM EST
NOVEMBER 22 2014......SUNRISE   653 AM EST   SUNSET   426 PM EST


-  INDICATES NEGATIVE NUMBERS.
R  INDICATES RECORD WAS SET OR TIED.
MM INDICATES DATA IS MISSING.
T  INDICATES TRACE AMOUNT.




$$
