000
CDUS41 KALY 240635
CLIPSF


CLIMATE REPORT
NATIONAL WEATHER SERVICE ALBANY NY
235 AM EDT WED JUN 24 2015


...................................

...THE PITTSFIELD MA CLIMATE SUMMARY FOR JUNE 23 2015...

CLIMATE NORMAL PERIOD 1981 TO 2010
CLIMATE RECORD PERIOD 9999 TO 9999


WEATHER ITEM   OBSERVED TIME   NORMAL DEPARTURE LAST
                VALUE   (LST)  VALUE  FROM      YEAR
                                      NORMAL
......................................................
TEMPERATURE (F)
 YESTERDAY
  MAXIMUM         82   1258 PM  76      6       79
  MINIMUM         57   1233 AM  55      2       49
  AVERAGE         70            65      5       64

PRECIPITATION (IN)
  YESTERDAY        0.10          0.12  -0.02     0.00
  MONTH TO DATE    6.94          3.59   3.35     1.35
  SINCE JUN 1      6.94          3.59   3.35     1.35
  SINCE JAN 1     18.08         20.63  -2.55    15.35

DEGREE DAYS
 HEATING
  YESTERDAY        0             2     -2        1
  MONTH TO DATE   82            91     -9       58
  SINCE JUN 1     82            91     -9       58
  SINCE JUL 1   7746          7451    295     7735

 COOLING
  YESTERDAY        5             2      3        0
  MONTH TO DATE   33            39     -6       19
  SINCE JUN 1     33            39     -6       19
  SINCE JAN 1     77            52     25       25
......................................................


WIND (MPH)
  HIGHEST WIND SPEED    24   HIGHEST WIND DIRECTION     W (280)
  HIGHEST GUST SPEED    30   HIGHEST GUST DIRECTION     W (280)
  AVERAGE WIND SPEED     8.4


SKY COVER
  AVERAGE SKY COVER 0.4



RELATIVE HUMIDITY (PERCENT)
 HIGHEST   100
 LOWEST     62
 AVERAGE    81

..........................................................


THE PITTSFIELD MA CLIMATE NORMALS FOR TODAY
                         NORMAL
 MAXIMUM TEMPERATURE (F)   76
 MINIMUM TEMPERATURE (F)   55


SUNRISE AND SUNSET
JUNE 24 2015..........SUNRISE   517 AM EDT   SUNSET   834 PM EDT
JUNE 25 2015..........SUNRISE   517 AM EDT   SUNSET   834 PM EDT


-  INDICATES NEGATIVE NUMBERS.
R  INDICATES RECORD WAS SET OR TIED.
MM INDICATES DATA IS MISSING.
T  INDICATES TRACE AMOUNT.




$$
