000
CDUS41 KALY 140626
CLIPSF


CLIMATE REPORT
NATIONAL WEATHER SERVICE ALBANY NY
225 AM EDT WED SEP 14 2016


...................................

...THE PITTSFIELD MA CLIMATE SUMMARY FOR SEPTEMBER 13 2016...

CLIMATE NORMAL PERIOD 1981 TO 2010
CLIMATE RECORD PERIOD 9999 TO 9999


WEATHER ITEM   OBSERVED TIME   NORMAL DEPARTURE LAST
                VALUE   (LST)  VALUE  FROM      YEAR
                                      NORMAL
......................................................
TEMPERATURE (F)
 YESTERDAY
  MAXIMUM         78    403 PM  70      8       72
  MINIMUM         45    550 AM  49     -4       53
  AVERAGE         62            60      2       63

PRECIPITATION (IN)
  YESTERDAY        0.00          0.13  -0.13     0.31
  MONTH TO DATE    0.28          1.49  -1.21     2.01
  SINCE SEP 1      0.28          1.49  -1.21     2.01
  SINCE JAN 1     23.65         31.27  -7.62    29.25

DEGREE DAYS
 HEATING
  YESTERDAY        3             6     -3        2
  MONTH TO DATE   18            57    -39        4
  SINCE SEP 1     18            57    -39        4
  SINCE JUL 1     42           135    -93       32

 COOLING
  YESTERDAY        0             1     -1        0
  MONTH TO DATE   38            16     22       49
  SINCE SEP 1     38            16     22       49
  SINCE JAN 1    419           286    133      357
......................................................


WIND (MPH)
  HIGHEST WIND SPEED    14   HIGHEST WIND DIRECTION    SW (240)
  HIGHEST GUST SPEED    21   HIGHEST GUST DIRECTION    SW (220)
  AVERAGE WIND SPEED     4.8


SKY COVER
  AVERAGE SKY COVER 0.2



RELATIVE HUMIDITY (PERCENT)
 HIGHEST    93
 LOWEST     40
 AVERAGE    67

..........................................................


THE PITTSFIELD MA CLIMATE NORMALS FOR TODAY
                         NORMAL
 MAXIMUM TEMPERATURE (F)   70
 MINIMUM TEMPERATURE (F)   49


SUNRISE AND SUNSET
SEPTEMBER 14 2016.....SUNRISE   632 AM EDT   SUNSET   704 PM EDT
SEPTEMBER 15 2016.....SUNRISE   634 AM EDT   SUNSET   702 PM EDT


-  INDICATES NEGATIVE NUMBERS.
R  INDICATES RECORD WAS SET OR TIED.
MM INDICATES DATA IS MISSING.
T  INDICATES TRACE AMOUNT.




$$
