000
CDUS41 KALY 170628
CLIPSF


CLIMATE REPORT
NATIONAL WEATHER SERVICE ALBANY NY
227 AM EDT WED SEP 17 2014


...................................

...THE PITTSFIELD MA CLIMATE SUMMARY FOR SEPTEMBER 16 2014...

CLIMATE NORMAL PERIOD 1981 TO 2010
CLIMATE RECORD PERIOD 9999 TO 9999


WEATHER ITEM   OBSERVED TIME   NORMAL DEPARTURE LAST
                VALUE   (LST)  VALUE  FROM      YEAR
                                      NORMAL
......................................................
TEMPERATURE (F)
 YESTERDAY
  MAXIMUM         62    359 PM  69     -7       61
  MINIMUM         45   1140 PM  48     -3       39
  AVERAGE         54            58     -4       50

PRECIPITATION (IN)
  YESTERDAY        0.15          0.13   0.02     0.06
  MONTH TO DATE    1.39          1.90  -0.51     2.51
  SINCE SEP 1      1.39          1.90  -0.51     2.51
  SINCE JAN 1     32.31         31.68   0.63    30.61

DEGREE DAYS
 HEATING
  YESTERDAY       11             7      4       15
  MONTH TO DATE   88            77     11       99
  SINCE SEP 1     88            77     11       99
  SINCE JUL 1    161           155      6      155

 COOLING
  YESTERDAY        0             0      0        0
  MONTH TO DATE   33            16     17       33
  SINCE SEP 1     33            16     17       33
  SINCE JAN 1    232           286    -54      433
......................................................


WIND (MPH)
  HIGHEST WIND SPEED    12   HIGHEST WIND DIRECTION     W (280)
  HIGHEST GUST SPEED    18   HIGHEST GUST DIRECTION     W (290)
  AVERAGE WIND SPEED     4.4


SKY COVER
  AVERAGE SKY COVER 0.7



RELATIVE HUMIDITY (PERCENT)
 HIGHEST   100
 LOWEST     72
 AVERAGE    86

..........................................................


THE PITTSFIELD MA CLIMATE NORMALS FOR TODAY
                         NORMAL
 MAXIMUM TEMPERATURE (F)   69
 MINIMUM TEMPERATURE (F)   47


SUNRISE AND SUNSET
SEPTEMBER 17 2014.....SUNRISE   635 AM EDT   SUNSET   659 PM EDT
SEPTEMBER 18 2014.....SUNRISE   636 AM EDT   SUNSET   658 PM EDT


-  INDICATES NEGATIVE NUMBERS.
R  INDICATES RECORD WAS SET OR TIED.
MM INDICATES DATA IS MISSING.
T  INDICATES TRACE AMOUNT.




$$
