000
CDUS41 KALY 170623
CLIPSF


CLIMATE REPORT
NATIONAL WEATHER SERVICE ALBANY NY
222 AM EDT FRI OCT 17 2014


...................................

...THE PITTSFIELD MA CLIMATE SUMMARY FOR OCTOBER 16 2014...

CLIMATE NORMAL PERIOD 1981 TO 2010
CLIMATE RECORD PERIOD 9999 TO 9999


WEATHER ITEM   OBSERVED TIME   NORMAL DEPARTURE LAST
                VALUE   (LST)  VALUE  FROM      YEAR
                                      NORMAL
......................................................
TEMPERATURE (F)
 YESTERDAY
  MAXIMUM         69    854 AM  58     11       63
  MINIMUM         55   1159 PM  37     18       45
  AVERAGE         62            47     15       54

PRECIPITATION (IN)
  YESTERDAY        0.98          0.16   0.82     0.00
  MONTH TO DATE    2.75          2.71   0.04     1.04
  SINCE SEP 1      4.16          6.67  -2.51     4.73
  SINCE JAN 1     35.08         36.45  -1.37    32.83

DEGREE DAYS
 HEATING
  YESTERDAY        3            18    -15       11
  MONTH TO DATE  176           243    -67      152
  SINCE SEP 1    380           457    -77      405
  SINCE JUL 1    453           535    -82      461

 COOLING
  YESTERDAY        0             0      0        0
  MONTH TO DATE    5             0      5        0
  SINCE SEP 1     39            19     20       33
  SINCE JAN 1    238           289    -51      433
......................................................


WIND (MPH)
  HIGHEST WIND SPEED    18   HIGHEST WIND DIRECTION     S (180)
  HIGHEST GUST SPEED    29   HIGHEST GUST DIRECTION    SE (120)
  AVERAGE WIND SPEED     8.0


SKY COVER
  AVERAGE SKY COVER 0.8



RELATIVE HUMIDITY (PERCENT)
 HIGHEST   100
 LOWEST     78
 AVERAGE    89

..........................................................


THE PITTSFIELD MA CLIMATE NORMALS FOR TODAY
                         NORMAL
 MAXIMUM TEMPERATURE (F)   57
 MINIMUM TEMPERATURE (F)   37


SUNRISE AND SUNSET
OCTOBER 17 2014.......SUNRISE   708 AM EDT   SUNSET   608 PM EDT
OCTOBER 18 2014.......SUNRISE   710 AM EDT   SUNSET   606 PM EDT


-  INDICATES NEGATIVE NUMBERS.
R  INDICATES RECORD WAS SET OR TIED.
MM INDICATES DATA IS MISSING.
T  INDICATES TRACE AMOUNT.




$$
