000
CDUS41 KALY 220625
CLIPSF


CLIMATE REPORT
NATIONAL WEATHER SERVICE ALBANY NY
225 AM EDT TUE JUL 22 2014


...................................

...THE PITTSFIELD MA CLIMATE SUMMARY FOR JULY 21 2014...

CLIMATE NORMAL PERIOD 1981 TO 2010
CLIMATE RECORD PERIOD 9999 TO 9999


WEATHER ITEM   OBSERVED TIME   NORMAL DEPARTURE LAST
                VALUE   (LST)  VALUE  FROM      YEAR
                                      NORMAL
......................................................
TEMPERATURE (F)
 YESTERDAY
  MAXIMUM         80    318 PM  79      1       82
  MINIMUM         54    524 AM  57     -3       57
  AVERAGE         67            68     -1       70

PRECIPITATION (IN)
  YESTERDAY        0.00          0.15  -0.15     0.00
  MONTH TO DATE    5.07          2.67   2.40     0.51
  SINCE JUN 1     10.42          7.07   3.35     7.88
  SINCE JAN 1     24.42         24.11   0.31    22.47

DEGREE DAYS
 HEATING
  YESTERDAY        0             1     -1        0
  MONTH TO DATE    9            21    -12        0
  SINCE JUN 1     67           122    -55      108
  SINCE JUL 1      9            21    -12        0

 COOLING
  YESTERDAY        2             4     -2        5
  MONTH TO DATE   87            73     14      206
  SINCE JUN 1    130           129      1      292
  SINCE JAN 1    136           142     -6      317
......................................................


WIND (MPH)
  HIGHEST WIND SPEED    10   HIGHEST WIND DIRECTION     W (280)
  HIGHEST GUST SPEED    12   HIGHEST GUST DIRECTION     W (290)
  AVERAGE WIND SPEED     2.0


SKY COVER
  AVERAGE SKY COVER 0.2



RELATIVE HUMIDITY (PERCENT)
 HIGHEST   100
 LOWEST     45
 AVERAGE    73

..........................................................


THE PITTSFIELD MA CLIMATE NORMALS FOR TODAY
                         NORMAL
 MAXIMUM TEMPERATURE (F)   79
 MINIMUM TEMPERATURE (F)   57


SUNRISE AND SUNSET
JULY 22 2014..........SUNRISE   536 AM EDT   SUNSET   823 PM EDT
JULY 23 2014..........SUNRISE   537 AM EDT   SUNSET   822 PM EDT


-  INDICATES NEGATIVE NUMBERS.
R  INDICATES RECORD WAS SET OR TIED.
MM INDICATES DATA IS MISSING.
T  INDICATES TRACE AMOUNT.




$$
