090
CDUS41 KALY 242052
CLIPSF


CLIMATE REPORT
NATIONAL WEATHER SERVICE ALBANY NY
452 PM EDT WED MAY 24 2017


...................................

...THE PITTSFIELD MA CLIMATE SUMMARY FOR MAY 24 2017...
VALID TODAY AS OF 0400 PM LOCAL TIME.

CLIMATE NORMAL PERIOD 1981 TO 2010
CLIMATE RECORD PERIOD 9999 TO 9999


WEATHER ITEM   OBSERVED TIME   NORMAL DEPARTURE LAST
                VALUE   (LST)  VALUE  FROM      YEAR
                                      NORMAL
......................................................
TEMPERATURE (F)
 TODAY
  MAXIMUM         71    308 PM  69      2       68
  MINIMUM         48    432 AM  46      2       53
  AVERAGE         60            57      3       61

PRECIPITATION (IN)
  TODAY            0.00          0.17  -0.17     0.18
  MONTH TO DATE    5.01          3.06   1.95     1.99
  SINCE MAR 1     11.41         10.29   1.12     6.74
  SINCE JAN 1     16.99         15.89   1.10    12.11

DEGREE DAYS
 HEATING
  TODAY            5             8     -3        4
  MONTH TO DATE  302           275     27      313
  SINCE MAR 1   1909          1930    -21     1762
  SINCE JUL 1   6611          7310   -699     6129

 COOLING
  TODAY            0             0      0        0
  MONTH TO DATE   12             0     12        0
  SINCE MAR 1     14             2     12        0
  SINCE JAN 1     14             2     12        0
......................................................


WIND (MPH)
  HIGHEST WIND SPEED    16   HIGHEST WIND DIRECTION    SE (150)
  HIGHEST GUST SPEED    20   HIGHEST GUST DIRECTION    SE (150)
  AVERAGE WIND SPEED     2.9


SKY COVER
  AVERAGE SKY COVER 0.2



RELATIVE HUMIDITY (PERCENT)
 HIGHEST    93
 LOWEST     44
 AVERAGE    69

..........................................................


THE PITTSFIELD MA CLIMATE NORMALS FOR TOMORROW
                         NORMAL
 MAXIMUM TEMPERATURE (F)   69
 MINIMUM TEMPERATURE (F)   46


SUNRISE AND SUNSET
MAY 24 2017...........SUNRISE   523 AM EDT   SUNSET   817 PM EDT
MAY 25 2017...........SUNRISE   523 AM EDT   SUNSET   818 PM EDT


-  INDICATES NEGATIVE NUMBERS.
R  INDICATES RECORD WAS SET OR TIED.
MM INDICATES DATA IS MISSING.
T  INDICATES TRACE AMOUNT.




$$
