997
CDUS41 KALY 050626
CLIPSF


CLIMATE REPORT
NATIONAL WEATHER SERVICE ALBANY NY
125 AM EST FRI FEB 5 2016


...................................

...THE PITTSFIELD MA CLIMATE SUMMARY FOR FEBRUARY 4 2016...

CLIMATE NORMAL PERIOD 1981 TO 2010
CLIMATE RECORD PERIOD 9999 TO 9999


WEATHER ITEM   OBSERVED TIME   NORMAL DEPARTURE LAST
                VALUE   (LST)  VALUE  FROM      YEAR
                                      NORMAL
......................................................
TEMPERATURE (F)
 YESTERDAY
  MAXIMUM         54    201 AM  30     24       33
  MINIMUM         33   1159 PM  13     20       -3
  AVERAGE         44            22     22       15

PRECIPITATION (IN)
  YESTERDAY        0.10          0.09   0.01      T
  MONTH TO DATE    0.61          0.33   0.28     0.36
  SINCE DEC 1      5.38          6.25  -0.87     7.47
  SINCE JAN 1      1.70          3.25  -1.55     3.72

DEGREE DAYS
 HEATING
  YESTERDAY       21            44    -23       50
  MONTH TO DATE   98           176    -78      215
  SINCE DEC 1   2072          2750   -678     2757
  SINCE JUL 1   3445          4401   -956     4379

 COOLING
  YESTERDAY        0             0      0        0
  MONTH TO DATE    0             0      0        0
  SINCE DEC 1      0             0      0        0
  SINCE JAN 1      0             0      0        0
......................................................


WIND (MPH)
  HIGHEST WIND SPEED    20   HIGHEST WIND DIRECTION     W (290)
  HIGHEST GUST SPEED    32   HIGHEST GUST DIRECTION     W (280)
  AVERAGE WIND SPEED     9.4


SKY COVER
  AVERAGE SKY COVER 0.5



RELATIVE HUMIDITY (PERCENT)
 HIGHEST    93
 LOWEST     48
 AVERAGE    71

..........................................................


THE PITTSFIELD MA CLIMATE NORMALS FOR TODAY
                         NORMAL
 MAXIMUM TEMPERATURE (F)   30
 MINIMUM TEMPERATURE (F)   13


SUNRISE AND SUNSET
FEBRUARY  5 2016......SUNRISE   703 AM EST   SUNSET   512 PM EST
FEBRUARY  6 2016......SUNRISE   702 AM EST   SUNSET   513 PM EST


-  INDICATES NEGATIVE NUMBERS.
R  INDICATES RECORD WAS SET OR TIED.
MM INDICATES DATA IS MISSING.
T  INDICATES TRACE AMOUNT.




$$
