000
CDUS41 KALY 190622
CLIPSF


CLIMATE REPORT
NATIONAL WEATHER SERVICE ALBANY NY
222 AM EDT THU MAY 19 2016


...................................

...THE PITTSFIELD MA CLIMATE SUMMARY FOR MAY 18 2016...

CLIMATE NORMAL PERIOD 1981 TO 2010
CLIMATE RECORD PERIOD 9999 TO 9999


WEATHER ITEM   OBSERVED TIME   NORMAL DEPARTURE LAST
                VALUE   (LST)  VALUE  FROM      YEAR
                                      NORMAL
......................................................
TEMPERATURE (F)
 YESTERDAY
  MAXIMUM         67    211 PM  67      0       76
  MINIMUM         38    459 AM  44     -6       52
  AVERAGE         53            56     -3       64

PRECIPITATION (IN)
  YESTERDAY        0.00          0.12  -0.12     0.00
  MONTH TO DATE    1.81          2.08  -0.27     0.13
  SINCE MAR 1      6.56          9.31  -2.75     4.60
  SINCE JAN 1     11.93         14.91  -2.98     9.69

DEGREE DAYS
 HEATING
  YESTERDAY       12            10      2        1
  MONTH TO DATE  271           222     49       94
  SINCE MAR 1   1720          1877   -157     1923
  SINCE JUL 1   6087          7257  -1170     7586

 COOLING
  YESTERDAY        0             0      0        0
  MONTH TO DATE    0             0      0       20
  SINCE MAR 1      0             2     -2       20
  SINCE JAN 1      0             2     -2       20
......................................................


WIND (MPH)
  HIGHEST WIND SPEED    13   HIGHEST WIND DIRECTION     W (260)
  HIGHEST GUST SPEED    16   HIGHEST GUST DIRECTION    NW (300)
  AVERAGE WIND SPEED     2.8


SKY COVER
  AVERAGE SKY COVER 0.3



RELATIVE HUMIDITY (PERCENT)
 HIGHEST    92
 LOWEST     34
 AVERAGE    63

..........................................................


THE PITTSFIELD MA CLIMATE NORMALS FOR TODAY
                         NORMAL
 MAXIMUM TEMPERATURE (F)   68
 MINIMUM TEMPERATURE (F)   44


SUNRISE AND SUNSET
MAY 19 2016...........SUNRISE   527 AM EDT   SUNSET   813 PM EDT
MAY 20 2016...........SUNRISE   526 AM EDT   SUNSET   814 PM EDT


-  INDICATES NEGATIVE NUMBERS.
R  INDICATES RECORD WAS SET OR TIED.
MM INDICATES DATA IS MISSING.
T  INDICATES TRACE AMOUNT.




$$
