000
CDUS41 KALY 270622
CLIPSF


CLIMATE REPORT
NATIONAL WEATHER SERVICE ALBANY NY
221 AM EDT WED APR 27 2016


...................................

...THE PITTSFIELD MA CLIMATE SUMMARY FOR APRIL 26 2016...

CLIMATE NORMAL PERIOD 1981 TO 2010
CLIMATE RECORD PERIOD 9999 TO 9999


WEATHER ITEM   OBSERVED TIME   NORMAL DEPARTURE LAST
                VALUE   (LST)  VALUE  FROM      YEAR
                                      NORMAL
......................................................
TEMPERATURE (F)
 YESTERDAY
  MAXIMUM         47   1232 AM  59    -12       52
  MINIMUM         36   1159 PM  38     -2       32
  AVERAGE         42            48     -6       42

PRECIPITATION (IN)
  YESTERDAY        0.35          0.10   0.25     0.00
  MONTH TO DATE    2.49          3.45  -0.96     2.90
  SINCE MAR 1      4.75          6.82  -2.07     4.47
  SINCE JAN 1     10.12         12.42  -2.30     9.56

DEGREE DAYS
 HEATING
  YESTERDAY       23            17      6       23
  MONTH TO DATE  578           565     13      571
  SINCE MAR 1   1375          1592   -217     1772
  SINCE JUL 1   5742          6972  -1230     7435

 COOLING
  YESTERDAY        0             0      0        0
  MONTH TO DATE    0             0      0        0
  SINCE MAR 1      0             0      0        0
  SINCE JAN 1      0             0      0        0
......................................................


WIND (MPH)
  HIGHEST WIND SPEED    12   HIGHEST WIND DIRECTION    NE (60)
  HIGHEST GUST SPEED    19   HIGHEST GUST DIRECTION     E (70)
  AVERAGE WIND SPEED     5.1


SKY COVER
  AVERAGE SKY COVER 1.0



RELATIVE HUMIDITY (PERCENT)
 HIGHEST   100
 LOWEST     49
 AVERAGE    75

..........................................................


THE PITTSFIELD MA CLIMATE NORMALS FOR TODAY
                         NORMAL
 MAXIMUM TEMPERATURE (F)   60
 MINIMUM TEMPERATURE (F)   38


SUNRISE AND SUNSET
APRIL 27 2016.........SUNRISE   553 AM EDT   SUNSET   749 PM EDT
APRIL 28 2016.........SUNRISE   552 AM EDT   SUNSET   750 PM EDT


-  INDICATES NEGATIVE NUMBERS.
R  INDICATES RECORD WAS SET OR TIED.
MM INDICATES DATA IS MISSING.
T  INDICATES TRACE AMOUNT.




$$
