000
CDUS41 KALY 130627
CLIPSF


CLIMATE REPORT
NATIONAL WEATHER SERVICE ALBANY NY
226 AM EDT SAT SEP 13 2014


...................................

...THE PITTSFIELD MA CLIMATE SUMMARY FOR SEPTEMBER 12 2014...

CLIMATE NORMAL PERIOD 1981 TO 2010
CLIMATE RECORD PERIOD 9999 TO 9999


WEATHER ITEM   OBSERVED TIME   NORMAL DEPARTURE LAST
                VALUE   (LST)  VALUE  FROM      YEAR
                                      NORMAL
......................................................
TEMPERATURE (F)
 YESTERDAY
  MAXIMUM         63    238 PM  71     -8       80
  MINIMUM         44   1159 PM  49     -5       63
  AVERAGE         54            60     -6       72

PRECIPITATION (IN)
  YESTERDAY        0.00          0.13  -0.13     1.12
  MONTH TO DATE    0.91          1.36  -0.45     2.39
  SINCE SEP 1      0.91          1.36  -0.45     2.39
  SINCE JAN 1     31.83         31.14   0.69    30.49

DEGREE DAYS
 HEATING
  YESTERDAY       11             6      5        0
  MONTH TO DATE   32            51    -19       52
  SINCE SEP 1     32            51    -19       52
  SINCE JUL 1    105           129    -24      108

 COOLING
  YESTERDAY        0             1     -1        7
  MONTH TO DATE   33            15     18       33
  SINCE SEP 1     33            15     18       33
  SINCE JAN 1    232           285    -53      433
......................................................


WIND (MPH)
  HIGHEST WIND SPEED    20   HIGHEST WIND DIRECTION    NW (300)
  HIGHEST GUST SPEED    MM   HIGHEST GUST DIRECTION    MM
  AVERAGE WIND SPEED     7.6


SKY COVER
  AVERAGE SKY COVER 0.5



RELATIVE HUMIDITY (PERCENT)
 HIGHEST   100
 LOWEST     56
 AVERAGE    78

..........................................................


THE PITTSFIELD MA CLIMATE NORMALS FOR TODAY
                         NORMAL
 MAXIMUM TEMPERATURE (F)   70
 MINIMUM TEMPERATURE (F)   49


SUNRISE AND SUNSET
SEPTEMBER 13 2014.....SUNRISE   631 AM EDT   SUNSET   707 PM EDT
SEPTEMBER 14 2014.....SUNRISE   632 AM EDT   SUNSET   705 PM EDT


-  INDICATES NEGATIVE NUMBERS.
R  INDICATES RECORD WAS SET OR TIED.
MM INDICATES DATA IS MISSING.
T  INDICATES TRACE AMOUNT.




$$
