912
CDUS41 KALY 062144
CLIPSF


CLIMATE REPORT
NATIONAL WEATHER SERVICE ALBANY NY
443 PM EST SAT FEB 6 2016


...................................

...THE PITTSFIELD MA CLIMATE SUMMARY FOR FEBRUARY 6 2016...
VALID TODAY AS OF 0400 PM LOCAL TIME.

CLIMATE NORMAL PERIOD 1981 TO 2010
CLIMATE RECORD PERIOD 9999 TO 9999


WEATHER ITEM   OBSERVED TIME   NORMAL DEPARTURE LAST
                VALUE   (LST)  VALUE  FROM      YEAR
                                      NORMAL
......................................................
TEMPERATURE (F)
 TODAY
  MAXIMUM         37    321 PM  30      7       16
  MINIMUM         17    135 AM  14      3       -9
  AVERAGE         27            22      5        4

PRECIPITATION (IN)
  TODAY            0.00          0.09  -0.09      T
  MONTH TO DATE    0.66          0.50   0.16     0.60
  SINCE DEC 1      5.43          6.42  -0.99     7.71
  SINCE JAN 1      1.75          3.42  -1.67     3.96

DEGREE DAYS
 HEATING
  TODAY           38            43     -5       61
  MONTH TO DATE  174           262    -88      325
  SINCE DEC 1   2148          2836   -688     2867
  SINCE JUL 1   3521          4487   -966     4489

 COOLING
  TODAY            0             0      0        0
  MONTH TO DATE    0             0      0        0
  SINCE DEC 1      0             0      0        0
  SINCE JAN 1      0             0      0        0
......................................................


WIND (MPH)
  HIGHEST WIND SPEED    16   HIGHEST WIND DIRECTION    SW (210)
  HIGHEST GUST SPEED    21   HIGHEST GUST DIRECTION    SW (220)
  AVERAGE WIND SPEED     5.2


SKY COVER
  AVERAGE SKY COVER 0.3



RELATIVE HUMIDITY (PERCENT)
 HIGHEST    84
 LOWEST     40
 AVERAGE    62

..........................................................


THE PITTSFIELD MA CLIMATE NORMALS FOR TOMORROW
                         NORMAL
 MAXIMUM TEMPERATURE (F)   30
 MINIMUM TEMPERATURE (F)   14


SUNRISE AND SUNSET
FEBRUARY  6 2016......SUNRISE   702 AM EST   SUNSET   513 PM EST
FEBRUARY  7 2016......SUNRISE   701 AM EST   SUNSET   514 PM EST


-  INDICATES NEGATIVE NUMBERS.
R  INDICATES RECORD WAS SET OR TIED.
MM INDICATES DATA IS MISSING.
T  INDICATES TRACE AMOUNT.




$$
