021
CDUS41 KALY 270623
CLIPSF


CLIMATE REPORT
NATIONAL WEATHER SERVICE ALBANY NY
122 AM EST SUN NOV 27 2016


...................................

...THE PITTSFIELD MA CLIMATE SUMMARY FOR NOVEMBER 26 2016...

CLIMATE NORMAL PERIOD 1981 TO 2010
CLIMATE RECORD PERIOD 9999 TO 9999


WEATHER ITEM   OBSERVED TIME   NORMAL DEPARTURE LAST
                VALUE   (LST)  VALUE  FROM      YEAR
                                      NORMAL
......................................................
TEMPERATURE (F)
 YESTERDAY
  MAXIMUM         37    546 PM  42     -5       51
  MINIMUM         30    741 AM  26      4       27
  AVERAGE         34            34      0       39

PRECIPITATION (IN)
  YESTERDAY        0.02          0.14  -0.12     0.00
  MONTH TO DATE    1.65          3.38  -1.73     2.76
  SINCE SEP 1      7.37         12.05  -4.68     9.60
  SINCE JAN 1     30.74         41.83 -11.09    36.84

DEGREE DAYS
 HEATING
  YESTERDAY       31            31      0       26
  MONTH TO DATE  661           689    -28      568
  SINCE SEP 1   1279          1447   -168     1232
  SINCE JUL 1   1303          1525   -222     1260

 COOLING
  YESTERDAY        0             0      0        0
  MONTH TO DATE    0             0      0        0
  SINCE SEP 1     51            20     31       53
  SINCE JAN 1    432           290    142      361
......................................................


WIND (MPH)
  HIGHEST WIND SPEED    13   HIGHEST WIND DIRECTION     W (290)
  HIGHEST GUST SPEED    18   HIGHEST GUST DIRECTION    NW (300)
  AVERAGE WIND SPEED     4.2


SKY COVER
  AVERAGE SKY COVER 1.0



RELATIVE HUMIDITY (PERCENT)
 HIGHEST   100
 LOWEST     85
 AVERAGE    93

..........................................................


THE PITTSFIELD MA CLIMATE NORMALS FOR TODAY
                         NORMAL
 MAXIMUM TEMPERATURE (F)   42
 MINIMUM TEMPERATURE (F)   26


SUNRISE AND SUNSET
NOVEMBER 27 2016......SUNRISE   659 AM EST   SUNSET   423 PM EST
NOVEMBER 28 2016......SUNRISE   700 AM EST   SUNSET   422 PM EST


-  INDICATES NEGATIVE NUMBERS.
R  INDICATES RECORD WAS SET OR TIED.
MM INDICATES DATA IS MISSING.
T  INDICATES TRACE AMOUNT.




$$
