000
CDUS41 KALY 150622
CLIPSF


CLIMATE REPORT
NATIONAL WEATHER SERVICE ALBANY NY
221 AM EDT FRI MAY 15 2015


...................................

...THE PITTSFIELD MA CLIMATE SUMMARY FOR MAY 14 2015...

CLIMATE NORMAL PERIOD 1981 TO 2010
CLIMATE RECORD PERIOD 9999 TO 9999


WEATHER ITEM   OBSERVED TIME   NORMAL DEPARTURE LAST
                VALUE   (LST)  VALUE  FROM      YEAR
                                      NORMAL
......................................................
TEMPERATURE (F)
 YESTERDAY
  MAXIMUM         64    439 PM  66     -2       75
  MINIMUM         33    518 AM  43    -10       47
  AVERAGE         49            54     -5       61

PRECIPITATION (IN)
  YESTERDAY        0.00          0.12  -0.12     0.00
  MONTH TO DATE    0.07          1.58  -1.51     0.69
  SINCE MAR 1      4.54          8.81  -4.27     7.26
  SINCE JAN 1      9.63         14.41  -4.78    13.64

DEGREE DAYS
 HEATING
  YESTERDAY       16            11      5        4
  MONTH TO DATE   78           181   -103      135
  SINCE MAR 1   1907          1836     71     1999
  SINCE JUL 1   7570          7216    354     7551

 COOLING
  YESTERDAY        0             0      0        0
  MONTH TO DATE   18             0     18        3
  SINCE MAR 1     18             2     16        4
  SINCE JAN 1     18             2     16        4
......................................................


WIND (MPH)
  HIGHEST WIND SPEED    16   HIGHEST WIND DIRECTION     W (290)
  HIGHEST GUST SPEED    22   HIGHEST GUST DIRECTION    NW (300)
  AVERAGE WIND SPEED     4.7


SKY COVER
  AVERAGE SKY COVER 0.0



RELATIVE HUMIDITY (PERCENT)
 HIGHEST    92
 LOWEST     27
 AVERAGE    60

..........................................................


THE PITTSFIELD MA CLIMATE NORMALS FOR TODAY
                         NORMAL
 MAXIMUM TEMPERATURE (F)   66
 MINIMUM TEMPERATURE (F)   43


SUNRISE AND SUNSET
MAY 15 2015...........SUNRISE   532 AM EDT   SUNSET   808 PM EDT
MAY 16 2015...........SUNRISE   531 AM EDT   SUNSET   809 PM EDT


-  INDICATES NEGATIVE NUMBERS.
R  INDICATES RECORD WAS SET OR TIED.
MM INDICATES DATA IS MISSING.
T  INDICATES TRACE AMOUNT.




$$
