000
CDUS41 KALY 230622
CLIPSF


CLIMATE REPORT
NATIONAL WEATHER SERVICE ALBANY NY
121 AM EST MON FEB 23 2015


...................................

...THE PITTSFIELD MA CLIMATE SUMMARY FOR FEBRUARY 22 2015...

CLIMATE NORMAL PERIOD 1981 TO 2010
CLIMATE RECORD PERIOD 9999 TO 9999


WEATHER ITEM   OBSERVED TIME   NORMAL DEPARTURE LAST
                VALUE   (LST)  VALUE  FROM      YEAR
                                      NORMAL
......................................................
TEMPERATURE (F)
 YESTERDAY
  MAXIMUM         35    400 PM  34      1       46
  MINIMUM         20    548 AM  17      3       25
  AVERAGE         28            25      3       36

PRECIPITATION (IN)
  YESTERDAY        0.01          0.10  -0.09     0.00
  MONTH TO DATE    1.18          2.11  -0.93     2.97
  SINCE DEC 1      8.29          8.03   0.26     9.11
  SINCE JAN 1      4.54          5.03  -0.49     6.32

DEGREE DAYS
 HEATING
  YESTERDAY       37            40     -3       29
  MONTH TO DATE 1177           924    253      987
  SINCE DEC 1   3719          3498    221     3586
  SINCE JUL 1   5341          5149    192     5266

 COOLING
  YESTERDAY        0             0      0        0
  MONTH TO DATE    0             0      0        0
  SINCE DEC 1      0             0      0        0
  SINCE JAN 1      0             0      0        0
......................................................


WIND (MPH)
  HIGHEST WIND SPEED    15   HIGHEST WIND DIRECTION    SW (240)
  HIGHEST GUST SPEED    20   HIGHEST GUST DIRECTION    NW (320)
  AVERAGE WIND SPEED     5.6


SKY COVER
  AVERAGE SKY COVER 0.7



RELATIVE HUMIDITY (PERCENT)
 HIGHEST    96
 LOWEST     56
 AVERAGE    76

..........................................................


THE PITTSFIELD MA CLIMATE NORMALS FOR TODAY
                         NORMAL
 MAXIMUM TEMPERATURE (F)   35
 MINIMUM TEMPERATURE (F)   17


SUNRISE AND SUNSET
FEBRUARY 23 2015......SUNRISE   638 AM EST   SUNSET   535 PM EST
FEBRUARY 24 2015......SUNRISE   637 AM EST   SUNSET   536 PM EST


-  INDICATES NEGATIVE NUMBERS.
R  INDICATES RECORD WAS SET OR TIED.
MM INDICATES DATA IS MISSING.
T  INDICATES TRACE AMOUNT.




$$
