000
CDUS41 KALY 120621
CLIPSF


CLIMATE REPORT
NATIONAL WEATHER SERVICE ALBANY NY
121 AM EST FRI FEB 12 2016


...................................

...THE PITTSFIELD MA CLIMATE SUMMARY FOR FEBRUARY 11 2016...

CLIMATE NORMAL PERIOD 1981 TO 2010
CLIMATE RECORD PERIOD 9999 TO 9999


WEATHER ITEM   OBSERVED TIME   NORMAL DEPARTURE LAST
                VALUE   (LST)  VALUE  FROM      YEAR
                                      NORMAL
......................................................
TEMPERATURE (F)
 YESTERDAY
  MAXIMUM         23   1225 AM  31     -8       28
  MINIMUM          3   1159 PM  15    -12        0
  AVERAGE         13            23    -10       14

PRECIPITATION (IN)
  YESTERDAY        T             0.10  -0.10     0.00
  MONTH TO DATE    0.91          0.97  -0.06     0.92
  SINCE DEC 1      5.68          6.89  -1.21     8.03
  SINCE JAN 1      2.00          3.89  -1.89     4.28

DEGREE DAYS
 HEATING
  YESTERDAY       52            42     10       51
  MONTH TO DATE  379           475    -96      555
  SINCE DEC 1   2353          3049   -696     3097
  SINCE JUL 1   3726          4700   -974     4719

 COOLING
  YESTERDAY        0             0      0        0
  MONTH TO DATE    0             0      0        0
  SINCE DEC 1      0             0      0        0
  SINCE JAN 1      0             0      0        0
......................................................


WIND (MPH)
  HIGHEST WIND SPEED    30   HIGHEST WIND DIRECTION     W (290)
  HIGHEST GUST SPEED    39   HIGHEST GUST DIRECTION     W (290)
  AVERAGE WIND SPEED    15.6


SKY COVER
  AVERAGE SKY COVER 0.9



RELATIVE HUMIDITY (PERCENT)
 HIGHEST    88
 LOWEST     51
 AVERAGE    70

..........................................................


THE PITTSFIELD MA CLIMATE NORMALS FOR TODAY
                         NORMAL
 MAXIMUM TEMPERATURE (F)   31
 MINIMUM TEMPERATURE (F)   15


SUNRISE AND SUNSET
FEBRUARY 12 2016......SUNRISE   655 AM EST   SUNSET   521 PM EST
FEBRUARY 13 2016......SUNRISE   653 AM EST   SUNSET   522 PM EST


-  INDICATES NEGATIVE NUMBERS.
R  INDICATES RECORD WAS SET OR TIED.
MM INDICATES DATA IS MISSING.
T  INDICATES TRACE AMOUNT.




$$
