000
CDUS41 KALY 120624
CLIPSF


CLIMATE REPORT
NATIONAL WEATHER SERVICE ALBANY NY
224 AM EDT FRI SEP 12 2014


...................................

...THE PITTSFIELD MA CLIMATE SUMMARY FOR SEPTEMBER 11 2014...

CLIMATE NORMAL PERIOD 1981 TO 2010
CLIMATE RECORD PERIOD 9999 TO 9999


WEATHER ITEM   OBSERVED TIME   NORMAL DEPARTURE LAST
                VALUE   (LST)  VALUE  FROM      YEAR
                                      NORMAL
......................................................
TEMPERATURE (F)
 YESTERDAY
  MAXIMUM         72    419 PM  71      1       90
  MINIMUM         56   1159 PM  50      6       64
  AVERAGE         64            60      4       77

PRECIPITATION (IN)
  YESTERDAY        0.09          0.13  -0.04     0.12
  MONTH TO DATE    0.91          1.23  -0.32     1.27
  SINCE SEP 1      0.91          1.23  -0.32     1.27
  SINCE JAN 1     31.83         31.01   0.82    29.37

DEGREE DAYS
 HEATING
  YESTERDAY        1             5     -4        0
  MONTH TO DATE   21            45    -24       52
  SINCE SEP 1     21            45    -24       52
  SINCE JUL 1     94           123    -29      108

 COOLING
  YESTERDAY        0             1     -1       12
  MONTH TO DATE   33            14     19       26
  SINCE SEP 1     33            14     19       26
  SINCE JAN 1    232           284    -52      426
......................................................


WIND (MPH)
  HIGHEST WIND SPEED    24   HIGHEST WIND DIRECTION    NW (310)
  HIGHEST GUST SPEED    34   HIGHEST GUST DIRECTION    NW (310)
  AVERAGE WIND SPEED    11.5


SKY COVER
  AVERAGE SKY COVER 0.9



RELATIVE HUMIDITY (PERCENT)
 HIGHEST    93
 LOWEST     72
 AVERAGE    83

..........................................................


THE PITTSFIELD MA CLIMATE NORMALS FOR TODAY
                         NORMAL
 MAXIMUM TEMPERATURE (F)   71
 MINIMUM TEMPERATURE (F)   49


SUNRISE AND SUNSET
SEPTEMBER 12 2014.....SUNRISE   630 AM EDT   SUNSET   708 PM EDT
SEPTEMBER 13 2014.....SUNRISE   631 AM EDT   SUNSET   707 PM EDT


-  INDICATES NEGATIVE NUMBERS.
R  INDICATES RECORD WAS SET OR TIED.
MM INDICATES DATA IS MISSING.
T  INDICATES TRACE AMOUNT.




$$
