000
CDUS41 KALY 170626
CLIPSF


CLIMATE REPORT
NATIONAL WEATHER SERVICE ALBANY NY
125 AM EST MON NOV 17 2014


...................................

...THE PITTSFIELD MA CLIMATE SUMMARY FOR NOVEMBER 16 2014...

CLIMATE NORMAL PERIOD 1981 TO 2010
CLIMATE RECORD PERIOD 9999 TO 9999


WEATHER ITEM   OBSERVED TIME   NORMAL DEPARTURE LAST
                VALUE   (LST)  VALUE  FROM      YEAR
                                      NORMAL
......................................................
TEMPERATURE (F)
 YESTERDAY
  MAXIMUM         35   1159 PM  47    -12       57
  MINIMUM         17    324 AM  29    -12       30
  AVERAGE         26            38    -12       44

PRECIPITATION (IN)
  YESTERDAY        0.00          0.13  -0.13     0.00
  MONTH TO DATE    0.47          2.02  -1.55     0.86
  SINCE SEP 1      7.11         10.69  -3.58     6.28
  SINCE JAN 1     38.03         40.47  -2.44    34.38

DEGREE DAYS
 HEATING
  YESTERDAY       39            27     12       21
  MONTH TO DATE  423           397     26      420
  SINCE SEP 1   1082          1155    -73     1137
  SINCE JUL 1   1155          1233    -78     1193

 COOLING
  YESTERDAY        0             0      0        0
  MONTH TO DATE    0             0      0        0
  SINCE SEP 1     39            20     19       33
  SINCE JAN 1    238           290    -52      433
......................................................


WIND (MPH)
  HIGHEST WIND SPEED    17   HIGHEST WIND DIRECTION    SW (230)
  HIGHEST GUST SPEED    24   HIGHEST GUST DIRECTION     S (200)
  AVERAGE WIND SPEED     4.4


SKY COVER
  AVERAGE SKY COVER 0.7



RELATIVE HUMIDITY (PERCENT)
 HIGHEST    92
 LOWEST     56
 AVERAGE    74

..........................................................


THE PITTSFIELD MA CLIMATE NORMALS FOR TODAY
                         NORMAL
 MAXIMUM TEMPERATURE (F)   46
 MINIMUM TEMPERATURE (F)   29


SUNRISE AND SUNSET
NOVEMBER 17 2014......SUNRISE   647 AM EST   SUNSET   429 PM EST
NOVEMBER 18 2014......SUNRISE   648 AM EST   SUNSET   429 PM EST


-  INDICATES NEGATIVE NUMBERS.
R  INDICATES RECORD WAS SET OR TIED.
MM INDICATES DATA IS MISSING.
T  INDICATES TRACE AMOUNT.




$$
