000
CDUS41 KALY 052054
CLIPSF


CLIMATE REPORT
NATIONAL WEATHER SERVICE ALBANY NY
453 PM EDT SAT JUL 5 2014


...................................

...THE PITTSFIELD MA CLIMATE SUMMARY FOR JULY 5 2014...
VALID TODAY AS OF 0400 PM LOCAL TIME.

CLIMATE NORMAL PERIOD 1981 TO 2010
CLIMATE RECORD PERIOD 9999 TO 9999


WEATHER ITEM   OBSERVED TIME   NORMAL DEPARTURE LAST
                VALUE   (LST)  VALUE  FROM      YEAR
                                      NORMAL
......................................................
TEMPERATURE (F)
 TODAY
  MAXIMUM         75    332 PM  78     -3       87
  MINIMUM         55    513 AM  56     -1       71
  AVERAGE         65            67     -2       79

PRECIPITATION (IN)
  TODAY            0.00          0.12  -0.12     0.00
  MONTH TO DATE    1.84          0.57   1.27     0.07
  SINCE JUN 1      7.19          4.97   2.22     7.44
  SINCE JAN 1     21.19         22.01  -0.82    22.03

DEGREE DAYS
 HEATING
  TODAY            0             1     -1        0
  MONTH TO DATE    3             5     -2        0
  SINCE JUN 1     61           106    -45      108
  SINCE JUL 1      3             5     -2        0

 COOLING
  TODAY            0             3     -3       14
  MONTH TO DATE   31            15     16       54
  SINCE JUN 1     74            71      3      140
  SINCE JAN 1     80            84     -4      165
......................................................


WIND (MPH)
  HIGHEST WIND SPEED    22   HIGHEST WIND DIRECTION     W (270)
  HIGHEST GUST SPEED    29   HIGHEST GUST DIRECTION     W (270)
  AVERAGE WIND SPEED    12.4


SKY COVER
  AVERAGE SKY COVER 0.3



RELATIVE HUMIDITY (PERCENT)
 HIGHEST    86
 LOWEST     44
 AVERAGE    65

..........................................................


THE PITTSFIELD MA CLIMATE NORMALS FOR TOMORROW
                         NORMAL
 MAXIMUM TEMPERATURE (F)   78
 MINIMUM TEMPERATURE (F)   56


SUNRISE AND SUNSET
JULY  5 2014..........SUNRISE   522 AM EDT   SUNSET   833 PM EDT
JULY  6 2014..........SUNRISE   523 AM EDT   SUNSET   833 PM EDT


-  INDICATES NEGATIVE NUMBERS.
R  INDICATES RECORD WAS SET OR TIED.
MM INDICATES DATA IS MISSING.
T  INDICATES TRACE AMOUNT.




$$
