000
CDUS41 KALY 082047
CLIPSF


CLIMATE REPORT
NATIONAL WEATHER SERVICE ALBANY NY
446 PM EDT THU JUN 8 2017


...................................

...THE PITTSFIELD MA CLIMATE SUMMARY FOR JUNE 8 2017...
VALID TODAY AS OF 0400 PM LOCAL TIME.

CLIMATE NORMAL PERIOD 1981 TO 2010
CLIMATE RECORD PERIOD 9999 TO 9999


WEATHER ITEM   OBSERVED TIME   NORMAL DEPARTURE LAST
                VALUE   (LST)  VALUE  FROM      YEAR
                                      NORMAL
......................................................
TEMPERATURE (F)
 TODAY
  MAXIMUM         76   1232 PM  73      3       60
  MINIMUM         45    342 AM  51     -6       48
  AVERAGE         61            62     -1       54

PRECIPITATION (IN)
  TODAY            0.00          0.18  -0.18     0.01
  MONTH TO DATE    1.25          1.44  -0.19     1.62
  SINCE JUN 1      1.25          1.44  -0.19     1.62
  SINCE JAN 1     20.03         18.48   1.55    15.72

DEGREE DAYS
 HEATING
  TODAY            4             5     -1       11
  MONTH TO DATE   75            44     31       14
  SINCE JUN 1     75            44     31       14
  SINCE JUL 1   6749          7404   -655     6143

 COOLING
  TODAY            0             2     -2        0
  MONTH TO DATE    0             9     -9        7
  SINCE JUN 1      0             9     -9        7
  SINCE JAN 1     14            22     -8       48
......................................................


WIND (MPH)
  HIGHEST WIND SPEED    15   HIGHEST WIND DIRECTION    SE (140)
  HIGHEST GUST SPEED    19   HIGHEST GUST DIRECTION     S (160)
  AVERAGE WIND SPEED     2.9


SKY COVER
  AVERAGE SKY COVER 0.1



RELATIVE HUMIDITY (PERCENT)
 HIGHEST    93
 LOWEST     35
 AVERAGE    64

..........................................................


THE PITTSFIELD MA CLIMATE NORMALS FOR TOMORROW
                         NORMAL
 MAXIMUM TEMPERATURE (F)   73
 MINIMUM TEMPERATURE (F)   51


SUNRISE AND SUNSET
JUNE  8 2017..........SUNRISE   516 AM EDT   SUNSET   829 PM EDT
JUNE  9 2017..........SUNRISE   516 AM EDT   SUNSET   829 PM EDT


-  INDICATES NEGATIVE NUMBERS.
R  INDICATES RECORD WAS SET OR TIED.
MM INDICATES DATA IS MISSING.
T  INDICATES TRACE AMOUNT.




$$
