000
CDUS41 KALY 160630
CLIPSF


CLIMATE REPORT
NATIONAL WEATHER SERVICE ALBANY NY
228 AM EDT FRI SEP 16 2016


...................................

...THE PITTSFIELD MA CLIMATE SUMMARY FOR SEPTEMBER 15 2016...

CLIMATE NORMAL PERIOD 1981 TO 2010
CLIMATE RECORD PERIOD 9999 TO 9999


WEATHER ITEM   OBSERVED TIME   NORMAL DEPARTURE LAST
                VALUE   (LST)  VALUE  FROM      YEAR
                                      NORMAL
......................................................
TEMPERATURE (F)
 YESTERDAY
  MAXIMUM         69    310 PM  70     -1       76
  MINIMUM         42    554 AM  48     -6       49
  AVERAGE         56            59     -3       63

PRECIPITATION (IN)
  YESTERDAY        0.00          0.14  -0.14     0.00
  MONTH TO DATE    0.28          1.77  -1.49     2.05
  SINCE SEP 1      0.28          1.77  -1.49     2.05
  SINCE JAN 1     23.65         31.55  -7.90    29.29

DEGREE DAYS
 HEATING
  YESTERDAY        9             7      2        2
  MONTH TO DATE   27            70    -43       12
  SINCE SEP 1     27            70    -43       12
  SINCE JUL 1     51           148    -97       40

 COOLING
  YESTERDAY        0             0      0        0
  MONTH TO DATE   38            16     22       49
  SINCE SEP 1     38            16     22       49
  SINCE JAN 1    419           286    133      357
......................................................


WIND (MPH)
  HIGHEST WIND SPEED    10   HIGHEST WIND DIRECTION     W (280)
  HIGHEST GUST SPEED    14   HIGHEST GUST DIRECTION    NE (60)
  AVERAGE WIND SPEED     2.3


SKY COVER
  AVERAGE SKY COVER 0.0



RELATIVE HUMIDITY (PERCENT)
 HIGHEST    96
 LOWEST     32
 AVERAGE    64

..........................................................


THE PITTSFIELD MA CLIMATE NORMALS FOR TODAY
                         NORMAL
 MAXIMUM TEMPERATURE (F)   69
 MINIMUM TEMPERATURE (F)   48


SUNRISE AND SUNSET
SEPTEMBER 16 2016.....SUNRISE   635 AM EDT   SUNSET   700 PM EDT
SEPTEMBER 17 2016.....SUNRISE   636 AM EDT   SUNSET   659 PM EDT


-  INDICATES NEGATIVE NUMBERS.
R  INDICATES RECORD WAS SET OR TIED.
MM INDICATES DATA IS MISSING.
T  INDICATES TRACE AMOUNT.




$$
