000
CDUS41 KALY 250629
CLIPSF


CLIMATE REPORT
NATIONAL WEATHER SERVICE ALBANY NY
225 AM EDT TUE AUG 25 2015


...................................

...THE PITTSFIELD MA CLIMATE SUMMARY FOR AUGUST 24 2015...

CLIMATE NORMAL PERIOD 1981 TO 2010
CLIMATE RECORD PERIOD 9999 TO 9999


WEATHER ITEM   OBSERVED TIME   NORMAL DEPARTURE LAST
                VALUE   (LST)  VALUE  FROM      YEAR
                                      NORMAL
......................................................
TEMPERATURE (F)
 YESTERDAY
  MAXIMUM         80    355 PM  76      4       78
  MINIMUM         60    208 AM  55      5       52
  AVERAGE         70            66      4       65

PRECIPITATION (IN)
  YESTERDAY        0.00          0.13  -0.13     0.00
  MONTH TO DATE    2.34          3.24  -0.90     2.33
  SINCE JUN 1     15.47         11.89   3.58    16.91
  SINCE JAN 1     26.61         28.93  -2.32    30.91

DEGREE DAYS
 HEATING
  YESTERDAY        0             2     -2        0
  MONTH TO DATE    1            27    -26       42
  SINCE JUN 1    131           159    -28      118
  SINCE JUL 1     20            58    -38       60

 COOLING
  YESTERDAY        5             2      3        0
  MONTH TO DATE   95            82     13       20
  SINCE JUN 1    249           246      3      177
  SINCE JAN 1    293           259     34      183
......................................................


WIND (MPH)
  HIGHEST WIND SPEED    13   HIGHEST WIND DIRECTION     S (190)
  HIGHEST GUST SPEED    18   HIGHEST GUST DIRECTION     S (180)
  AVERAGE WIND SPEED     3.8


SKY COVER
  AVERAGE SKY COVER 0.4



RELATIVE HUMIDITY (PERCENT)
 HIGHEST   100
 LOWEST     49
 AVERAGE    75

..........................................................


THE PITTSFIELD MA CLIMATE NORMALS FOR TODAY
                         NORMAL
 MAXIMUM TEMPERATURE (F)   76
 MINIMUM TEMPERATURE (F)   55


SUNRISE AND SUNSET
AUGUST 25 2015........SUNRISE   611 AM EDT   SUNSET   739 PM EDT
AUGUST 26 2015........SUNRISE   612 AM EDT   SUNSET   738 PM EDT


-  INDICATES NEGATIVE NUMBERS.
R  INDICATES RECORD WAS SET OR TIED.
MM INDICATES DATA IS MISSING.
T  INDICATES TRACE AMOUNT.




$$
