000
CDUS41 KALY 250626
CLIPSF


CLIMATE REPORT
NATIONAL WEATHER SERVICE ALBANY NY
225 AM EDT MON AUG 25 2014


...................................

...THE PITTSFIELD MA CLIMATE SUMMARY FOR AUGUST 24 2014...

CLIMATE NORMAL PERIOD 1981 TO 2010
CLIMATE RECORD PERIOD 9999 TO 9999


WEATHER ITEM   OBSERVED TIME   NORMAL DEPARTURE LAST
                VALUE   (LST)  VALUE  FROM      YEAR
                                      NORMAL
......................................................
TEMPERATURE (F)
 YESTERDAY
  MAXIMUM         78    358 PM  76      2       75
  MINIMUM         52    448 AM  55     -3       45
  AVERAGE         65            66     -1       60

PRECIPITATION (IN)
  YESTERDAY        0.00          0.13  -0.13     0.00
  MONTH TO DATE    2.33          3.24  -0.91     3.43
  SINCE JUN 1     16.91         11.89   5.02    12.11
  SINCE JAN 1     30.91         28.93   1.98    26.70

DEGREE DAYS
 HEATING
  YESTERDAY        0             2     -2        5
  MONTH TO DATE   42            27     15       44
  SINCE JUN 1    118           159    -41      160
  SINCE JUL 1     60            58      2       52

 COOLING
  YESTERDAY        0             2     -2        0
  MONTH TO DATE   20            82    -62       28
  SINCE JUN 1    177           246    -69      339
  SINCE JAN 1    183           259    -76      364
......................................................


WIND (MPH)
  HIGHEST WIND SPEED    13   HIGHEST WIND DIRECTION     N (360)
  HIGHEST GUST SPEED    18   HIGHEST GUST DIRECTION     N (10)
  AVERAGE WIND SPEED     2.1


SKY COVER
  AVERAGE SKY COVER 0.5



RELATIVE HUMIDITY (PERCENT)
 HIGHEST   100
 LOWEST     45
 AVERAGE    73

..........................................................


THE PITTSFIELD MA CLIMATE NORMALS FOR TODAY
                         NORMAL
 MAXIMUM TEMPERATURE (F)   76
 MINIMUM TEMPERATURE (F)   55


SUNRISE AND SUNSET
AUGUST 25 2014........SUNRISE   611 AM EDT   SUNSET   739 PM EDT
AUGUST 26 2014........SUNRISE   612 AM EDT   SUNSET   737 PM EDT


-  INDICATES NEGATIVE NUMBERS.
R  INDICATES RECORD WAS SET OR TIED.
MM INDICATES DATA IS MISSING.
T  INDICATES TRACE AMOUNT.




$$
