000
CDUS41 KALY 150634
CLIPSF


CLIMATE REPORT
NATIONAL WEATHER SERVICE ALBANY NY
231 AM EDT FRI AUG 15 2014


...................................

...THE PITTSFIELD MA CLIMATE SUMMARY FOR AUGUST 14 2014...

CLIMATE NORMAL PERIOD 1981 TO 2010
CLIMATE RECORD PERIOD 9999 TO 9999


WEATHER ITEM   OBSERVED TIME   NORMAL DEPARTURE LAST
                VALUE   (LST)  VALUE  FROM      YEAR
                                      NORMAL
......................................................
TEMPERATURE (F)
 YESTERDAY
  MAXIMUM         68    435 PM  78    -10       68
  MINIMUM         53    552 AM  56     -3       51
  AVERAGE         61            67     -6       60

PRECIPITATION (IN)
  YESTERDAY        0.01          0.13  -0.12     0.00
  MONTH TO DATE    1.27          1.92  -0.65     3.03
  SINCE JUN 1     15.85         10.57   5.28    11.71
  SINCE JAN 1     29.85         27.61   2.24    26.30

DEGREE DAYS
 HEATING
  YESTERDAY        4             1      3        5
  MONTH TO DATE   10            14     -4       22
  SINCE JUN 1     86           146    -60      138
  SINCE JUL 1     28            45    -17       30

 COOLING
  YESTERDAY        0             3     -3        0
  MONTH TO DATE   18            54    -36       20
  SINCE JUN 1    175           218    -43      331
  SINCE JAN 1    181           231    -50      356
......................................................


WIND (MPH)
  HIGHEST WIND SPEED    20   HIGHEST WIND DIRECTION     W (260)
  HIGHEST GUST SPEED    24   HIGHEST GUST DIRECTION     W (260)
  AVERAGE WIND SPEED     7.9


SKY COVER
  AVERAGE SKY COVER 0.7



RELATIVE HUMIDITY (PERCENT)
 HIGHEST    90
 LOWEST     45
 AVERAGE    68

..........................................................


THE PITTSFIELD MA CLIMATE NORMALS FOR TODAY
                         NORMAL
 MAXIMUM TEMPERATURE (F)   78
 MINIMUM TEMPERATURE (F)   56


SUNRISE AND SUNSET
AUGUST 15 2014........SUNRISE   600 AM EDT   SUNSET   754 PM EDT
AUGUST 16 2014........SUNRISE   601 AM EDT   SUNSET   753 PM EDT


-  INDICATES NEGATIVE NUMBERS.
R  INDICATES RECORD WAS SET OR TIED.
MM INDICATES DATA IS MISSING.
T  INDICATES TRACE AMOUNT.




$$
