000
CDUS41 KALY 140638
CLIPSF


CLIMATE REPORT
NATIONAL WEATHER SERVICE ALBANY NY
238 AM EDT THU JUL 14 2016


...................................

...THE PITTSFIELD MA CLIMATE SUMMARY FOR JULY 13 2016...

CLIMATE NORMAL PERIOD 1981 TO 2010
CLIMATE RECORD PERIOD 9999 TO 9999


WEATHER ITEM   OBSERVED TIME   NORMAL DEPARTURE LAST
                VALUE   (LST)  VALUE  FROM      YEAR
                                      NORMAL
......................................................
TEMPERATURE (F)
 YESTERDAY
  MAXIMUM         84    258 PM  79      5       81
  MINIMUM         59    407 AM  56      3       60
  AVERAGE         72            68      4       71

PRECIPITATION (IN)
  YESTERDAY        0.00          0.14  -0.14     0.23
  MONTH TO DATE    1.94          1.56   0.38     3.88
  SINCE JUN 1      4.44          5.96  -1.52    12.01
  SINCE JAN 1     18.54         23.00  -4.46    23.15

DEGREE DAYS
 HEATING
  YESTERDAY        0             1     -1        0
  MONTH TO DATE    7            13     -6       10
  SINCE JUN 1     83           114    -31      121
  SINCE JUL 1      7            13     -6       10

 COOLING
  YESTERDAY        7             4      3        6
  MONTH TO DATE   43            45     -2       38
  SINCE JUN 1     82           101    -19       71
  SINCE JAN 1    123           114      9      115
......................................................


WIND (MPH)
  HIGHEST WIND SPEED    17   HIGHEST WIND DIRECTION     S (180)
  HIGHEST GUST SPEED    24   HIGHEST GUST DIRECTION     S (160)
  AVERAGE WIND SPEED     6.4


SKY COVER
  AVERAGE SKY COVER 0.1



RELATIVE HUMIDITY (PERCENT)
 HIGHEST    97
 LOWEST     55
 AVERAGE    76

..........................................................


THE PITTSFIELD MA CLIMATE NORMALS FOR TODAY
                         NORMAL
 MAXIMUM TEMPERATURE (F)   79
 MINIMUM TEMPERATURE (F)   56


SUNRISE AND SUNSET
JULY 14 2016..........SUNRISE   529 AM EDT   SUNSET   829 PM EDT
JULY 15 2016..........SUNRISE   530 AM EDT   SUNSET   828 PM EDT


-  INDICATES NEGATIVE NUMBERS.
R  INDICATES RECORD WAS SET OR TIED.
MM INDICATES DATA IS MISSING.
T  INDICATES TRACE AMOUNT.




$$
