000
CDUS41 KALY 022046
CLIPSF


CLIMATE REPORT
NATIONAL WEATHER SERVICE ALBANY NY
445 PM EDT THU NOV 2 2017


...................................

...THE PITTSFIELD MA CLIMATE SUMMARY FOR NOVEMBER 2 2017...
VALID TODAY AS OF 0400 PM LOCAL TIME.

CLIMATE NORMAL PERIOD 1981 TO 2010
CLIMATE RECORD PERIOD 9999 TO 9999


WEATHER ITEM   OBSERVED TIME   NORMAL DEPARTURE LAST
                VALUE   (LST)  VALUE  FROM      YEAR
                                      NORMAL
......................................................
TEMPERATURE (F)
 TODAY
  MAXIMUM         66    333 PM  52     14       69
  MINIMUM         45   1217 AM  32     13       40
  AVERAGE         56            42     14       55

PRECIPITATION (IN)
  TODAY            0.01          0.13  -0.12     0.00
  MONTH TO DATE    0.09          0.26  -0.17     0.00
  SINCE SEP 1      7.38          8.93  -1.55     5.72
  SINCE JAN 1     38.17         38.71  -0.54    29.09

DEGREE DAYS
 HEATING
  TODAY            9            23    -14       10
  MONTH TO DATE   35            45    -10       37
  SINCE SEP 1    494           803   -309      655
  SINCE JUL 1    580           881   -301      679

 COOLING
  TODAY            0             0      0        0
  MONTH TO DATE    0             0      0        0
  SINCE SEP 1     81            20     61       51
  SINCE JAN 1    351           290     61      432
......................................................


WIND (MPH)
  HIGHEST WIND SPEED    13   HIGHEST WIND DIRECTION     S (190)
  HIGHEST GUST SPEED    19   HIGHEST GUST DIRECTION     S (190)
  AVERAGE WIND SPEED     4.6


SKY COVER
  AVERAGE SKY COVER 0.9



RELATIVE HUMIDITY (PERCENT)
 HIGHEST    93
 LOWEST     63
 AVERAGE    78

..........................................................


THE PITTSFIELD MA CLIMATE NORMALS FOR TOMORROW
                         NORMAL
 MAXIMUM TEMPERATURE (F)   52
 MINIMUM TEMPERATURE (F)   32


SUNRISE AND SUNSET
NOVEMBER  2 2017......SUNRISE   728 AM EDT   SUNSET   545 PM EDT
NOVEMBER  3 2017......SUNRISE   729 AM EDT   SUNSET   544 PM EDT


-  INDICATES NEGATIVE NUMBERS.
R  INDICATES RECORD WAS SET OR TIED.
MM INDICATES DATA IS MISSING.
T  INDICATES TRACE AMOUNT.




$$
