130
CDUS41 KALY 190623
CLIPSF


CLIMATE REPORT
NATIONAL WEATHER SERVICE ALBANY NY
221 AM EDT WED JUL 19 2017


...................................

...THE PITTSFIELD MA CLIMATE SUMMARY FOR JULY 18 2017...

CLIMATE NORMAL PERIOD 1981 TO 2010
CLIMATE RECORD PERIOD 9999 TO 9999


WEATHER ITEM   OBSERVED TIME   NORMAL DEPARTURE LAST
                VALUE   (LST)  VALUE  FROM      YEAR
                                      NORMAL
......................................................
TEMPERATURE (F)
 YESTERDAY
  MAXIMUM         83    412 PM  79      4       85
  MINIMUM         63    306 AM  57      6       59
  AVERAGE         73            68      5       72

PRECIPITATION (IN)
  YESTERDAY        0.01          0.15  -0.14     0.00
  MONTH TO DATE    2.45          2.23   0.22     2.13
  SINCE JUN 1      6.45          6.63  -0.18     4.63
  SINCE JAN 1     25.23         23.67   1.56    18.73

DEGREE DAYS
 HEATING
  YESTERDAY        0             1     -1        0
  MONTH TO DATE    5            18    -13        7
  SINCE JUN 1    111           119     -8       83
  SINCE JUL 1      5            18    -13        7

 COOLING
  YESTERDAY        8             3      5        7
  MONTH TO DATE   72            62     10       82
  SINCE JUN 1    150           118     32      121
  SINCE JAN 1    164           131     33      162
......................................................


WIND (MPH)
  HIGHEST WIND SPEED    13   HIGHEST WIND DIRECTION     W (280)
  HIGHEST GUST SPEED    16   HIGHEST GUST DIRECTION     W (270)
  AVERAGE WIND SPEED     2.9


SKY COVER
  AVERAGE SKY COVER 0.5



RELATIVE HUMIDITY (PERCENT)
 HIGHEST   100
 LOWEST     55
 AVERAGE    78

..........................................................


THE PITTSFIELD MA CLIMATE NORMALS FOR TODAY
                         NORMAL
 MAXIMUM TEMPERATURE (F)   79
 MINIMUM TEMPERATURE (F)   57


SUNRISE AND SUNSET
JULY 19 2017..........SUNRISE   533 AM EDT   SUNSET   825 PM EDT
JULY 20 2017..........SUNRISE   534 AM EDT   SUNSET   825 PM EDT


-  INDICATES NEGATIVE NUMBERS.
R  INDICATES RECORD WAS SET OR TIED.
MM INDICATES DATA IS MISSING.
T  INDICATES TRACE AMOUNT.




$$
