000
CDUS41 KALY 090623
CLIPSF


CLIMATE REPORT
NATIONAL WEATHER SERVICE ALBANY NY
122 AM EST SUN NOV 9 2014


...................................

...THE PITTSFIELD MA CLIMATE SUMMARY FOR NOVEMBER 8 2014...

CLIMATE NORMAL PERIOD 1981 TO 2010
CLIMATE RECORD PERIOD 9999 TO 9999


WEATHER ITEM   OBSERVED TIME   NORMAL DEPARTURE LAST
                VALUE   (LST)  VALUE  FROM      YEAR
                                      NORMAL
......................................................
TEMPERATURE (F)
 YESTERDAY
  MAXIMUM         43    203 PM  50     -7       40
  MINIMUM         30    711 AM  31     -1       31
  AVERAGE         37            40     -3       36

PRECIPITATION (IN)
  YESTERDAY        0.00          0.13  -0.13     0.01
  MONTH TO DATE    0.35          1.06  -0.71     0.80
  SINCE SEP 1      6.99          9.73  -2.74     6.22
  SINCE JAN 1     37.91         39.51  -1.60    34.32

DEGREE DAYS
 HEATING
  YESTERDAY       28            25      3       29
  MONTH TO DATE  190           188      2      185
  SINCE SEP 1    849           946    -97      902
  SINCE JUL 1    922          1024   -102      958

 COOLING
  YESTERDAY        0             0      0        0
  MONTH TO DATE    0             0      0        0
  SINCE SEP 1     39            20     19       33
  SINCE JAN 1    238           290    -52      433
......................................................


WIND (MPH)
  HIGHEST WIND SPEED    21   HIGHEST WIND DIRECTION     W (290)
  HIGHEST GUST SPEED    27   HIGHEST GUST DIRECTION     W (260)
  AVERAGE WIND SPEED     7.8


SKY COVER
  AVERAGE SKY COVER 0.7



RELATIVE HUMIDITY (PERCENT)
 HIGHEST    78
 LOWEST     45
 AVERAGE    62

..........................................................


THE PITTSFIELD MA CLIMATE NORMALS FOR TODAY
                         NORMAL
 MAXIMUM TEMPERATURE (F)   50
 MINIMUM TEMPERATURE (F)   31


SUNRISE AND SUNSET
NOVEMBER  9 2014......SUNRISE   637 AM EST   SUNSET   437 PM EST
NOVEMBER 10 2014......SUNRISE   638 AM EST   SUNSET   436 PM EST


-  INDICATES NEGATIVE NUMBERS.
R  INDICATES RECORD WAS SET OR TIED.
MM INDICATES DATA IS MISSING.
T  INDICATES TRACE AMOUNT.




$$
