000
CDUS41 KALY 100630
CLIPSF


CLIMATE REPORT
NATIONAL WEATHER SERVICE ALBANY NY
130 AM EST FRI FEB 10 2017


...................................

...THE PITTSFIELD MA CLIMATE SUMMARY FOR FEBRUARY 9 2017...

CLIMATE NORMAL PERIOD 1981 TO 2010
CLIMATE RECORD PERIOD 9999 TO 9999


WEATHER ITEM   OBSERVED TIME   NORMAL DEPARTURE LAST
                VALUE   (LST)  VALUE  FROM      YEAR
                                      NORMAL
......................................................
TEMPERATURE (F)
 YESTERDAY
  MAXIMUM         27    350 AM  31     -4       29
  MINIMUM          5   1148 PM  14     -9       17
  AVERAGE         16            22     -6       23

PRECIPITATION (IN)
  YESTERDAY        0.47          0.10   0.37      T
  MONTH TO DATE    0.97          0.77   0.20     0.88
  SINCE DEC 1      6.71          6.69   0.02     5.65
  SINCE JAN 1      3.69          3.69   0.00     1.97

DEGREE DAYS
 HEATING
  YESTERDAY       49            43      6       42
  MONTH TO DATE  362           391    -29      289
  SINCE DEC 1   2687          2965   -278     2263
  SINCE JUL 1   4094          4616   -522     3636

 COOLING
  YESTERDAY        0             0      0        0
  MONTH TO DATE    0             0      0        0
  SINCE DEC 1      0             0      0        0
  SINCE JAN 1      0             0      0        0
......................................................


WIND (MPH)
  HIGHEST WIND SPEED    24   HIGHEST WIND DIRECTION     N (340)
  HIGHEST GUST SPEED    36   HIGHEST GUST DIRECTION    NW (330)
  AVERAGE WIND SPEED    10.6


SKY COVER
  AVERAGE SKY COVER 0.8



RELATIVE HUMIDITY (PERCENT)
 HIGHEST    91
 LOWEST     60
 AVERAGE    76

..........................................................


THE PITTSFIELD MA CLIMATE NORMALS FOR TODAY
                         NORMAL
 MAXIMUM TEMPERATURE (F)   31
 MINIMUM TEMPERATURE (F)   14


SUNRISE AND SUNSET
FEBRUARY 10 2017......SUNRISE   656 AM EST   SUNSET   519 PM EST
FEBRUARY 11 2017......SUNRISE   655 AM EST   SUNSET   521 PM EST


-  INDICATES NEGATIVE NUMBERS.
R  INDICATES RECORD WAS SET OR TIED.
MM INDICATES DATA IS MISSING.
T  INDICATES TRACE AMOUNT.




$$
