000
CDUS41 KALY 090624
CLIPSF


CLIMATE REPORT
NATIONAL WEATHER SERVICE ALBANY NY
123 AM EST FRI FEB 9 2018


...................................

...THE PITTSFIELD MA CLIMATE SUMMARY FOR FEBRUARY 8 2018...

CLIMATE NORMAL PERIOD 1981 TO 2010
CLIMATE RECORD PERIOD 9999 TO 9999


WEATHER ITEM   OBSERVED TIME   NORMAL DEPARTURE LAST
                VALUE   (LST)  VALUE  FROM      YEAR
                                      NORMAL
......................................................
TEMPERATURE (F)
 YESTERDAY
  MAXIMUM         23    324 PM  31     -8       41
  MINIMUM          9   1005 PM  14     -5       26
  AVERAGE         16            22     -6       34

PRECIPITATION (IN)
  YESTERDAY        T             0.09  -0.09     0.20
  MONTH TO DATE    1.61          0.67   0.94     0.50
  SINCE DEC 1      8.42          6.59   1.83     6.24
  SINCE JAN 1      6.27          3.59   2.68     3.22

DEGREE DAYS
 HEATING
  YESTERDAY       49            43      6       31
  MONTH TO DATE  351           348      3      313
  SINCE DEC 1   2929          2922      7     2638
  SINCE JUL 1   4254          4573   -319     4045

 COOLING
  YESTERDAY        0             0      0        0
  MONTH TO DATE    0             0      0        0
  SINCE DEC 1      0             0      0        0
  SINCE JAN 1      0             0      0        0
......................................................


WIND (MPH)
  HIGHEST WIND SPEED    24   HIGHEST WIND DIRECTION     W (290)
  HIGHEST GUST SPEED    35   HIGHEST GUST DIRECTION     W (290)
  AVERAGE WIND SPEED     7.8


SKY COVER
  AVERAGE SKY COVER 0.6



RELATIVE HUMIDITY (PERCENT)
 HIGHEST    84
 LOWEST     52
 AVERAGE    68

..........................................................


THE PITTSFIELD MA CLIMATE NORMALS FOR TODAY
                         NORMAL
 MAXIMUM TEMPERATURE (F)   31
 MINIMUM TEMPERATURE (F)   14


SUNRISE AND SUNSET
FEBRUARY  9 2018......SUNRISE   658 AM EST   SUNSET   518 PM EST
FEBRUARY 10 2018......SUNRISE   656 AM EST   SUNSET   519 PM EST


-  INDICATES NEGATIVE NUMBERS.
R  INDICATES RECORD WAS SET OR TIED.
MM INDICATES DATA IS MISSING.
T  INDICATES TRACE AMOUNT.




$$
