000
CDUS41 KALY 140622
CLIPSF


CLIMATE REPORT
NATIONAL WEATHER SERVICE ALBANY NY
121 AM EST SAT JAN 14 2017


...................................

...THE PITTSFIELD MA CLIMATE SUMMARY FOR JANUARY 13 2017...

CLIMATE NORMAL PERIOD 1981 TO 2010
CLIMATE RECORD PERIOD 9999 TO 9999


WEATHER ITEM   OBSERVED TIME   NORMAL DEPARTURE LAST
                VALUE   (LST)  VALUE  FROM      YEAR
                                      NORMAL
......................................................
TEMPERATURE (F)
 YESTERDAY
  MAXIMUM         46   1207 AM  29     17       21
  MINIMUM         19   1159 PM  11      8       11
  AVERAGE         33            20     13       16

PRECIPITATION (IN)
  YESTERDAY        0.00          0.09  -0.09      T
  MONTH TO DATE    1.45          1.41   0.04     0.74
  SINCE DEC 1      4.47          4.41   0.06     4.42
  SINCE JAN 1      1.45          1.41   0.04     0.74

DEGREE DAYS
 HEATING
  YESTERDAY       32            45    -13       49
  MONTH TO DATE  519           578    -59      468
  SINCE DEC 1   1697          1765    -68     1245
  SINCE JUL 1   3104          3416   -312     2618

 COOLING
  YESTERDAY        0             0      0        0
  MONTH TO DATE    0             0      0        0
  SINCE DEC 1      0             0      0        0
  SINCE JAN 1      0             0      0        0
......................................................


WIND (MPH)
  HIGHEST WIND SPEED    33   HIGHEST WIND DIRECTION     W (290)
  HIGHEST GUST SPEED    47   HIGHEST GUST DIRECTION     W (270)
  AVERAGE WIND SPEED    15.5


SKY COVER
  AVERAGE SKY COVER 0.0



RELATIVE HUMIDITY (PERCENT)
 HIGHEST    57
 LOWEST     39
 AVERAGE    48

..........................................................


THE PITTSFIELD MA CLIMATE NORMALS FOR TODAY
                         NORMAL
 MAXIMUM TEMPERATURE (F)   29
 MINIMUM TEMPERATURE (F)   11


SUNRISE AND SUNSET
JANUARY 14 2017.......SUNRISE   720 AM EST   SUNSET   445 PM EST
JANUARY 15 2017.......SUNRISE   720 AM EST   SUNSET   446 PM EST


-  INDICATES NEGATIVE NUMBERS.
R  INDICATES RECORD WAS SET OR TIED.
MM INDICATES DATA IS MISSING.
T  INDICATES TRACE AMOUNT.




$$
