000
CDUS41 KALY 312146
CLIPSF


CLIMATE REPORT
NATIONAL WEATHER SERVICE ALBANY NY
446 PM EST SUN DEC 31 2017


...................................

...THE PITTSFIELD MA CLIMATE SUMMARY FOR DECEMBER 31 2017...
VALID TODAY AS OF 0400 PM LOCAL TIME.

CLIMATE NORMAL PERIOD 1981 TO 2010
CLIMATE RECORD PERIOD 9999 TO 9999


WEATHER ITEM   OBSERVED TIME   NORMAL DEPARTURE LAST
                VALUE   (LST)  VALUE  FROM      YEAR
                                      NORMAL
......................................................
TEMPERATURE (F)
 TODAY
  MAXIMUM         12    108 AM  30    -18       34
  MINIMUM         -3    901 AM  14    -17       12
  AVERAGE          5            22    -17       23

PRECIPITATION (IN)
  TODAY            T             0.09  -0.09      T
  MONTH TO DATE    2.15          3.00  -0.85     3.02
  SINCE DEC 1      2.15          3.00  -0.85     3.02
  SINCE JAN 1     41.64         45.38  -3.74    34.96

DEGREE DAYS
 HEATING
  TODAY           60            43     17       42
  MONTH TO DATE 1261          1187     74     1178
  SINCE DEC 1   1261          1187     74     1178
  SINCE JUL 1   2586          2838   -252     2585

 COOLING
  TODAY            0             0      0        0
  MONTH TO DATE    0             0      0        0
  SINCE DEC 1      0             0      0        0
  SINCE JAN 1    351           290     61      432
......................................................


WIND (MPH)
  HIGHEST WIND SPEED    25   HIGHEST WIND DIRECTION    NW (310)
  HIGHEST GUST SPEED    32   HIGHEST GUST DIRECTION    NW (300)
  AVERAGE WIND SPEED    11.4


SKY COVER
  AVERAGE SKY COVER 0.6



RELATIVE HUMIDITY (PERCENT)
 HIGHEST    80
 LOWEST     56
 AVERAGE    68

..........................................................


THE PITTSFIELD MA CLIMATE NORMALS FOR TOMORROW
                         NORMAL
 MAXIMUM TEMPERATURE (F)   30
 MINIMUM TEMPERATURE (F)   13


SUNRISE AND SUNSET
DECEMBER 31 2017......SUNRISE   723 AM EST   SUNSET   430 PM EST
JANUARY  1 2018.......SUNRISE   723 AM EST   SUNSET   431 PM EST


-  INDICATES NEGATIVE NUMBERS.
R  INDICATES RECORD WAS SET OR TIED.
MM INDICATES DATA IS MISSING.
T  INDICATES TRACE AMOUNT.




$$
