000
CDUS41 KALY 172148
CLIPSF


CLIMATE REPORT
NATIONAL WEATHER SERVICE ALBANY NY
447 PM EST THU NOV 17 2016


...................................

...THE PITTSFIELD MA CLIMATE SUMMARY FOR NOVEMBER 17 2016...
VALID TODAY AS OF 0400 PM LOCAL TIME.

CLIMATE NORMAL PERIOD 1981 TO 2010
CLIMATE RECORD PERIOD 9999 TO 9999


WEATHER ITEM   OBSERVED TIME   NORMAL DEPARTURE LAST
                VALUE   (LST)  VALUE  FROM      YEAR
                                      NORMAL
......................................................
TEMPERATURE (F)
 TODAY
  MAXIMUM         50    215 PM  46      4       47
  MINIMUM         38    114 AM  29      9       24
  AVERAGE         44            38      6       36

PRECIPITATION (IN)
  TODAY            0.00          0.13  -0.13     0.00
  MONTH TO DATE    0.94          2.15  -1.21     1.57
  SINCE SEP 1      6.66         10.82  -4.16     8.41
  SINCE JAN 1     30.03         40.60 -10.57    35.65

DEGREE DAYS
 HEATING
  TODAY           21            28     -7       29
  MONTH TO DATE  384           425    -41      315
  SINCE SEP 1   1002          1183   -181      979
  SINCE JUL 1   1026          1261   -235     1007

 COOLING
  TODAY            0             0      0        0
  MONTH TO DATE    0             0      0        0
  SINCE SEP 1     51            20     31       53
  SINCE JAN 1    432           290    142      361
......................................................


WIND (MPH)
  HIGHEST WIND SPEED    16   HIGHEST WIND DIRECTION     N (340)
  HIGHEST GUST SPEED    23   HIGHEST GUST DIRECTION     N (360)
  AVERAGE WIND SPEED     8.8


SKY COVER
  AVERAGE SKY COVER 0.5



RELATIVE HUMIDITY (PERCENT)
 HIGHEST    92
 LOWEST     66
 AVERAGE    79

..........................................................


THE PITTSFIELD MA CLIMATE NORMALS FOR TOMORROW
                         NORMAL
 MAXIMUM TEMPERATURE (F)   46
 MINIMUM TEMPERATURE (F)   28


SUNRISE AND SUNSET
NOVEMBER 17 2016......SUNRISE   647 AM EST   SUNSET   429 PM EST
NOVEMBER 18 2016......SUNRISE   648 AM EST   SUNSET   428 PM EST


-  INDICATES NEGATIVE NUMBERS.
R  INDICATES RECORD WAS SET OR TIED.
MM INDICATES DATA IS MISSING.
T  INDICATES TRACE AMOUNT.




$$
