000
CDUS41 KALY 180628
CLIPSF


CLIMATE REPORT
NATIONAL WEATHER SERVICE ALBANY NY
226 AM EDT SAT JUL 18 2015


...................................

...THE PITTSFIELD MA CLIMATE SUMMARY FOR JULY 17 2015...

CLIMATE NORMAL PERIOD 1981 TO 2010
CLIMATE RECORD PERIOD 9999 TO 9999


WEATHER ITEM   OBSERVED TIME   NORMAL DEPARTURE LAST
                VALUE   (LST)  VALUE  FROM      YEAR
                                      NORMAL
......................................................
TEMPERATURE (F)
 YESTERDAY
  MAXIMUM         76    241 PM  79     -3       73
  MINIMUM         47    450 AM  57    -10       53
  AVERAGE         62            68     -6       63

PRECIPITATION (IN)
  YESTERDAY        T             0.12  -0.12     0.02
  MONTH TO DATE    3.88          2.08   1.80     5.04
  SINCE JUN 1     12.01          6.48   5.53    10.39
  SINCE JAN 1     23.15         23.52  -0.37    24.39

DEGREE DAYS
 HEATING
  YESTERDAY        3             1      2        2
  MONTH TO DATE   17            17      0        5
  SINCE JUN 1    128           118     10       63
  SINCE JUL 1     17            17      0        5

 COOLING
  YESTERDAY        0             3     -3        0
  MONTH TO DATE   43            59    -16       84
  SINCE JUN 1     76           115    -39      127
  SINCE JAN 1    120           128     -8      133
......................................................


WIND (MPH)
  HIGHEST WIND SPEED    17   HIGHEST WIND DIRECTION     S (170)
  HIGHEST GUST SPEED    24   HIGHEST GUST DIRECTION     S (170)
  AVERAGE WIND SPEED     6.2


SKY COVER
  AVERAGE SKY COVER 0.2



RELATIVE HUMIDITY (PERCENT)
 HIGHEST    96
 LOWEST     49
 AVERAGE    73

..........................................................


THE PITTSFIELD MA CLIMATE NORMALS FOR TODAY
                         NORMAL
 MAXIMUM TEMPERATURE (F)   79
 MINIMUM TEMPERATURE (F)   57


SUNRISE AND SUNSET
JULY 18 2015..........SUNRISE   532 AM EDT   SUNSET   827 PM EDT
JULY 19 2015..........SUNRISE   533 AM EDT   SUNSET   826 PM EDT


-  INDICATES NEGATIVE NUMBERS.
R  INDICATES RECORD WAS SET OR TIED.
MM INDICATES DATA IS MISSING.
T  INDICATES TRACE AMOUNT.




$$
