000
CDUS41 KALY 012049
CLIPSF


CLIMATE REPORT
NATIONAL WEATHER SERVICE ALBANY NY
448 PM EDT FRI SEP 1 2017


...................................

...THE PITTSFIELD MA CLIMATE SUMMARY FOR SEPTEMBER 1 2017...
VALID TODAY AS OF 0400 PM LOCAL TIME.

CLIMATE NORMAL PERIOD 1981 TO 2010
CLIMATE RECORD PERIOD 9999 TO 9999


WEATHER ITEM   OBSERVED TIME   NORMAL DEPARTURE LAST
                VALUE   (LST)  VALUE  FROM      YEAR
                                      NORMAL
......................................................
TEMPERATURE (F)
 TODAY
  MAXIMUM         62    318 PM  74    -12       79
  MINIMUM         40    440 AM  53    -13       56
  AVERAGE         51            64    -13       68

PRECIPITATION (IN)
  TODAY            0.00          0.09  -0.09      T
  MONTH TO DATE    0.00          0.09  -0.09      T
  SINCE SEP 1      0.00          0.09  -0.09      T
  SINCE JAN 1     30.79         29.87   0.92    23.37

DEGREE DAYS
 HEATING
  TODAY           14             3     11        0
  MONTH TO DATE   14             3     11        0
  SINCE SEP 1     14             3     11        0
  SINCE JUL 1    100            81     19       24

 COOLING
  TODAY            0             2     -2        3
  MONTH TO DATE    0             2     -2        3
  SINCE SEP 1      0             2     -2        3
  SINCE JAN 1    270           272     -2      384
......................................................


WIND (MPH)
  HIGHEST WIND SPEED    21   HIGHEST WIND DIRECTION     W (290)
  HIGHEST GUST SPEED    27   HIGHEST GUST DIRECTION     W (280)
  AVERAGE WIND SPEED     8.3


SKY COVER
  AVERAGE SKY COVER 0.1



RELATIVE HUMIDITY (PERCENT)
 HIGHEST    82
 LOWEST     42
 AVERAGE    62

..........................................................


THE PITTSFIELD MA CLIMATE NORMALS FOR TOMORROW
                         NORMAL
 MAXIMUM TEMPERATURE (F)   74
 MINIMUM TEMPERATURE (F)   53


SUNRISE AND SUNSET
SEPTEMBER  1 2017.....SUNRISE   618 AM EDT   SUNSET   727 PM EDT
SEPTEMBER  2 2017.....SUNRISE   620 AM EDT   SUNSET   725 PM EDT


-  INDICATES NEGATIVE NUMBERS.
R  INDICATES RECORD WAS SET OR TIED.
MM INDICATES DATA IS MISSING.
T  INDICATES TRACE AMOUNT.




$$
