169
CDUS41 KALY 150624
CLIPSF


CLIMATE REPORT
NATIONAL WEATHER SERVICE ALBANY NY
223 AM EDT MON MAY 15 2017


...................................

...THE PITTSFIELD MA CLIMATE SUMMARY FOR MAY 14 2017...

CLIMATE NORMAL PERIOD 1981 TO 2010
CLIMATE RECORD PERIOD 9999 TO 9999


WEATHER ITEM   OBSERVED TIME   NORMAL DEPARTURE LAST
                VALUE   (LST)  VALUE  FROM      YEAR
                                      NORMAL
......................................................
TEMPERATURE (F)
 YESTERDAY
  MAXIMUM         57    404 PM  66     -9       68
  MINIMUM         37    429 AM  43     -6       42
  AVERAGE         47            54     -7       55

PRECIPITATION (IN)
  YESTERDAY        0.14          0.12   0.02     0.16
  MONTH TO DATE    4.36          1.58   2.78     1.81
  SINCE MAR 1     10.76          8.81   1.95     6.56
  SINCE JAN 1     16.34         14.41   1.93    11.93

DEGREE DAYS
 HEATING
  YESTERDAY       18            11      7       10
  MONTH TO DATE  237           181     56      204
  SINCE MAR 1   1844          1836      8     1653
  SINCE JUL 1   6546          7216   -670     6020

 COOLING
  YESTERDAY        0             0      0        0
  MONTH TO DATE    0             0      0        0
  SINCE MAR 1      2             2      0        0
  SINCE JAN 1      2             2      0        0
......................................................


WIND (MPH)
  HIGHEST WIND SPEED    20   HIGHEST WIND DIRECTION     W (290)
  HIGHEST GUST SPEED    27   HIGHEST GUST DIRECTION     W (280)
  AVERAGE WIND SPEED     8.4


SKY COVER
  AVERAGE SKY COVER 1.0



RELATIVE HUMIDITY (PERCENT)
 HIGHEST    92
 LOWEST     55
 AVERAGE    74

..........................................................


THE PITTSFIELD MA CLIMATE NORMALS FOR TODAY
                         NORMAL
 MAXIMUM TEMPERATURE (F)   66
 MINIMUM TEMPERATURE (F)   43


SUNRISE AND SUNSET
MAY 15 2017...........SUNRISE   531 AM EDT   SUNSET   808 PM EDT
MAY 16 2017...........SUNRISE   530 AM EDT   SUNSET   809 PM EDT


-  INDICATES NEGATIVE NUMBERS.
R  INDICATES RECORD WAS SET OR TIED.
MM INDICATES DATA IS MISSING.
T  INDICATES TRACE AMOUNT.




$$
