000
CDUS41 KALY 070626
CLIPSF


CLIMATE REPORT
NATIONAL WEATHER SERVICE ALBANY NY
225 AM EDT FRI APR 7 2017


...................................

...THE PITTSFIELD MA CLIMATE SUMMARY FOR APRIL 6 2017...

CLIMATE NORMAL PERIOD 1981 TO 2010
CLIMATE RECORD PERIOD 9999 TO 9999


WEATHER ITEM   OBSERVED TIME   NORMAL DEPARTURE LAST
                VALUE   (LST)  VALUE  FROM      YEAR
                                      NORMAL
......................................................
TEMPERATURE (F)
 YESTERDAY
  MAXIMUM         44   1159 PM  50     -6       39
  MINIMUM         35    947 AM  30      5       12
  AVERAGE         40            40      0       26

PRECIPITATION (IN)
  YESTERDAY        0.31          0.15   0.16     0.00
  MONTH TO DATE    1.62          0.98   0.64     0.74
  SINCE MAR 1      4.73          4.35   0.38     3.00
  SINCE JAN 1     10.31          9.95   0.36     8.37

DEGREE DAYS
 HEATING
  YESTERDAY       25            25      0       39
  MONTH TO DATE  147           156     -9      197
  SINCE MAR 1   1278          1183     95      994
  SINCE JUL 1   5980          6563   -583     5361

 COOLING
  YESTERDAY        0             0      0        0
  MONTH TO DATE    0             0      0        0
  SINCE MAR 1      0             0      0        0
  SINCE JAN 1      0             0      0        0
......................................................


WIND (MPH)
  HIGHEST WIND SPEED    18   HIGHEST WIND DIRECTION     E (70)
  HIGHEST GUST SPEED    28   HIGHEST GUST DIRECTION     E (80)
  AVERAGE WIND SPEED     9.9


SKY COVER
  AVERAGE SKY COVER 1.0



RELATIVE HUMIDITY (PERCENT)
 HIGHEST    92
 LOWEST     79
 AVERAGE    86

..........................................................


THE PITTSFIELD MA CLIMATE NORMALS FOR TODAY
                         NORMAL
 MAXIMUM TEMPERATURE (F)   51
 MINIMUM TEMPERATURE (F)   30


SUNRISE AND SUNSET
APRIL  7 2017.........SUNRISE   625 AM EDT   SUNSET   726 PM EDT
APRIL  8 2017.........SUNRISE   623 AM EDT   SUNSET   727 PM EDT


-  INDICATES NEGATIVE NUMBERS.
R  INDICATES RECORD WAS SET OR TIED.
MM INDICATES DATA IS MISSING.
T  INDICATES TRACE AMOUNT.




$$
