000
CDUS41 KALY 170622
CLIPSF


CLIMATE REPORT
NATIONAL WEATHER SERVICE ALBANY NY
122 AM EST SAT JAN 17 2015


...................................

...THE PITTSFIELD MA CLIMATE SUMMARY FOR JANUARY 16 2015...

CLIMATE NORMAL PERIOD 1981 TO 2010
CLIMATE RECORD PERIOD 9999 TO 9999


WEATHER ITEM   OBSERVED TIME   NORMAL DEPARTURE LAST
                VALUE   (LST)  VALUE  FROM      YEAR
                                      NORMAL
......................................................
TEMPERATURE (F)
 YESTERDAY
  MAXIMUM         30   1102 AM  29      1       36
  MINIMUM          6   1159 PM  11     -5       28
  AVERAGE         18            20     -2       32

PRECIPITATION (IN)
  YESTERDAY        T             0.09  -0.09     0.03
  MONTH TO DATE    1.63          1.68  -0.05     3.16
  SINCE DEC 1      5.38          4.68   0.70     5.95
  SINCE JAN 1      1.63          1.68  -0.05     3.16

DEGREE DAYS
 HEATING
  YESTERDAY       47            45      2       33
  MONTH TO DATE  777           713     64      676
  SINCE DEC 1   1848          1900    -52     1844
  SINCE JUL 1   3470          3551    -81     3524

 COOLING
  YESTERDAY        0             0      0        0
  MONTH TO DATE    0             0      0        0
  SINCE DEC 1      0             0      0        0
  SINCE JAN 1      0             0      0        0
......................................................


WIND (MPH)
  HIGHEST WIND SPEED    37   HIGHEST WIND DIRECTION     W (290)
  HIGHEST GUST SPEED    48   HIGHEST GUST DIRECTION     W (280)
  AVERAGE WIND SPEED    12.4


SKY COVER
  AVERAGE SKY COVER 0.5



RELATIVE HUMIDITY (PERCENT)
 HIGHEST    92
 LOWEST     41
 AVERAGE    67

..........................................................


THE PITTSFIELD MA CLIMATE NORMALS FOR TODAY
                         NORMAL
 MAXIMUM TEMPERATURE (F)   29
 MINIMUM TEMPERATURE (F)   11


SUNRISE AND SUNSET
JANUARY 17 2015.......SUNRISE   719 AM EST   SUNSET   448 PM EST
JANUARY 18 2015.......SUNRISE   719 AM EST   SUNSET   449 PM EST


-  INDICATES NEGATIVE NUMBERS.
R  INDICATES RECORD WAS SET OR TIED.
MM INDICATES DATA IS MISSING.
T  INDICATES TRACE AMOUNT.




$$
