000
CDUS41 KALY 290624
CLIPSF


CLIMATE REPORT
NATIONAL WEATHER SERVICE ALBANY NY
123 AM EST FRI JAN 29 2016


...................................

...THE PITTSFIELD MA CLIMATE SUMMARY FOR JANUARY 28 2016...

CLIMATE NORMAL PERIOD 1981 TO 2010
CLIMATE RECORD PERIOD 9999 TO 9999


WEATHER ITEM   OBSERVED TIME   NORMAL DEPARTURE LAST
                VALUE   (LST)  VALUE  FROM      YEAR
                                      NORMAL
......................................................
TEMPERATURE (F)
 YESTERDAY
  MAXIMUM         39    321 PM  29     10       20
  MINIMUM         12    718 AM  12      0        8
  AVERAGE         26            20      6       14

PRECIPITATION (IN)
  YESTERDAY        0.00          0.08  -0.08      T
  MONTH TO DATE    1.09          2.65  -1.56     3.24
  SINCE DEC 1      4.77          5.65  -0.88     6.99
  SINCE JAN 1      1.09          2.65  -1.56     3.24

DEGREE DAYS
 HEATING
  YESTERDAY       39            45     -6       51
  MONTH TO DATE 1099          1253   -154     1310
  SINCE DEC 1   1876          2440   -564     2381
  SINCE JUL 1   3249          4091   -842     4003

 COOLING
  YESTERDAY        0             0      0        0
  MONTH TO DATE    0             0      0        0
  SINCE DEC 1      0             0      0        0
  SINCE JAN 1      0             0      0        0
......................................................


WIND (MPH)
  HIGHEST WIND SPEED    21   HIGHEST WIND DIRECTION     S (190)
  HIGHEST GUST SPEED    28   HIGHEST GUST DIRECTION     S (200)
  AVERAGE WIND SPEED     5.4


SKY COVER
  AVERAGE SKY COVER 0.1



RELATIVE HUMIDITY (PERCENT)
 HIGHEST    88
 LOWEST     44
 AVERAGE    66

..........................................................


THE PITTSFIELD MA CLIMATE NORMALS FOR TODAY
                         NORMAL
 MAXIMUM TEMPERATURE (F)   29
 MINIMUM TEMPERATURE (F)   12


SUNRISE AND SUNSET
JANUARY 29 2016.......SUNRISE   710 AM EST   SUNSET   503 PM EST
JANUARY 30 2016.......SUNRISE   709 AM EST   SUNSET   504 PM EST


-  INDICATES NEGATIVE NUMBERS.
R  INDICATES RECORD WAS SET OR TIED.
MM INDICATES DATA IS MISSING.
T  INDICATES TRACE AMOUNT.




$$
