000
CDUS41 KALY 190630
CLIPSF


CLIMATE REPORT
NATIONAL WEATHER SERVICE ALBANY NY
227 AM EDT THU MAR 19 2015


...................................

...THE PITTSFIELD MA CLIMATE SUMMARY FOR MARCH 18 2015...

CLIMATE NORMAL PERIOD 1981 TO 2010
CLIMATE RECORD PERIOD 9999 TO 9999


WEATHER ITEM   OBSERVED TIME   NORMAL DEPARTURE LAST
                VALUE   (LST)  VALUE  FROM      YEAR
                                      NORMAL
......................................................
TEMPERATURE (F)
 YESTERDAY
  MAXIMUM         26    311 PM  43    -17       40
  MINIMUM         14   1041 PM  22     -8        7
  AVERAGE         20            32    -12       24

PRECIPITATION (IN)
  YESTERDAY        0.00          0.13  -0.13     0.00
  MONTH TO DATE    0.80          1.63  -0.83     0.47
  SINCE MAR 1      0.80          1.63  -0.83     0.47
  SINCE JAN 1      5.89          7.23  -1.34     6.85

DEGREE DAYS
 HEATING
  YESTERDAY       45            33     12       41
  MONTH TO DATE  712           637     75      774
  SINCE MAR 1    712           637     75      774
  SINCE JUL 1   6375          6017    358     6326

 COOLING
  YESTERDAY        0             0      0        0
  MONTH TO DATE    0             0      0        0
  SINCE MAR 1      0             0      0        0
  SINCE JAN 1      0             0      0        0
......................................................


WIND (MPH)
  HIGHEST WIND SPEED    35   HIGHEST WIND DIRECTION     W (280)
  HIGHEST GUST SPEED    50   HIGHEST GUST DIRECTION     W (280)
  AVERAGE WIND SPEED    16.9


SKY COVER
  AVERAGE SKY COVER 0.3



RELATIVE HUMIDITY (PERCENT)
 HIGHEST    57
 LOWEST     32
 AVERAGE    45

..........................................................


THE PITTSFIELD MA CLIMATE NORMALS FOR TODAY
                         NORMAL
 MAXIMUM TEMPERATURE (F)   43
 MINIMUM TEMPERATURE (F)   22


SUNRISE AND SUNSET
MARCH 19 2015.........SUNRISE   659 AM EDT   SUNSET   704 PM EDT
MARCH 20 2015.........SUNRISE   657 AM EDT   SUNSET   705 PM EDT


-  INDICATES NEGATIVE NUMBERS.
R  INDICATES RECORD WAS SET OR TIED.
MM INDICATES DATA IS MISSING.
T  INDICATES TRACE AMOUNT.




$$
