000
CDUS41 KALY 030634
CLIPSF


CLIMATE REPORT
NATIONAL WEATHER SERVICE ALBANY NY
132 AM EST FRI FEB 3 2017


...................................

...THE PITTSFIELD MA CLIMATE SUMMARY FOR FEBRUARY 2 2017...

CLIMATE NORMAL PERIOD 1981 TO 2010
CLIMATE RECORD PERIOD 9999 TO 9999


WEATHER ITEM   OBSERVED TIME   NORMAL DEPARTURE LAST
                VALUE   (LST)  VALUE  FROM      YEAR
                                      NORMAL
......................................................
TEMPERATURE (F)
 YESTERDAY
  MAXIMUM         29    201 PM  30     -1       43
  MINIMUM         13    641 AM  13      0       25
  AVERAGE         21            21      0       34

PRECIPITATION (IN)
  YESTERDAY        T             0.08  -0.08     0.00
  MONTH TO DATE    0.08          0.16  -0.08     0.00
  SINCE DEC 1      5.82          6.08  -0.26     4.77
  SINCE JAN 1      2.80          3.08  -0.28     1.09

DEGREE DAYS
 HEATING
  YESTERDAY       44            44      0       31
  MONTH TO DATE   80            88     -8       55
  SINCE DEC 1   2405          2662   -257     2029
  SINCE JUL 1   3812          4313   -501     3402

 COOLING
  YESTERDAY        0             0      0        0
  MONTH TO DATE    0             0      0        0
  SINCE DEC 1      0             0      0        0
  SINCE JAN 1      0             0      0        0
......................................................


WIND (MPH)
  HIGHEST WIND SPEED    21   HIGHEST WIND DIRECTION     W (280)
  HIGHEST GUST SPEED    30   HIGHEST GUST DIRECTION     W (280)
  AVERAGE WIND SPEED     8.0


SKY COVER
  AVERAGE SKY COVER 0.5



RELATIVE HUMIDITY (PERCENT)
 HIGHEST    80
 LOWEST     52
 AVERAGE    66

..........................................................


THE PITTSFIELD MA CLIMATE NORMALS FOR TODAY
                         NORMAL
 MAXIMUM TEMPERATURE (F)   30
 MINIMUM TEMPERATURE (F)   13


SUNRISE AND SUNSET
FEBRUARY  3 2017......SUNRISE   705 AM EST   SUNSET   510 PM EST
FEBRUARY  4 2017......SUNRISE   703 AM EST   SUNSET   511 PM EST


-  INDICATES NEGATIVE NUMBERS.
R  INDICATES RECORD WAS SET OR TIED.
MM INDICATES DATA IS MISSING.
T  INDICATES TRACE AMOUNT.




$$
