000
CDUS41 KALY 132143
CLIPSF


CLIMATE REPORT
NATIONAL WEATHER SERVICE ALBANY NY
443 PM EST SUN NOV 13 2016


...................................

...THE PITTSFIELD MA CLIMATE SUMMARY FOR NOVEMBER 13 2016...
VALID TODAY AS OF 0400 PM LOCAL TIME.

CLIMATE NORMAL PERIOD 1981 TO 2010
CLIMATE RECORD PERIOD 9999 TO 9999


WEATHER ITEM   OBSERVED TIME   NORMAL DEPARTURE LAST
                VALUE   (LST)  VALUE  FROM      YEAR
                                      NORMAL
......................................................
TEMPERATURE (F)
 TODAY
  MAXIMUM         54    238 PM  48      6       51
  MINIMUM         36    643 AM  30      6       38
  AVERAGE         45            39      6       45

PRECIPITATION (IN)
  TODAY            0.00          0.11  -0.11     0.07
  MONTH TO DATE    0.11          1.64  -1.53     1.57
  SINCE SEP 1      5.83         10.31  -4.48     8.41
  SINCE JAN 1     29.20         40.09 -10.89    35.65

DEGREE DAYS
 HEATING
  TODAY           20            26     -6       20
  MONTH TO DATE  290           316    -26      214
  SINCE SEP 1    908          1074   -166      878
  SINCE JUL 1    932          1152   -220      906

 COOLING
  TODAY            0             0      0        0
  MONTH TO DATE    0             0      0        0
  SINCE SEP 1     51            20     31       53
  SINCE JAN 1    432           290    142      361
......................................................


WIND (MPH)
  HIGHEST WIND SPEED    16   HIGHEST WIND DIRECTION     W (270)
  HIGHEST GUST SPEED    21   HIGHEST GUST DIRECTION     W (290)
  AVERAGE WIND SPEED     7.2


SKY COVER
  AVERAGE SKY COVER 0.2



RELATIVE HUMIDITY (PERCENT)
 HIGHEST    53
 LOWEST     38
 AVERAGE    46

..........................................................


THE PITTSFIELD MA CLIMATE NORMALS FOR TOMORROW
                         NORMAL
 MAXIMUM TEMPERATURE (F)   48
 MINIMUM TEMPERATURE (F)   29


SUNRISE AND SUNSET
NOVEMBER 13 2016......SUNRISE   642 AM EST   SUNSET   432 PM EST
NOVEMBER 14 2016......SUNRISE   643 AM EST   SUNSET   432 PM EST


-  INDICATES NEGATIVE NUMBERS.
R  INDICATES RECORD WAS SET OR TIED.
MM INDICATES DATA IS MISSING.
T  INDICATES TRACE AMOUNT.




$$
