000
CDUS41 KALY 150636
CLIPSF


CLIMATE REPORT
NATIONAL WEATHER SERVICE ALBANY NY
234 AM EDT WED MAR 15 2017


...................................

...THE PITTSFIELD MA CLIMATE SUMMARY FOR MARCH 14 2017...

CLIMATE NORMAL PERIOD 1981 TO 2010
CLIMATE RECORD PERIOD 9999 TO 9999


WEATHER ITEM   OBSERVED TIME   NORMAL DEPARTURE LAST
                VALUE   (LST)  VALUE  FROM      YEAR
                                      NORMAL
......................................................
TEMPERATURE (F)
 YESTERDAY
  MAXIMUM         24    408 PM  41    -17       47
  MINIMUM         13   1159 PM  21     -8       34
  AVERAGE         19            31    -12       41

PRECIPITATION (IN)
  YESTERDAY        0.76          0.09   0.67     0.19
  MONTH TO DATE    1.03          1.17  -0.14     1.12
  SINCE MAR 1      1.03          1.17  -0.14     1.12
  SINCE JAN 1      6.61          6.77  -0.16     6.49

DEGREE DAYS
 HEATING
  YESTERDAY       46            34     12       24
  MONTH TO DATE  543           504     39      382
  SINCE MAR 1    543           504     39      382
  SINCE JUL 1   5245          5884   -639     4749

 COOLING
  YESTERDAY        0             0      0        0
  MONTH TO DATE    0             0      0        0
  SINCE MAR 1      0             0      0        0
  SINCE JAN 1      0             0      0        0
......................................................


WIND (MPH)
  HIGHEST WIND SPEED    29   HIGHEST WIND DIRECTION     W (280)
  HIGHEST GUST SPEED    MM   HIGHEST GUST DIRECTION     E (110)
  AVERAGE WIND SPEED    12.5


SKY COVER
  AVERAGE SKY COVER 1.0



RELATIVE HUMIDITY (PERCENT)
 HIGHEST    88
 LOWEST     51
 AVERAGE    70

..........................................................


THE PITTSFIELD MA CLIMATE NORMALS FOR TODAY
                         NORMAL
 MAXIMUM TEMPERATURE (F)   41
 MINIMUM TEMPERATURE (F)   21


SUNRISE AND SUNSET
MARCH 15 2017.........SUNRISE   705 AM EDT   SUNSET   700 PM EDT
MARCH 16 2017.........SUNRISE   703 AM EDT   SUNSET   701 PM EDT


-  INDICATES NEGATIVE NUMBERS.
R  INDICATES RECORD WAS SET OR TIED.
MM INDICATES DATA IS MISSING.
T  INDICATES TRACE AMOUNT.




$$
