000
CDUS41 KALY 022050
CLIPSF


CLIMATE REPORT
NATIONAL WEATHER SERVICE ALBANY NY
449 PM EDT WED AUG 2 2017


...................................

...THE PITTSFIELD MA CLIMATE SUMMARY FOR AUGUST 2 2017...
VALID TODAY AS OF 0400 PM LOCAL TIME.

CLIMATE NORMAL PERIOD 1981 TO 2010
CLIMATE RECORD PERIOD 9999 TO 9999


WEATHER ITEM   OBSERVED TIME   NORMAL DEPARTURE LAST
                VALUE   (LST)  VALUE  FROM      YEAR
                                      NORMAL
......................................................
TEMPERATURE (F)
 TODAY
  MAXIMUM         84   1210 PM  79      5       74
  MINIMUM         58    518 AM  57      1       56
  AVERAGE         71            68      3       65

PRECIPITATION (IN)
  TODAY            T             0.15  -0.15     0.51
  MONTH TO DATE    T             0.30  -0.30     0.67
  SINCE JUN 1      7.42          8.95  -1.53     7.32
  SINCE JAN 1     26.20         25.99   0.21    21.42

DEGREE DAYS
 HEATING
  TODAY            0             1     -1        0
  MONTH TO DATE    0             2     -2        0
  SINCE JUN 1    129           134     -5       87
  SINCE JUL 1     23            33    -10       11

 COOLING
  TODAY            6             4      2        0
  MONTH TO DATE   11             8      3        3
  SINCE JUN 1    199           172     27      197
  SINCE JAN 1    213           185     28      238
......................................................


WIND (MPH)
  HIGHEST WIND SPEED    12   HIGHEST WIND DIRECTION    SW (240)
  HIGHEST GUST SPEED    13   HIGHEST GUST DIRECTION    SW (240)
  AVERAGE WIND SPEED     2.1


SKY COVER
  AVERAGE SKY COVER 0.1



RELATIVE HUMIDITY (PERCENT)
 HIGHEST   100
 LOWEST     51
 AVERAGE    76

..........................................................


THE PITTSFIELD MA CLIMATE NORMALS FOR TOMORROW
                         NORMAL
 MAXIMUM TEMPERATURE (F)   79
 MINIMUM TEMPERATURE (F)   57


SUNRISE AND SUNSET
AUGUST  2 2017........SUNRISE   547 AM EDT   SUNSET   811 PM EDT
AUGUST  3 2017........SUNRISE   548 AM EDT   SUNSET   810 PM EDT


-  INDICATES NEGATIVE NUMBERS.
R  INDICATES RECORD WAS SET OR TIED.
MM INDICATES DATA IS MISSING.
T  INDICATES TRACE AMOUNT.




$$
