000
CDUS41 KALY 010621
CLIPSF


CLIMATE REPORT
NATIONAL WEATHER SERVICE ALBANY NY
221 AM EDT WED NOV 1 2017


...................................

...THE PITTSFIELD MA CLIMATE SUMMARY FOR OCTOBER 31 2017...

CLIMATE NORMAL PERIOD 1981 TO 2010
CLIMATE RECORD PERIOD 9999 TO 9999


WEATHER ITEM   OBSERVED TIME   NORMAL DEPARTURE LAST
                VALUE   (LST)  VALUE  FROM      YEAR
                                      NORMAL
......................................................
TEMPERATURE (F)
 YESTERDAY
  MAXIMUM         50    216 PM  53     -3       46
  MINIMUM         34   1156 PM  33      1       25
  AVERAGE         42            43     -1       36

PRECIPITATION (IN)
  YESTERDAY        0.00          0.10  -0.10      T
  MONTH TO DATE    4.51          4.71  -0.20     3.85
  SINCE SEP 1      7.29          8.67  -1.38     5.72
  SINCE JAN 1     38.08         38.45  -0.37    29.09

DEGREE DAYS
 HEATING
  YESTERDAY       23            22      1       29
  MONTH TO DATE  323           543   -220      490
  SINCE SEP 1    459           758   -299      618
  SINCE JUL 1    545           836   -291      642

 COOLING
  YESTERDAY        0             0      0        0
  MONTH TO DATE    8             1      7        1
  SINCE SEP 1     81            20     61       51
  SINCE JAN 1    351           290     61      432
......................................................


WIND (MPH)
  HIGHEST WIND SPEED    21   HIGHEST WIND DIRECTION     W (280)
  HIGHEST GUST SPEED    29   HIGHEST GUST DIRECTION     W (280)
  AVERAGE WIND SPEED     7.8


SKY COVER
  AVERAGE SKY COVER 0.4



RELATIVE HUMIDITY (PERCENT)
 HIGHEST    76
 LOWEST     45
 AVERAGE    61

..........................................................


THE PITTSFIELD MA CLIMATE NORMALS FOR TODAY
                         NORMAL
 MAXIMUM TEMPERATURE (F)   53
 MINIMUM TEMPERATURE (F)   33


SUNRISE AND SUNSET
NOVEMBER  1 2017......SUNRISE   727 AM EDT   SUNSET   546 PM EDT
NOVEMBER  2 2017......SUNRISE   728 AM EDT   SUNSET   545 PM EDT


-  INDICATES NEGATIVE NUMBERS.
R  INDICATES RECORD WAS SET OR TIED.
MM INDICATES DATA IS MISSING.
T  INDICATES TRACE AMOUNT.




$$
