000
CDUS41 KALY 200622
CLIPSF


CLIMATE REPORT
NATIONAL WEATHER SERVICE ALBANY NY
221 AM EDT SAT SEP 20 2014


...................................

...THE PITTSFIELD MA CLIMATE SUMMARY FOR SEPTEMBER 19 2014...

CLIMATE NORMAL PERIOD 1981 TO 2010
CLIMATE RECORD PERIOD 9999 TO 9999


WEATHER ITEM   OBSERVED TIME   NORMAL DEPARTURE LAST
                VALUE   (LST)  VALUE  FROM      YEAR
                                      NORMAL
......................................................
TEMPERATURE (F)
 YESTERDAY
  MAXIMUM         58    322 PM  68    -10       74
  MINIMUM         36    555 AM  47    -11       40
  AVERAGE         47            57    -10       57

PRECIPITATION (IN)
  YESTERDAY        0.00          0.13  -0.13     0.00
  MONTH TO DATE    1.39          2.30  -0.91     2.51
  SINCE SEP 1      1.39          2.30  -0.91     2.51
  SINCE JAN 1     32.31         32.08   0.23    30.61

DEGREE DAYS
 HEATING
  YESTERDAY       18             8     10        8
  MONTH TO DATE  131           100     31      135
  SINCE SEP 1    131           100     31      135
  SINCE JUL 1    204           178     26      191

 COOLING
  YESTERDAY        0             0      0        0
  MONTH TO DATE   33            16     17       33
  SINCE SEP 1     33            16     17       33
  SINCE JAN 1    232           286    -54      433
......................................................


WIND (MPH)
  HIGHEST WIND SPEED    13   HIGHEST WIND DIRECTION    SE (150)
  HIGHEST GUST SPEED    19   HIGHEST GUST DIRECTION    SE (130)
  AVERAGE WIND SPEED     3.0


SKY COVER
  AVERAGE SKY COVER 0.0



RELATIVE HUMIDITY (PERCENT)
 HIGHEST   100
 LOWEST     38
 AVERAGE    69

..........................................................


THE PITTSFIELD MA CLIMATE NORMALS FOR TODAY
                         NORMAL
 MAXIMUM TEMPERATURE (F)   67
 MINIMUM TEMPERATURE (F)   46


SUNRISE AND SUNSET
SEPTEMBER 20 2014.....SUNRISE   638 AM EDT   SUNSET   654 PM EDT
SEPTEMBER 21 2014.....SUNRISE   639 AM EDT   SUNSET   652 PM EDT


-  INDICATES NEGATIVE NUMBERS.
R  INDICATES RECORD WAS SET OR TIED.
MM INDICATES DATA IS MISSING.
T  INDICATES TRACE AMOUNT.




$$
