000
CDUS41 KALY 190644
CLIPSF


CLIMATE REPORT
NATIONAL WEATHER SERVICE ALBANY NY
140 AM EST WED NOV 19 2014


...................................

...THE PITTSFIELD MA CLIMATE SUMMARY FOR NOVEMBER 18 2014...

CLIMATE NORMAL PERIOD 1981 TO 2010
CLIMATE RECORD PERIOD 9999 TO 9999


WEATHER ITEM   OBSERVED TIME   NORMAL DEPARTURE LAST
                VALUE   (LST)  VALUE  FROM      YEAR
                                      NORMAL
......................................................
TEMPERATURE (F)
 YESTERDAY
  MAXIMUM         36   1217 AM  46    -10       59
  MINIMUM         17   1142 PM  28    -11       39
  AVERAGE         27            37    -10       49

PRECIPITATION (IN)
  YESTERDAY        T             0.14  -0.14     0.45
  MONTH TO DATE    1.22          2.29  -1.07     1.33
  SINCE SEP 1      7.86         10.96  -3.10     6.75
  SINCE JAN 1     38.78         40.74  -1.96    34.85

DEGREE DAYS
 HEATING
  YESTERDAY       38            28     10       16
  MONTH TO DATE  489           453     36      456
  SINCE SEP 1   1148          1211    -63     1173
  SINCE JUL 1   1221          1289    -68     1229

 COOLING
  YESTERDAY        0             0      0        0
  MONTH TO DATE    0             0      0        0
  SINCE SEP 1     39            20     19       33
  SINCE JAN 1    238           290    -52      433
......................................................


WIND (MPH)
  HIGHEST WIND SPEED    24   HIGHEST WIND DIRECTION     W (250)
  HIGHEST GUST SPEED    32   HIGHEST GUST DIRECTION    SW (240)
  AVERAGE WIND SPEED    14.8


SKY COVER
  AVERAGE SKY COVER 0.7



RELATIVE HUMIDITY (PERCENT)
 HIGHEST    89
 LOWEST     40
 AVERAGE    65

..........................................................


THE PITTSFIELD MA CLIMATE NORMALS FOR TODAY
                         NORMAL
 MAXIMUM TEMPERATURE (F)   45
 MINIMUM TEMPERATURE (F)   28


SUNRISE AND SUNSET
NOVEMBER 19 2014......SUNRISE   649 AM EST   SUNSET   428 PM EST
NOVEMBER 20 2014......SUNRISE   650 AM EST   SUNSET   427 PM EST


-  INDICATES NEGATIVE NUMBERS.
R  INDICATES RECORD WAS SET OR TIED.
MM INDICATES DATA IS MISSING.
T  INDICATES TRACE AMOUNT.




$$
