000
CDUS41 KALY 280624
CLIPSF


CLIMATE REPORT
NATIONAL WEATHER SERVICE ALBANY NY
222 AM EDT FRI MAR 28 2014


...................................

...THE PITTSFIELD MA CLIMATE SUMMARY FOR MARCH 27 2014...

CLIMATE NORMAL PERIOD 1981 TO 2010
CLIMATE RECORD PERIOD 9999 TO 9999


WEATHER ITEM   OBSERVED TIME   NORMAL DEPARTURE LAST
                VALUE   (LST)  VALUE  FROM      YEAR
                                      NORMAL
......................................................
TEMPERATURE (F)
 YESTERDAY
  MAXIMUM         36    626 PM  46    -10       47
  MINIMUM         13    610 AM  26    -13       24
  AVERAGE         25            36    -11       36

PRECIPITATION (IN)
  YESTERDAY        0.00          0.14  -0.14      T
  MONTH TO DATE    1.06          2.82  -1.76     1.67
  SINCE MAR 1      1.06          2.82  -1.76     1.67
  SINCE JAN 1      7.44          8.42  -0.98     5.30

DEGREE DAYS
 HEATING
  YESTERDAY       40            29     11       29
  MONTH TO DATE 1124           914    210      951
  SINCE MAR 1   1124           914    210      951
  SINCE JUL 1   6676          6294    382     5890

 COOLING
  YESTERDAY        0             0      0        0
  MONTH TO DATE    0             0      0        0
  SINCE MAR 1      0             0      0        0
  SINCE JAN 1      0             0      0        0
......................................................


WIND (MPH)
  HIGHEST WIND SPEED    16   HIGHEST WIND DIRECTION     W (280)
  HIGHEST GUST SPEED    24   HIGHEST GUST DIRECTION     W (280)
  AVERAGE WIND SPEED     7.5


SKY COVER
  AVERAGE SKY COVER 0.3



RELATIVE HUMIDITY (PERCENT)
 HIGHEST    67
 LOWEST     29
 AVERAGE    48

..........................................................


THE PITTSFIELD MA CLIMATE NORMALS FOR TODAY
                         NORMAL
 MAXIMUM TEMPERATURE (F)   47
 MINIMUM TEMPERATURE (F)   26


SUNRISE AND SUNSET
MARCH 28 2014.........SUNRISE   643 AM EDT   SUNSET   715 PM EDT
MARCH 29 2014.........SUNRISE   641 AM EDT   SUNSET   716 PM EDT


-  INDICATES NEGATIVE NUMBERS.
R  INDICATES RECORD WAS SET OR TIED.
MM INDICATES DATA IS MISSING.
T  INDICATES TRACE AMOUNT.




$$
