000
CDUS41 KALY 212051
CLIPSF


CLIMATE REPORT
NATIONAL WEATHER SERVICE ALBANY NY
450 PM EDT TUE MAR 21 2017


...................................

...THE PITTSFIELD MA CLIMATE SUMMARY FOR MARCH 21 2017...
VALID TODAY AS OF 0400 PM LOCAL TIME.

CLIMATE NORMAL PERIOD 1981 TO 2010
CLIMATE RECORD PERIOD 9999 TO 9999


WEATHER ITEM   OBSERVED TIME   NORMAL DEPARTURE LAST
                VALUE   (LST)  VALUE  FROM      YEAR
                                      NORMAL
......................................................
TEMPERATURE (F)
 TODAY
  MAXIMUM         47    337 PM  44      3       42
  MINIMUM         32    541 AM  23      9       26
  AVERAGE         40            33      7       34

PRECIPITATION (IN)
  TODAY            0.00          0.12  -0.12      T
  MONTH TO DATE    1.05          2.01  -0.96     1.58
  SINCE MAR 1      1.05          2.01  -0.96     1.58
  SINCE JAN 1      6.63          7.61  -0.98     6.95

DEGREE DAYS
 HEATING
  TODAY           25            32     -7       31
  MONTH TO DATE  807           733     74      574
  SINCE MAR 1    807           733     74      574
  SINCE JUL 1   5509          6113   -604     4941

 COOLING
  TODAY            0             0      0        0
  MONTH TO DATE    0             0      0        0
  SINCE MAR 1      0             0      0        0
  SINCE JAN 1      0             0      0        0
......................................................


WIND (MPH)
  HIGHEST WIND SPEED    12   HIGHEST WIND DIRECTION    NW (300)
  HIGHEST GUST SPEED    MM   HIGHEST GUST DIRECTION    MM
  AVERAGE WIND SPEED     6.9


SKY COVER
  AVERAGE SKY COVER 0.7



RELATIVE HUMIDITY (PERCENT)
 HIGHEST    72
 LOWEST     49
 AVERAGE    61

..........................................................


THE PITTSFIELD MA CLIMATE NORMALS FOR TOMORROW
                         NORMAL
 MAXIMUM TEMPERATURE (F)   44
 MINIMUM TEMPERATURE (F)   23


SUNRISE AND SUNSET
MARCH 21 2017.........SUNRISE   654 AM EDT   SUNSET   707 PM EDT
MARCH 22 2017.........SUNRISE   653 AM EDT   SUNSET   708 PM EDT


-  INDICATES NEGATIVE NUMBERS.
R  INDICATES RECORD WAS SET OR TIED.
MM INDICATES DATA IS MISSING.
T  INDICATES TRACE AMOUNT.




$$
