147
CDUS41 KALY 240624
CLIPSF


CLIMATE REPORT
NATIONAL WEATHER SERVICE ALBANY NY
223 AM EDT SUN JUL 24 2016


...................................

...THE PITTSFIELD MA CLIMATE SUMMARY FOR JULY 23 2016...

CLIMATE NORMAL PERIOD 1981 TO 2010
CLIMATE RECORD PERIOD 9999 TO 9999


WEATHER ITEM   OBSERVED TIME   NORMAL DEPARTURE LAST
                VALUE   (LST)  VALUE  FROM      YEAR
                                      NORMAL
......................................................
TEMPERATURE (F)
 YESTERDAY
  MAXIMUM         88    151 PM  79      9       77
  MINIMUM         62   1147 PM  57      5       52
  AVERAGE         75            68      7       65

PRECIPITATION (IN)
  YESTERDAY        T             0.14  -0.14     0.00
  MONTH TO DATE    2.13          2.97  -0.84     4.81
  SINCE JUN 1      4.63          7.37  -2.74    12.94
  SINCE JAN 1     18.73         24.41  -5.68    24.08

DEGREE DAYS
 HEATING
  YESTERDAY        0             1     -1        0
  MONTH TO DATE   11            23    -12       17
  SINCE JUN 1     87           124    -37      128
  SINCE JUL 1     11            23    -12       17

 COOLING
  YESTERDAY       10             4      6        0
  MONTH TO DATE  106            81     25       76
  SINCE JUN 1    145           137      8      109
  SINCE JAN 1    186           150     36      153
......................................................


WIND (MPH)
  HIGHEST WIND SPEED    22   HIGHEST WIND DIRECTION    NW (310)
  HIGHEST GUST SPEED    32   HIGHEST GUST DIRECTION    NW (310)
  AVERAGE WIND SPEED     8.5


SKY COVER
  AVERAGE SKY COVER 0.1



RELATIVE HUMIDITY (PERCENT)
 HIGHEST    90
 LOWEST     32
 AVERAGE    61

..........................................................


THE PITTSFIELD MA CLIMATE NORMALS FOR TODAY
                         NORMAL
 MAXIMUM TEMPERATURE (F)   79
 MINIMUM TEMPERATURE (F)   57


SUNRISE AND SUNSET
JULY 24 2016..........SUNRISE   538 AM EDT   SUNSET   821 PM EDT
JULY 25 2016..........SUNRISE   539 AM EDT   SUNSET   820 PM EDT


-  INDICATES NEGATIVE NUMBERS.
R  INDICATES RECORD WAS SET OR TIED.
MM INDICATES DATA IS MISSING.
T  INDICATES TRACE AMOUNT.




$$
