496
CDUS41 KALY 220634
CLIPSF


CLIMATE REPORT
NATIONAL WEATHER SERVICE ALBANY NY
233 AM EDT MON AUG 22 2016


...................................

...THE PITTSFIELD MA CLIMATE SUMMARY FOR AUGUST 21 2016...

CLIMATE NORMAL PERIOD 1981 TO 2010
CLIMATE RECORD PERIOD 9999 TO 9999


WEATHER ITEM   OBSERVED TIME   NORMAL DEPARTURE LAST
                VALUE   (LST)  VALUE  FROM      YEAR
                                      NORMAL
......................................................
TEMPERATURE (F)
 YESTERDAY
  MAXIMUM         80   1257 PM  77      3       77
  MINIMUM         62   1139 PM  56      6       59
  AVERAGE         71            66      5       68

PRECIPITATION (IN)
  YESTERDAY        0.78          0.14   0.64     0.46
  MONTH TO DATE    2.61          2.84  -0.23     2.34
  SINCE JUN 1      9.26         11.49  -2.23    15.47
  SINCE JAN 1     23.36         28.53  -5.17    26.61

DEGREE DAYS
 HEATING
  YESTERDAY        0             1     -1        0
  MONTH TO DATE    0            21    -21        1
  SINCE JUN 1     87           153    -66      131
  SINCE JUL 1     11            52    -41       20

 COOLING
  YESTERDAY        6             3      3        3
  MONTH TO DATE  119            75     44       87
  SINCE JUN 1    313           239     74      241
  SINCE JAN 1    354           252    102      285
......................................................


WIND (MPH)
  HIGHEST WIND SPEED    21   HIGHEST WIND DIRECTION    SE (150)
  HIGHEST GUST SPEED    31   HIGHEST GUST DIRECTION    SE (150)
  AVERAGE WIND SPEED     7.9


SKY COVER
  AVERAGE SKY COVER 0.7



RELATIVE HUMIDITY (PERCENT)
 HIGHEST    93
 LOWEST     62
 AVERAGE    78

..........................................................


THE PITTSFIELD MA CLIMATE NORMALS FOR TODAY
                         NORMAL
 MAXIMUM TEMPERATURE (F)   77
 MINIMUM TEMPERATURE (F)   55


SUNRISE AND SUNSET
AUGUST 22 2016........SUNRISE   608 AM EDT   SUNSET   743 PM EDT
AUGUST 23 2016........SUNRISE   609 AM EDT   SUNSET   741 PM EDT


-  INDICATES NEGATIVE NUMBERS.
R  INDICATES RECORD WAS SET OR TIED.
MM INDICATES DATA IS MISSING.
T  INDICATES TRACE AMOUNT.




$$
