000
CDUS41 KALY 132149
CLIPSF


CLIMATE REPORT
NATIONAL WEATHER SERVICE ALBANY NY
448 PM EST THU NOV 13 2014


...................................

...THE PITTSFIELD MA CLIMATE SUMMARY FOR NOVEMBER 13 2014...
VALID TODAY AS OF 0400 PM LOCAL TIME.

CLIMATE NORMAL PERIOD 1981 TO 2010
CLIMATE RECORD PERIOD 9999 TO 9999


WEATHER ITEM   OBSERVED TIME   NORMAL DEPARTURE LAST
                VALUE   (LST)  VALUE  FROM      YEAR
                                      NORMAL
......................................................
TEMPERATURE (F)
 TODAY
  MAXIMUM         40    211 PM  48     -8       30
  MINIMUM         30    709 AM  30      0       18
  AVERAGE         35            39     -4       24

PRECIPITATION (IN)
  TODAY            0.00          0.11  -0.11     0.00
  MONTH TO DATE    0.36          1.64  -1.28     0.86
  SINCE SEP 1      7.00         10.31  -3.31     6.28
  SINCE JAN 1     37.92         40.09  -2.17    34.38

DEGREE DAYS
 HEATING
  TODAY           30            26      4       41
  MONTH TO DATE  309           316     -7      341
  SINCE SEP 1    968          1074   -106     1058
  SINCE JUL 1   1041          1152   -111     1114

 COOLING
  TODAY            0             0      0        0
  MONTH TO DATE    0             0      0        0
  SINCE SEP 1     39            20     19       33
  SINCE JAN 1    238           290    -52      433
......................................................


WIND (MPH)
  HIGHEST WIND SPEED    18   HIGHEST WIND DIRECTION     W (290)
  HIGHEST GUST SPEED    25   HIGHEST GUST DIRECTION     W (290)
  AVERAGE WIND SPEED     8.1


SKY COVER
  AVERAGE SKY COVER 0.2



RELATIVE HUMIDITY (PERCENT)
 HIGHEST    72
 LOWEST     50
 AVERAGE    61

..........................................................


THE PITTSFIELD MA CLIMATE NORMALS FOR TOMORROW
                         NORMAL
 MAXIMUM TEMPERATURE (F)   48
 MINIMUM TEMPERATURE (F)   29


SUNRISE AND SUNSET
NOVEMBER 13 2014......SUNRISE   642 AM EST   SUNSET   433 PM EST
NOVEMBER 14 2014......SUNRISE   643 AM EST   SUNSET   432 PM EST


-  INDICATES NEGATIVE NUMBERS.
R  INDICATES RECORD WAS SET OR TIED.
MM INDICATES DATA IS MISSING.
T  INDICATES TRACE AMOUNT.




$$
