000
CDUS41 KALY 100627
CLIPSF


CLIMATE REPORT
NATIONAL WEATHER SERVICE ALBANY NY
226 AM EDT TUE MAY 10 2016


...................................

...THE PITTSFIELD MA CLIMATE SUMMARY FOR MAY 9 2016...

CLIMATE NORMAL PERIOD 1981 TO 2010
CLIMATE RECORD PERIOD 9999 TO 9999


WEATHER ITEM   OBSERVED TIME   NORMAL DEPARTURE LAST
                VALUE   (LST)  VALUE  FROM      YEAR
                                      NORMAL
......................................................
TEMPERATURE (F)
 YESTERDAY
  MAXIMUM         59    315 PM  64     -5       77
  MINIMUM         37   1159 PM  41     -4       50
  AVERAGE         48            53     -5       64

PRECIPITATION (IN)
  YESTERDAY        0.00          0.11  -0.11     0.00
  MONTH TO DATE    1.23          0.99   0.24      T
  SINCE MAR 1      5.98          8.22  -2.24     4.47
  SINCE JAN 1     11.35         13.82  -2.47     9.56

DEGREE DAYS
 HEATING
  YESTERDAY       17            12      5        1
  MONTH TO DATE  152           123     29       45
  SINCE MAR 1   1601          1778   -177     1874
  SINCE JUL 1   5968          7158  -1190     7537

 COOLING
  YESTERDAY        0             0      0        0
  MONTH TO DATE    0             0      0        3
  SINCE MAR 1      0             2     -2        3
  SINCE JAN 1      0             2     -2        3
......................................................


WIND (MPH)
  HIGHEST WIND SPEED    25   HIGHEST WIND DIRECTION    NW (300)
  HIGHEST GUST SPEED    34   HIGHEST GUST DIRECTION     W (280)
  AVERAGE WIND SPEED    12.0


SKY COVER
  AVERAGE SKY COVER 0.2



RELATIVE HUMIDITY (PERCENT)
 HIGHEST    70
 LOWEST     28
 AVERAGE    49

..........................................................


THE PITTSFIELD MA CLIMATE NORMALS FOR TODAY
                         NORMAL
 MAXIMUM TEMPERATURE (F)   65
 MINIMUM TEMPERATURE (F)   41


SUNRISE AND SUNSET
MAY 10 2016...........SUNRISE   536 AM EDT   SUNSET   803 PM EDT
MAY 11 2016...........SUNRISE   535 AM EDT   SUNSET   804 PM EDT


-  INDICATES NEGATIVE NUMBERS.
R  INDICATES RECORD WAS SET OR TIED.
MM INDICATES DATA IS MISSING.
T  INDICATES TRACE AMOUNT.




$$
