000
CDUS41 KALY 070855
CLIPSF


CLIMATE REPORT
NATIONAL WEATHER SERVICE ALBANY NY
355 AM EST SUN DEC 7 2014


...................................

...THE PITTSFIELD MA CLIMATE SUMMARY FOR DECEMBER 6 2014...

CLIMATE NORMAL PERIOD 1981 TO 2010
CLIMATE RECORD PERIOD 9999 TO 9999


WEATHER ITEM   OBSERVED TIME   NORMAL DEPARTURE LAST
                VALUE   (LST)  VALUE  FROM      YEAR
                                      NORMAL
......................................................
TEMPERATURE (F)
 YESTERDAY
  MAXIMUM         36    557 PM  37     -1       53
  MINIMUM         33   1159 PM  23     10       30
  AVERAGE         35            30      5       42

PRECIPITATION (IN)
  YESTERDAY        0.62          0.11   0.51     0.26
  MONTH TO DATE    0.95          0.62   0.33     0.37
  SINCE DEC 1      0.95          0.62   0.33     0.37
  SINCE JAN 1     41.37         43.00  -1.63    37.18

DEGREE DAYS
 HEATING
  YESTERDAY       30            35     -5       23
  MONTH TO DATE  202           203     -1      171
  SINCE DEC 1    202           203     -1      171
  SINCE JUL 1   1824          1854    -30     1851

 COOLING
  YESTERDAY        0             0      0        0
  MONTH TO DATE    0             0      0        0
  SINCE DEC 1      0             0      0        0
  SINCE JAN 1    238           290    -52      433
......................................................


WIND (MPH)
  HIGHEST WIND SPEED    14   HIGHEST WIND DIRECTION     N (350)
  HIGHEST GUST SPEED    20   HIGHEST GUST DIRECTION     N (10)
  AVERAGE WIND SPEED     3.0


SKY COVER
  AVERAGE SKY COVER 1.0



RELATIVE HUMIDITY (PERCENT)
 HIGHEST   100
 LOWEST     75
 AVERAGE    88

..........................................................


THE PITTSFIELD MA CLIMATE NORMALS FOR TODAY
                         NORMAL
 MAXIMUM TEMPERATURE (F)   37
 MINIMUM TEMPERATURE (F)   23


SUNRISE AND SUNSET
DECEMBER  7 2014......SUNRISE   709 AM EST   SUNSET   420 PM EST
DECEMBER  8 2014......SUNRISE   710 AM EST   SUNSET   420 PM EST


-  INDICATES NEGATIVE NUMBERS.
R  INDICATES RECORD WAS SET OR TIED.
MM INDICATES DATA IS MISSING.
T  INDICATES TRACE AMOUNT.




$$
