000
CDUS41 KALY 210626
CLIPSF


CLIMATE REPORT
NATIONAL WEATHER SERVICE ALBANY NY
225 AM EDT THU APR 21 2016


...................................

...THE PITTSFIELD MA CLIMATE SUMMARY FOR APRIL 20 2016...

CLIMATE NORMAL PERIOD 1981 TO 2010
CLIMATE RECORD PERIOD 9999 TO 9999


WEATHER ITEM   OBSERVED TIME   NORMAL DEPARTURE LAST
                VALUE   (LST)  VALUE  FROM      YEAR
                                      NORMAL
......................................................
TEMPERATURE (F)
 YESTERDAY
  MAXIMUM         60    336 PM  57      3       48
  MINIMUM         36   1158 PM  36      0       39
  AVERAGE         48            46      2       44

PRECIPITATION (IN)
  YESTERDAY        0.00          0.11  -0.11     0.25
  MONTH TO DATE    2.14          2.85  -0.71     1.61
  SINCE MAR 1      4.40          6.22  -1.82     3.18
  SINCE JAN 1      9.77         11.82  -2.05     8.27

DEGREE DAYS
 HEATING
  YESTERDAY       17            19     -2       21
  MONTH TO DATE  489           459     30      427
  SINCE MAR 1   1286          1486   -200     1628
  SINCE JUL 1   5653          6866  -1213     7291

 COOLING
  YESTERDAY        0             0      0        0
  MONTH TO DATE    0             0      0        0
  SINCE MAR 1      0             0      0        0
  SINCE JAN 1      0             0      0        0
......................................................


WIND (MPH)
  HIGHEST WIND SPEED    17   HIGHEST WIND DIRECTION     N (10)
  HIGHEST GUST SPEED    24   HIGHEST GUST DIRECTION    NW (330)
  AVERAGE WIND SPEED     6.9


SKY COVER
  AVERAGE SKY COVER 0.0



RELATIVE HUMIDITY (PERCENT)
 HIGHEST    64
 LOWEST     13
 AVERAGE    39

..........................................................


THE PITTSFIELD MA CLIMATE NORMALS FOR TODAY
                         NORMAL
 MAXIMUM TEMPERATURE (F)   57
 MINIMUM TEMPERATURE (F)   36


SUNRISE AND SUNSET
APRIL 21 2016.........SUNRISE   602 AM EDT   SUNSET   742 PM EDT
APRIL 22 2016.........SUNRISE   601 AM EDT   SUNSET   743 PM EDT


-  INDICATES NEGATIVE NUMBERS.
R  INDICATES RECORD WAS SET OR TIED.
MM INDICATES DATA IS MISSING.
T  INDICATES TRACE AMOUNT.




$$
