000
CDUS41 KALY 220630
CLIPSF


CLIMATE REPORT
NATIONAL WEATHER SERVICE ALBANY NY
226 AM EDT WED JUL 22 2015


...................................

...THE PITTSFIELD MA CLIMATE SUMMARY FOR JULY 21 2015...

CLIMATE NORMAL PERIOD 1981 TO 2010
CLIMATE RECORD PERIOD 9999 TO 9999


WEATHER ITEM   OBSERVED TIME   NORMAL DEPARTURE LAST
                VALUE   (LST)  VALUE  FROM      YEAR
                                      NORMAL
......................................................
TEMPERATURE (F)
 YESTERDAY
  MAXIMUM         83    243 PM  79      4       80
  MINIMUM         61    157 AM  57      4       54
  AVERAGE         72            68      4       67

PRECIPITATION (IN)
  YESTERDAY        T             0.15  -0.15     0.00
  MONTH TO DATE    4.81          2.67   2.14     5.07
  SINCE JUN 1     12.94          7.07   5.87    10.42
  SINCE JAN 1     24.08         24.11  -0.03    24.42

DEGREE DAYS
 HEATING
  YESTERDAY        0             1     -1        0
  MONTH TO DATE   17            21     -4        9
  SINCE JUN 1    128           122      6       67
  SINCE JUL 1     17            21     -4        9

 COOLING
  YESTERDAY        7             4      3        2
  MONTH TO DATE   74            73      1       87
  SINCE JUN 1    107           129    -22      130
  SINCE JAN 1    151           142      9      136
......................................................


WIND (MPH)
  HIGHEST WIND SPEED    18   HIGHEST WIND DIRECTION    NW (300)
  HIGHEST GUST SPEED    26   HIGHEST GUST DIRECTION    NW (300)
  AVERAGE WIND SPEED     5.5


SKY COVER
  AVERAGE SKY COVER 0.2



RELATIVE HUMIDITY (PERCENT)
 HIGHEST    97
 LOWEST     47
 AVERAGE    72

..........................................................


THE PITTSFIELD MA CLIMATE NORMALS FOR TODAY
                         NORMAL
 MAXIMUM TEMPERATURE (F)   79
 MINIMUM TEMPERATURE (F)   57


SUNRISE AND SUNSET
JULY 22 2015..........SUNRISE   535 AM EDT   SUNSET   823 PM EDT
JULY 23 2015..........SUNRISE   536 AM EDT   SUNSET   822 PM EDT


-  INDICATES NEGATIVE NUMBERS.
R  INDICATES RECORD WAS SET OR TIED.
MM INDICATES DATA IS MISSING.
T  INDICATES TRACE AMOUNT.




$$
