000
CDUS41 KALY 100702
CLIPSF


CLIMATE REPORT
NATIONAL WEATHER SERVICE ALBANY NY
302 AM EDT FRI OCT 10 2014


...................................

...THE PITTSFIELD MA CLIMATE SUMMARY FOR OCTOBER 9 2014...

CLIMATE NORMAL PERIOD 1981 TO 2010
CLIMATE RECORD PERIOD 9999 TO 9999


WEATHER ITEM   OBSERVED TIME   NORMAL DEPARTURE LAST
                VALUE   (LST)  VALUE  FROM      YEAR
                                      NORMAL
......................................................
TEMPERATURE (F)
 YESTERDAY
  MAXIMUM         62    325 PM  60      2       63
  MINIMUM         40    245 AM  39      1       33
  AVERAGE         51            50      1       48

PRECIPITATION (IN)
  YESTERDAY        0.00          0.17  -0.17     0.00
  MONTH TO DATE    1.60          1.54   0.06     1.04
  SINCE SEP 1      3.01          5.50  -2.49     4.73
  SINCE JAN 1     33.93         35.28  -1.35    32.83

DEGREE DAYS
 HEATING
  YESTERDAY       14            15     -1       17
  MONTH TO DATE   97           126    -29       73
  SINCE SEP 1    301           340    -39      326
  SINCE JUL 1    374           418    -44      382

 COOLING
  YESTERDAY        0             0      0        0
  MONTH TO DATE    0             0      0        0
  SINCE SEP 1     34            19     15       33
  SINCE JAN 1    233           289    -56      433
......................................................


WIND (MPH)
  HIGHEST WIND SPEED    22   HIGHEST WIND DIRECTION     W (260)
  HIGHEST GUST SPEED    29   HIGHEST GUST DIRECTION     W (270)
  AVERAGE WIND SPEED    10.0


SKY COVER
  AVERAGE SKY COVER 0.3



RELATIVE HUMIDITY (PERCENT)
 HIGHEST    76
 LOWEST     39
 AVERAGE    58

..........................................................


THE PITTSFIELD MA CLIMATE NORMALS FOR TODAY
                         NORMAL
 MAXIMUM TEMPERATURE (F)   60
 MINIMUM TEMPERATURE (F)   39


SUNRISE AND SUNSET
OCTOBER 10 2014.......SUNRISE   700 AM EDT   SUNSET   619 PM EDT
OCTOBER 11 2014.......SUNRISE   701 AM EDT   SUNSET   618 PM EDT


-  INDICATES NEGATIVE NUMBERS.
R  INDICATES RECORD WAS SET OR TIED.
MM INDICATES DATA IS MISSING.
T  INDICATES TRACE AMOUNT.




$$
