000
CDUS41 KALY 300629
CLIPSF


CLIMATE REPORT
NATIONAL WEATHER SERVICE ALBANY NY
128 AM EST SAT JAN 30 2016


...................................

...THE PITTSFIELD MA CLIMATE SUMMARY FOR JANUARY 29 2016...

CLIMATE NORMAL PERIOD 1981 TO 2010
CLIMATE RECORD PERIOD 9999 TO 9999


WEATHER ITEM   OBSERVED TIME   NORMAL DEPARTURE LAST
                VALUE   (LST)  VALUE  FROM      YEAR
                                      NORMAL
......................................................
TEMPERATURE (F)
 YESTERDAY
  MAXIMUM         34   1141 AM  29      5       33
  MINIMUM         21   1159 PM  12      9       -6
  AVERAGE         28            20      8       14

PRECIPITATION (IN)
  YESTERDAY        T             0.08  -0.08     0.02
  MONTH TO DATE    1.09          2.73  -1.64     3.26
  SINCE DEC 1      4.77          5.73  -0.96     7.01
  SINCE JAN 1      1.09          2.73  -1.64     3.26

DEGREE DAYS
 HEATING
  YESTERDAY       37            44     -7       51
  MONTH TO DATE 1136          1297   -161     1361
  SINCE DEC 1   1913          2484   -571     2432
  SINCE JUL 1   3286          4135   -849     4054

 COOLING
  YESTERDAY        0             0      0        0
  MONTH TO DATE    0             0      0        0
  SINCE DEC 1      0             0      0        0
  SINCE JAN 1      0             0      0        0
......................................................


WIND (MPH)
  HIGHEST WIND SPEED    24   HIGHEST WIND DIRECTION     W (290)
  HIGHEST GUST SPEED    33   HIGHEST GUST DIRECTION     W (280)
  AVERAGE WIND SPEED     7.2


SKY COVER
  AVERAGE SKY COVER 0.8



RELATIVE HUMIDITY (PERCENT)
 HIGHEST    81
 LOWEST     61
 AVERAGE    71

..........................................................


THE PITTSFIELD MA CLIMATE NORMALS FOR TODAY
                         NORMAL
 MAXIMUM TEMPERATURE (F)   29
 MINIMUM TEMPERATURE (F)   12


SUNRISE AND SUNSET
JANUARY 30 2016.......SUNRISE   709 AM EST   SUNSET   504 PM EST
JANUARY 31 2016.......SUNRISE   708 AM EST   SUNSET   505 PM EST


-  INDICATES NEGATIVE NUMBERS.
R  INDICATES RECORD WAS SET OR TIED.
MM INDICATES DATA IS MISSING.
T  INDICATES TRACE AMOUNT.




$$
