282
CDUS41 KALY 150648
CLIPSF


CLIMATE REPORT
NATIONAL WEATHER SERVICE ALBANY NY
244 AM EDT FRI JUL 15 2016


...................................

...THE PITTSFIELD MA CLIMATE SUMMARY FOR JULY 14 2016...

CLIMATE NORMAL PERIOD 1981 TO 2010
CLIMATE RECORD PERIOD 9999 TO 9999


WEATHER ITEM   OBSERVED TIME   NORMAL DEPARTURE LAST
                VALUE   (LST)  VALUE  FROM      YEAR
                                      NORMAL
......................................................
TEMPERATURE (F)
 YESTERDAY
  MAXIMUM         83    308 PM  79      4       79
  MINIMUM         67   1146 PM  56     11       60
  AVERAGE         75            68      7       70

PRECIPITATION (IN)
  YESTERDAY        0.01          0.14  -0.13     0.00
  MONTH TO DATE    1.95          1.70   0.25     3.88
  SINCE JUN 1      4.45          6.10  -1.65    12.01
  SINCE JAN 1     18.55         23.14  -4.59    23.15

DEGREE DAYS
 HEATING
  YESTERDAY        0             1     -1        0
  MONTH TO DATE    7            14     -7       10
  SINCE JUN 1     83           115    -32      121
  SINCE JUL 1      7            14     -7       10

 COOLING
  YESTERDAY       10             4      6        5
  MONTH TO DATE   53            49      4       43
  SINCE JUN 1     92           105    -13       76
  SINCE JAN 1    133           118     15      120
......................................................


WIND (MPH)
  HIGHEST WIND SPEED    17   HIGHEST WIND DIRECTION     S (170)
  HIGHEST GUST SPEED    25   HIGHEST GUST DIRECTION    SW (230)
  AVERAGE WIND SPEED     7.1


SKY COVER
  AVERAGE SKY COVER 0.7



RELATIVE HUMIDITY (PERCENT)
 HIGHEST    93
 LOWEST     65
 AVERAGE    79

..........................................................


THE PITTSFIELD MA CLIMATE NORMALS FOR TODAY
                         NORMAL
 MAXIMUM TEMPERATURE (F)   79
 MINIMUM TEMPERATURE (F)   56


SUNRISE AND SUNSET
JULY 15 2016..........SUNRISE   530 AM EDT   SUNSET   828 PM EDT
JULY 16 2016..........SUNRISE   531 AM EDT   SUNSET   827 PM EDT


-  INDICATES NEGATIVE NUMBERS.
R  INDICATES RECORD WAS SET OR TIED.
MM INDICATES DATA IS MISSING.
T  INDICATES TRACE AMOUNT.




$$
