000
CDUS41 KALY 170627
CLIPSF


CLIMATE REPORT
NATIONAL WEATHER SERVICE ALBANY NY
227 AM EDT THU JUL 17 2014


...................................

...THE PITTSFIELD MA CLIMATE SUMMARY FOR JULY 16 2014...

CLIMATE NORMAL PERIOD 1981 TO 2010
CLIMATE RECORD PERIOD 9999 TO 9999


WEATHER ITEM   OBSERVED TIME   NORMAL DEPARTURE LAST
                VALUE   (LST)  VALUE  FROM      YEAR
                                      NORMAL
......................................................
TEMPERATURE (F)
 YESTERDAY
  MAXIMUM         75    343 PM  79     -4       88
  MINIMUM         60    737 AM  56      4       64
  AVERAGE         68            68      0       76

PRECIPITATION (IN)
  YESTERDAY        1.43          0.13   1.30     0.00
  MONTH TO DATE    5.02          1.96   3.06     0.50
  SINCE JUN 1     10.37          6.36   4.01     7.87
  SINCE JAN 1     24.37         23.40   0.97    22.46

DEGREE DAYS
 HEATING
  YESTERDAY        0             1     -1        0
  MONTH TO DATE    3            16    -13        0
  SINCE JUN 1     61           117    -56      108
  SINCE JUL 1      3            16    -13        0

 COOLING
  YESTERDAY        3             3      0       11
  MONTH TO DATE   84            56     28      152
  SINCE JUN 1    127           112     15      238
  SINCE JAN 1    133           125      8      263
......................................................


WIND (MPH)
  HIGHEST WIND SPEED    14   HIGHEST WIND DIRECTION     W (290)
  HIGHEST GUST SPEED    19   HIGHEST GUST DIRECTION     W (250)
  AVERAGE WIND SPEED     4.5


SKY COVER
  AVERAGE SKY COVER 0.5



RELATIVE HUMIDITY (PERCENT)
 HIGHEST   100
 LOWEST     53
 AVERAGE    77

..........................................................


THE PITTSFIELD MA CLIMATE NORMALS FOR TODAY
                         NORMAL
 MAXIMUM TEMPERATURE (F)   79
 MINIMUM TEMPERATURE (F)   57


SUNRISE AND SUNSET
JULY 17 2014..........SUNRISE   531 AM EDT   SUNSET   827 PM EDT
JULY 18 2014..........SUNRISE   532 AM EDT   SUNSET   826 PM EDT


-  INDICATES NEGATIVE NUMBERS.
R  INDICATES RECORD WAS SET OR TIED.
MM INDICATES DATA IS MISSING.
T  INDICATES TRACE AMOUNT.




$$
