000
CDUS41 KALY 312146
CLIPSF


CLIMATE REPORT
NATIONAL WEATHER SERVICE ALBANY NY
445 PM EST WED JAN 31 2018


...................................

...THE PITTSFIELD MA CLIMATE SUMMARY FOR JANUARY 31 2018...
VALID TODAY AS OF 0400 PM LOCAL TIME.

CLIMATE NORMAL PERIOD 1981 TO 2010
CLIMATE RECORD PERIOD 9999 TO 9999


WEATHER ITEM   OBSERVED TIME   NORMAL DEPARTURE LAST
                VALUE   (LST)  VALUE  FROM      YEAR
                                      NORMAL
......................................................
TEMPERATURE (F)
 TODAY
  MAXIMUM         27    341 PM  29     -2       22
  MINIMUM         12    204 AM  12      0        7
  AVERAGE         20            21     -1       15

PRECIPITATION (IN)
  TODAY            T             0.09  -0.09     0.02
  MONTH TO DATE    4.66          2.92   1.74     2.72
  SINCE DEC 1      6.81          5.92   0.89     5.74
  SINCE JAN 1      4.66          2.92   1.74     2.72

DEGREE DAYS
 HEATING
  TODAY           45            44      1       50
  MONTH TO DATE 1316          1385    -69     1147
  SINCE DEC 1   2578          2574      4     2325
  SINCE JUL 1   3903          4225   -322     3732

 COOLING
  TODAY            0             0      0        0
  MONTH TO DATE    0             0      0        0
  SINCE DEC 1      0             0      0        0
  SINCE JAN 1      0             0      0        0
......................................................


WIND (MPH)
  HIGHEST WIND SPEED    20   HIGHEST WIND DIRECTION    NW (300)
  HIGHEST GUST SPEED    27   HIGHEST GUST DIRECTION    NW (300)
  AVERAGE WIND SPEED     8.9


SKY COVER
  AVERAGE SKY COVER 0.7



RELATIVE HUMIDITY (PERCENT)
 HIGHEST    73
 LOWEST     37
 AVERAGE    55

..........................................................


THE PITTSFIELD MA CLIMATE NORMALS FOR TOMORROW
                         NORMAL
 MAXIMUM TEMPERATURE (F)   29
 MINIMUM TEMPERATURE (F)   13


SUNRISE AND SUNSET
JANUARY 31 2018.......SUNRISE   708 AM EST   SUNSET   506 PM EST
FEBRUARY  1 2018......SUNRISE   707 AM EST   SUNSET   507 PM EST


-  INDICATES NEGATIVE NUMBERS.
R  INDICATES RECORD WAS SET OR TIED.
MM INDICATES DATA IS MISSING.
T  INDICATES TRACE AMOUNT.




$$
