000
CDUS41 KALY 272144
CLIPSF


CLIMATE REPORT
NATIONAL WEATHER SERVICE ALBANY NY
443 PM EST TUE DEC 27 2016


...................................

...THE PITTSFIELD MA CLIMATE SUMMARY FOR DECEMBER 27 2016...
VALID TODAY AS OF 0400 PM LOCAL TIME.

CLIMATE NORMAL PERIOD 1981 TO 2010
CLIMATE RECORD PERIOD 9999 TO 9999


WEATHER ITEM   OBSERVED TIME   NORMAL DEPARTURE LAST
                VALUE   (LST)  VALUE  FROM      YEAR
                                      NORMAL
......................................................
TEMPERATURE (F)
 TODAY
  MAXIMUM         48   1120 AM  31     17       51
  MINIMUM         34    439 PM  15     19       33
  AVERAGE         41            23     18       42

PRECIPITATION (IN)
  TODAY            0.01          0.09  -0.08     0.23
  MONTH TO DATE    2.70          2.63   0.07     2.95
  SINCE DEC 1      2.70          2.63   0.07     2.95
  SINCE JAN 1     34.64         45.01 -10.37    39.90

DEGREE DAYS
 HEATING
  TODAY           24            42    -18       23
  MONTH TO DATE 1025          1016      9      641
  SINCE DEC 1   1025          1016      9      641
  SINCE JUL 1   2432          2667   -235     2014

 COOLING
  TODAY            0             0      0        0
  MONTH TO DATE    0             0      0        0
  SINCE DEC 1      0             0      0        0
  SINCE JAN 1    432           290    142      361
......................................................


WIND (MPH)
  HIGHEST WIND SPEED    25   HIGHEST WIND DIRECTION     S (200)
  HIGHEST GUST SPEED    36   HIGHEST GUST DIRECTION     S (190)
  AVERAGE WIND SPEED    12.8


SKY COVER
  AVERAGE SKY COVER 0.7



RELATIVE HUMIDITY (PERCENT)
 HIGHEST    92
 LOWEST     57
 AVERAGE    75

..........................................................


THE PITTSFIELD MA CLIMATE NORMALS FOR TOMORROW
                         NORMAL
 MAXIMUM TEMPERATURE (F)   31
 MINIMUM TEMPERATURE (F)   15


SUNRISE AND SUNSET
DECEMBER 27 2016......SUNRISE   722 AM EST   SUNSET   427 PM EST
DECEMBER 28 2016......SUNRISE   722 AM EST   SUNSET   428 PM EST


-  INDICATES NEGATIVE NUMBERS.
R  INDICATES RECORD WAS SET OR TIED.
MM INDICATES DATA IS MISSING.
T  INDICATES TRACE AMOUNT.




$$
