000
CDUS41 KALY 040624
CLIPSF


CLIMATE REPORT
NATIONAL WEATHER SERVICE ALBANY NY
223 AM EDT MON SEP 4 2017


...................................

...THE PITTSFIELD MA CLIMATE SUMMARY FOR SEPTEMBER 3 2017...

CLIMATE NORMAL PERIOD 1981 TO 2010
CLIMATE RECORD PERIOD 9999 TO 9999


WEATHER ITEM   OBSERVED TIME   NORMAL DEPARTURE LAST
                VALUE   (LST)  VALUE  FROM      YEAR
                                      NORMAL
......................................................
TEMPERATURE (F)
 YESTERDAY
  MAXIMUM         56   1159 PM  74    -18       74
  MINIMUM         48    723 AM  52     -4       50
  AVERAGE         52            63    -11       62

PRECIPITATION (IN)
  YESTERDAY        1.04          0.11   0.93     0.00
  MONTH TO DATE    1.04          0.29   0.75      T
  SINCE SEP 1      1.04          0.29   0.75      T
  SINCE JAN 1     31.83         30.07   1.76    23.37

DEGREE DAYS
 HEATING
  YESTERDAY       13             3     10        3
  MONTH TO DATE   40             9     31        5
  SINCE SEP 1     40             9     31        5
  SINCE JUL 1    126            87     39       29

 COOLING
  YESTERDAY        0             2     -2        0
  MONTH TO DATE    0             6     -6        3
  SINCE SEP 1      0             6     -6        3
  SINCE JAN 1    270           276     -6      384
......................................................


WIND (MPH)
  HIGHEST WIND SPEED    13   HIGHEST WIND DIRECTION     E (100)
  HIGHEST GUST SPEED    20   HIGHEST GUST DIRECTION     E (110)
  AVERAGE WIND SPEED     5.4


SKY COVER
  AVERAGE SKY COVER 0.9



RELATIVE HUMIDITY (PERCENT)
 HIGHEST    96
 LOWEST     80
 AVERAGE    88

..........................................................


THE PITTSFIELD MA CLIMATE NORMALS FOR TODAY
                         NORMAL
 MAXIMUM TEMPERATURE (F)   74
 MINIMUM TEMPERATURE (F)   52


SUNRISE AND SUNSET
SEPTEMBER  4 2017.....SUNRISE   622 AM EDT   SUNSET   722 PM EDT
SEPTEMBER  5 2017.....SUNRISE   623 AM EDT   SUNSET   720 PM EDT


-  INDICATES NEGATIVE NUMBERS.
R  INDICATES RECORD WAS SET OR TIED.
MM INDICATES DATA IS MISSING.
T  INDICATES TRACE AMOUNT.




$$
