000
CDUS41 KALY 100622
CLIPSF


CLIMATE REPORT
NATIONAL WEATHER SERVICE ALBANY NY
222 AM EDT SUN AUG 10 2014


...................................

...THE PITTSFIELD MA CLIMATE SUMMARY FOR AUGUST 9 2014...

CLIMATE NORMAL PERIOD 1981 TO 2010
CLIMATE RECORD PERIOD 9999 TO 9999


WEATHER ITEM   OBSERVED TIME   NORMAL DEPARTURE LAST
                VALUE   (LST)  VALUE  FROM      YEAR
                                      NORMAL
......................................................
TEMPERATURE (F)
 YESTERDAY
  MAXIMUM         79    316 PM  78      1       74
  MINIMUM         51    549 AM  57     -6       67
  AVERAGE         65            67     -2       71

PRECIPITATION (IN)
  YESTERDAY        0.00          0.14  -0.14     1.89
  MONTH TO DATE    0.82          1.31  -0.49     2.30
  SINCE JUN 1     15.40          9.96   5.44    10.98
  SINCE JAN 1     29.40         27.00   2.40    25.57

DEGREE DAYS
 HEATING
  YESTERDAY        0             1     -1        0
  MONTH TO DATE    5             9     -4       11
  SINCE JUN 1     81           141    -60      127
  SINCE JUL 1     23            40    -17       19

 COOLING
  YESTERDAY        0             4     -4        6
  MONTH TO DATE   15            36    -21       19
  SINCE JUN 1    172           200    -28      330
  SINCE JAN 1    178           213    -35      355
......................................................


WIND (MPH)
  HIGHEST WIND SPEED    16   HIGHEST WIND DIRECTION    NW (300)
  HIGHEST GUST SPEED    20   HIGHEST GUST DIRECTION    NW (300)
  AVERAGE WIND SPEED     3.8


SKY COVER
  AVERAGE SKY COVER 0.4



RELATIVE HUMIDITY (PERCENT)
 HIGHEST   100
 LOWEST     39
 AVERAGE    70

..........................................................


THE PITTSFIELD MA CLIMATE NORMALS FOR TODAY
                         NORMAL
 MAXIMUM TEMPERATURE (F)   78
 MINIMUM TEMPERATURE (F)   57


SUNRISE AND SUNSET
AUGUST 10 2014........SUNRISE   555 AM EDT   SUNSET   802 PM EDT
AUGUST 11 2014........SUNRISE   556 AM EDT   SUNSET   800 PM EDT


-  INDICATES NEGATIVE NUMBERS.
R  INDICATES RECORD WAS SET OR TIED.
MM INDICATES DATA IS MISSING.
T  INDICATES TRACE AMOUNT.




$$
