000
CDUS41 KALY 240627
CLIPSF


CLIMATE REPORT
NATIONAL WEATHER SERVICE ALBANY NY
225 AM EDT FRI JUL 24 2015


...................................

...THE PITTSFIELD MA CLIMATE SUMMARY FOR JULY 23 2015...

CLIMATE NORMAL PERIOD 1981 TO 2010
CLIMATE RECORD PERIOD 9999 TO 9999


WEATHER ITEM   OBSERVED TIME   NORMAL DEPARTURE LAST
                VALUE   (LST)  VALUE  FROM      YEAR
                                      NORMAL
......................................................
TEMPERATURE (F)
 YESTERDAY
  MAXIMUM         77    245 PM  79     -2       86
  MINIMUM         52    317 AM  57     -5       66
  AVERAGE         65            68     -3       76

PRECIPITATION (IN)
  YESTERDAY        0.00          0.14  -0.14     1.03
  MONTH TO DATE    4.81          2.97   1.84     6.10
  SINCE JUN 1     12.94          7.37   5.57    11.45
  SINCE JAN 1     24.08         24.41  -0.33    25.45

DEGREE DAYS
 HEATING
  YESTERDAY        0             1     -1        0
  MONTH TO DATE   17            23     -6        9
  SINCE JUN 1    128           124      4       67
  SINCE JUL 1     17            23     -6        9

 COOLING
  YESTERDAY        0             4     -4       11
  MONTH TO DATE   76            81     -5      104
  SINCE JUN 1    109           137    -28      147
  SINCE JAN 1    153           150      3      153
......................................................


WIND (MPH)
  HIGHEST WIND SPEED    18   HIGHEST WIND DIRECTION     W (270)
  HIGHEST GUST SPEED    22   HIGHEST GUST DIRECTION     W (280)
  AVERAGE WIND SPEED     5.5


SKY COVER
  AVERAGE SKY COVER 0.2



RELATIVE HUMIDITY (PERCENT)
 HIGHEST    93
 LOWEST     43
 AVERAGE    68

..........................................................


THE PITTSFIELD MA CLIMATE NORMALS FOR TODAY
                         NORMAL
 MAXIMUM TEMPERATURE (F)   79
 MINIMUM TEMPERATURE (F)   57


SUNRISE AND SUNSET
JULY 24 2015..........SUNRISE   537 AM EDT   SUNSET   822 PM EDT
JULY 25 2015..........SUNRISE   538 AM EDT   SUNSET   821 PM EDT


-  INDICATES NEGATIVE NUMBERS.
R  INDICATES RECORD WAS SET OR TIED.
MM INDICATES DATA IS MISSING.
T  INDICATES TRACE AMOUNT.




$$
