000
CDUS41 KALY 270622
CLIPSF


CLIMATE REPORT
NATIONAL WEATHER SERVICE ALBANY NY
222 AM EDT WED SEP 27 2017


...................................

...THE PITTSFIELD MA CLIMATE SUMMARY FOR SEPTEMBER 26 2017...

CLIMATE NORMAL PERIOD 1981 TO 2010
CLIMATE RECORD PERIOD 9999 TO 9999


WEATHER ITEM   OBSERVED TIME   NORMAL DEPARTURE LAST
                VALUE   (LST)  VALUE  FROM      YEAR
                                      NORMAL
......................................................
TEMPERATURE (F)
 YESTERDAY
  MAXIMUM         86    345 PM  65     21       66
  MINIMUM         61    206 AM  44     17       32
  AVERAGE         74            54     20       49

PRECIPITATION (IN)
  YESTERDAY        0.00          0.16  -0.16      T
  MONTH TO DATE    2.49          3.28  -0.79     1.42
  SINCE SEP 1      2.49          3.28  -0.79     1.42
  SINCE JAN 1     33.28         33.06   0.22    24.79

DEGREE DAYS
 HEATING
  YESTERDAY        0            11    -11       16
  MONTH TO DATE   97           167    -70       89
  SINCE SEP 1     97           167    -70       89
  SINCE JUL 1    183           245    -62      113

 COOLING
  YESTERDAY        9             0      9        0
  MONTH TO DATE   66            16     50       50
  SINCE SEP 1     66            16     50       50
  SINCE JAN 1    336           286     50      431
......................................................


WIND (MPH)
  HIGHEST WIND SPEED     7   HIGHEST WIND DIRECTION     W (260)
  HIGHEST GUST SPEED     9   HIGHEST GUST DIRECTION     S (190)
  AVERAGE WIND SPEED     1.1


SKY COVER
  AVERAGE SKY COVER 0.4



RELATIVE HUMIDITY (PERCENT)
 HIGHEST   100
 LOWEST     51
 AVERAGE    76

..........................................................


THE PITTSFIELD MA CLIMATE NORMALS FOR TODAY
                         NORMAL
 MAXIMUM TEMPERATURE (F)   65
 MINIMUM TEMPERATURE (F)   44


SUNRISE AND SUNSET
SEPTEMBER 27 2017.....SUNRISE   646 AM EDT   SUNSET   641 PM EDT
SEPTEMBER 28 2017.....SUNRISE   647 AM EDT   SUNSET   639 PM EDT


-  INDICATES NEGATIVE NUMBERS.
R  INDICATES RECORD WAS SET OR TIED.
MM INDICATES DATA IS MISSING.
T  INDICATES TRACE AMOUNT.




$$
