000
CDUS41 KALY 070621
CLIPSF


CLIMATE REPORT
NATIONAL WEATHER SERVICE ALBANY NY
221 AM EDT SUN SEP 7 2014


...................................

...THE PITTSFIELD MA CLIMATE SUMMARY FOR SEPTEMBER 6 2014...

CLIMATE NORMAL PERIOD 1981 TO 2010
CLIMATE RECORD PERIOD 9999 TO 9999


WEATHER ITEM   OBSERVED TIME   NORMAL DEPARTURE LAST
                VALUE   (LST)  VALUE  FROM      YEAR
                                      NORMAL
......................................................
TEMPERATURE (F)
 YESTERDAY
  MAXIMUM         85    247 PM  73     12       63
  MINIMUM         61   1159 PM  51     10       40
  AVERAGE         73            62     11       52

PRECIPITATION (IN)
  YESTERDAY        0.05          0.11  -0.06     0.00
  MONTH TO DATE    0.82          0.62   0.20     0.98
  SINCE SEP 1      0.82          0.62   0.20     0.98
  SINCE JAN 1     31.74         30.40   1.34    29.08

DEGREE DAYS
 HEATING
  YESTERDAY        0             4     -4       13
  MONTH TO DATE    0            21    -21       22
  SINCE SEP 1      0            21    -21       22
  SINCE JUL 1     73            99    -26       78

 COOLING
  YESTERDAY        8             1      7        0
  MONTH TO DATE   33             9     24       14
  SINCE SEP 1     33             9     24       14
  SINCE JAN 1    232           279    -47      414
......................................................


WIND (MPH)
  HIGHEST WIND SPEED    22   HIGHEST WIND DIRECTION     W (290)
  HIGHEST GUST SPEED    30   HIGHEST GUST DIRECTION     W (290)
  AVERAGE WIND SPEED     8.4


SKY COVER
  AVERAGE SKY COVER 0.6



RELATIVE HUMIDITY (PERCENT)
 HIGHEST    97
 LOWEST     63
 AVERAGE    80

..........................................................


THE PITTSFIELD MA CLIMATE NORMALS FOR TODAY
                         NORMAL
 MAXIMUM TEMPERATURE (F)   73
 MINIMUM TEMPERATURE (F)   51


SUNRISE AND SUNSET
SEPTEMBER  7 2014.....SUNRISE   625 AM EDT   SUNSET   717 PM EDT
SEPTEMBER  8 2014.....SUNRISE   626 AM EDT   SUNSET   715 PM EDT


-  INDICATES NEGATIVE NUMBERS.
R  INDICATES RECORD WAS SET OR TIED.
MM INDICATES DATA IS MISSING.
T  INDICATES TRACE AMOUNT.




$$
