000
CDUS41 KALY 252048
CLIPSF


CLIMATE REPORT
NATIONAL WEATHER SERVICE ALBANY NY
447 PM EDT MON SEP 25 2017


...................................

...THE PITTSFIELD MA CLIMATE SUMMARY FOR SEPTEMBER 25 2017...
VALID TODAY AS OF 0400 PM LOCAL TIME.

CLIMATE NORMAL PERIOD 1981 TO 2010
CLIMATE RECORD PERIOD 9999 TO 9999


WEATHER ITEM   OBSERVED TIME   NORMAL DEPARTURE LAST
                VALUE   (LST)  VALUE  FROM      YEAR
                                      NORMAL
......................................................
TEMPERATURE (F)
 TODAY
  MAXIMUM         88    211 PM  65     23       61
  MINIMUM         59    507 AM  44     15       34
  AVERAGE         74            55     19       48

PRECIPITATION (IN)
  TODAY            0.00          0.15  -0.15     0.00
  MONTH TO DATE    2.49          3.12  -0.63     1.42
  SINCE SEP 1      2.49          3.12  -0.63     1.42
  SINCE JAN 1     33.28         32.90   0.38    24.79

DEGREE DAYS
 HEATING
  TODAY            0            10    -10       17
  MONTH TO DATE   97           156    -59       73
  SINCE SEP 1     97           156    -59       73
  SINCE JUL 1    183           234    -51       97

 COOLING
  TODAY            9             0      9        0
  MONTH TO DATE   57            16     41       50
  SINCE SEP 1     57            16     41       50
  SINCE JAN 1    327           286     41      431
......................................................


WIND (MPH)
  HIGHEST WIND SPEED    10   HIGHEST WIND DIRECTION    NE (30)
  HIGHEST GUST SPEED    12   HIGHEST GUST DIRECTION    NE (30)
  AVERAGE WIND SPEED     1.8


SKY COVER
  AVERAGE SKY COVER 0.3



RELATIVE HUMIDITY (PERCENT)
 HIGHEST   100
 LOWEST     46
 AVERAGE    73

..........................................................


THE PITTSFIELD MA CLIMATE NORMALS FOR TOMORROW
                         NORMAL
 MAXIMUM TEMPERATURE (F)   65
 MINIMUM TEMPERATURE (F)   44


SUNRISE AND SUNSET
SEPTEMBER 25 2017.....SUNRISE   644 AM EDT   SUNSET   645 PM EDT
SEPTEMBER 26 2017.....SUNRISE   645 AM EDT   SUNSET   643 PM EDT


-  INDICATES NEGATIVE NUMBERS.
R  INDICATES RECORD WAS SET OR TIED.
MM INDICATES DATA IS MISSING.
T  INDICATES TRACE AMOUNT.




$$
