000
CDUS41 KALY 050644
CLIPSF


CLIMATE REPORT
NATIONAL WEATHER SERVICE ALBANY NY
240 AM EDT FRI MAY 5 2017


...................................

...THE PITTSFIELD MA CLIMATE SUMMARY FOR MAY 4 2017...

CLIMATE NORMAL PERIOD 1981 TO 2010
CLIMATE RECORD PERIOD 9999 TO 9999


WEATHER ITEM   OBSERVED TIME   NORMAL DEPARTURE LAST
                VALUE   (LST)  VALUE  FROM      YEAR
                                      NORMAL
......................................................
TEMPERATURE (F)
 YESTERDAY
  MAXIMUM         63    219 PM  63      0       46
  MINIMUM         32    515 AM  40     -8       43
  AVERAGE         48            51     -3       45

PRECIPITATION (IN)
  YESTERDAY        T             0.11  -0.11     0.17
  MONTH TO DATE    1.28          0.43   0.85     1.00
  SINCE MAR 1      7.68          7.66   0.02     5.75
  SINCE JAN 1     13.26         13.26   0.00    11.12

DEGREE DAYS
 HEATING
  YESTERDAY       17            14      3       20
  MONTH TO DATE   53            58     -5       77
  SINCE MAR 1   1660          1713    -53     1526
  SINCE JUL 1   6362          7093   -731     5893

 COOLING
  YESTERDAY        0             0      0        0
  MONTH TO DATE    0             0      0        0
  SINCE MAR 1      2             2      0        0
  SINCE JAN 1      2             2      0        0
......................................................


WIND (MPH)
  HIGHEST WIND SPEED    16   HIGHEST WIND DIRECTION    SE (140)
  HIGHEST GUST SPEED    27   HIGHEST GUST DIRECTION    SE (130)
  AVERAGE WIND SPEED     6.0


SKY COVER
  AVERAGE SKY COVER 0.4



RELATIVE HUMIDITY (PERCENT)
 HIGHEST    89
 LOWEST     19
 AVERAGE    54

..........................................................


THE PITTSFIELD MA CLIMATE NORMALS FOR TODAY
                         NORMAL
 MAXIMUM TEMPERATURE (F)   63
 MINIMUM TEMPERATURE (F)   40


SUNRISE AND SUNSET
MAY  5 2017...........SUNRISE   543 AM EDT   SUNSET   758 PM EDT
MAY  6 2017...........SUNRISE   542 AM EDT   SUNSET   759 PM EDT


-  INDICATES NEGATIVE NUMBERS.
R  INDICATES RECORD WAS SET OR TIED.
MM INDICATES DATA IS MISSING.
T  INDICATES TRACE AMOUNT.




$$
