000
CDUS41 KALY 260629
CLIPSF


CLIMATE REPORT
NATIONAL WEATHER SERVICE ALBANY NY
122 AM EST SUN NOV 26 2017


...................................

...THE PITTSFIELD MA CLIMATE SUMMARY FOR NOVEMBER 25 2017...

CLIMATE NORMAL PERIOD 1981 TO 2010
CLIMATE RECORD PERIOD 9999 TO 9999


WEATHER ITEM   OBSERVED TIME   NORMAL DEPARTURE LAST
                VALUE   (LST)  VALUE  FROM      YEAR
                                      NORMAL
......................................................
TEMPERATURE (F)
 YESTERDAY
  MAXIMUM         56    116 PM  43     13       40
  MINIMUM         33    501 AM  27      6       32
  AVERAGE         45            34     11       36

PRECIPITATION (IN)
  YESTERDAY        0.00          0.14  -0.14     0.00
  MONTH TO DATE    1.19          3.24  -2.05     1.63
  SINCE SEP 1      8.48         11.91  -3.43     7.35
  SINCE JAN 1     39.27         41.69  -2.42    30.72

DEGREE DAYS
 HEATING
  YESTERDAY       20            30    -10       29
  MONTH TO DATE  632           658    -26      630
  SINCE SEP 1   1091          1416   -325     1248
  SINCE JUL 1   1177          1494   -317     1272

 COOLING
  YESTERDAY        0             0      0        0
  MONTH TO DATE    0             0      0        0
  SINCE SEP 1     81            20     61       51
  SINCE JAN 1    351           290     61      432
......................................................


WIND (MPH)
  HIGHEST WIND SPEED    16   HIGHEST WIND DIRECTION     W (270)
  HIGHEST GUST SPEED    23   HIGHEST GUST DIRECTION     W (290)
  AVERAGE WIND SPEED     6.3


SKY COVER
  AVERAGE SKY COVER 0.4



RELATIVE HUMIDITY (PERCENT)
 HIGHEST    76
 LOWEST     35
 AVERAGE    56

..........................................................


THE PITTSFIELD MA CLIMATE NORMALS FOR TODAY
                         NORMAL
 MAXIMUM TEMPERATURE (F)   42
 MINIMUM TEMPERATURE (F)   26


SUNRISE AND SUNSET
NOVEMBER 26 2017......SUNRISE   658 AM EST   SUNSET   423 PM EST
NOVEMBER 27 2017......SUNRISE   659 AM EST   SUNSET   423 PM EST


-  INDICATES NEGATIVE NUMBERS.
R  INDICATES RECORD WAS SET OR TIED.
MM INDICATES DATA IS MISSING.
T  INDICATES TRACE AMOUNT.




$$
