000
CDUS41 KALY 102043
CLIPSF


CLIMATE REPORT
NATIONAL WEATHER SERVICE ALBANY NY
443 PM EDT TUE MAY 10 2016


...................................

...THE PITTSFIELD MA CLIMATE SUMMARY FOR MAY 10 2016...
VALID TODAY AS OF 0400 PM LOCAL TIME.

CLIMATE NORMAL PERIOD 1981 TO 2010
CLIMATE RECORD PERIOD 9999 TO 9999


WEATHER ITEM   OBSERVED TIME   NORMAL DEPARTURE LAST
                VALUE   (LST)  VALUE  FROM      YEAR
                                      NORMAL
......................................................
TEMPERATURE (F)
 TODAY
  MAXIMUM         64    341 PM  65     -1       84
  MINIMUM         32    439 AM  41     -9       62
  AVERAGE         48            53     -5       73

PRECIPITATION (IN)
  TODAY            0.00          0.12  -0.12     0.00
  MONTH TO DATE    1.23          1.11   0.12      T
  SINCE MAR 1      5.98          8.34  -2.36     4.47
  SINCE JAN 1     11.35         13.94  -2.59     9.56

DEGREE DAYS
 HEATING
  TODAY           17            12      5        0
  MONTH TO DATE  169           135     34       45
  SINCE MAR 1   1618          1790   -172     1874
  SINCE JUL 1   5985          7170  -1185     7537

 COOLING
  TODAY            0             0      0        8
  MONTH TO DATE    0             0      0       11
  SINCE MAR 1      0             2     -2       11
  SINCE JAN 1      0             2     -2       11
......................................................


WIND (MPH)
  HIGHEST WIND SPEED    15   HIGHEST WIND DIRECTION    NW (300)
  HIGHEST GUST SPEED    23   HIGHEST GUST DIRECTION    NW (300)
  AVERAGE WIND SPEED     7.9


SKY COVER
  AVERAGE SKY COVER 0.0



RELATIVE HUMIDITY (PERCENT)
 HIGHEST    70
 LOWEST     23
 AVERAGE    47

..........................................................


THE PITTSFIELD MA CLIMATE NORMALS FOR TOMORROW
                         NORMAL
 MAXIMUM TEMPERATURE (F)   65
 MINIMUM TEMPERATURE (F)   42


SUNRISE AND SUNSET
MAY 10 2016...........SUNRISE   536 AM EDT   SUNSET   803 PM EDT
MAY 11 2016...........SUNRISE   535 AM EDT   SUNSET   804 PM EDT


-  INDICATES NEGATIVE NUMBERS.
R  INDICATES RECORD WAS SET OR TIED.
MM INDICATES DATA IS MISSING.
T  INDICATES TRACE AMOUNT.




$$
