000
CDUS41 KALY 122044
CLIPSF


CLIMATE REPORT
NATIONAL WEATHER SERVICE ALBANY NY
443 PM EDT TUE APR 12 2016


...................................

...THE PITTSFIELD MA CLIMATE SUMMARY FOR APRIL 12 2016...
VALID TODAY AS OF 0400 PM LOCAL TIME.

CLIMATE NORMAL PERIOD 1981 TO 2010
CLIMATE RECORD PERIOD 9999 TO 9999


WEATHER ITEM   OBSERVED TIME   NORMAL DEPARTURE LAST
                VALUE   (LST)  VALUE  FROM      YEAR
                                      NORMAL
......................................................
TEMPERATURE (F)
 TODAY
  MAXIMUM         51    652 AM  53     -2       64
  MINIMUM         36   1018 AM  33      3       33
  AVERAGE         44            43      1       49

PRECIPITATION (IN)
  TODAY            0.55          0.16   0.39     0.00
  MONTH TO DATE    2.14          1.91   0.23     1.11
  SINCE MAR 1      4.40          5.28  -0.88     2.68
  SINCE JAN 1      9.77         10.88  -1.11     7.77

DEGREE DAYS
 HEATING
  TODAY           21            22     -1       16
  MONTH TO DATE  350           296     54      303
  SINCE MAR 1   1147          1323   -176     1504
  SINCE JUL 1   5514          6703  -1189     7167

 COOLING
  TODAY            0             0      0        0
  MONTH TO DATE    0             0      0        0
  SINCE MAR 1      0             0      0        0
  SINCE JAN 1      0             0      0        0
......................................................


WIND (MPH)
  HIGHEST WIND SPEED    25   HIGHEST WIND DIRECTION     W (280)
  HIGHEST GUST SPEED    39   HIGHEST GUST DIRECTION    NW (300)
  AVERAGE WIND SPEED    12.4


SKY COVER
  AVERAGE SKY COVER 0.7



RELATIVE HUMIDITY (PERCENT)
 HIGHEST    93
 LOWEST     49
 AVERAGE    71

..........................................................


THE PITTSFIELD MA CLIMATE NORMALS FOR TOMORROW
                         NORMAL
 MAXIMUM TEMPERATURE (F)   54
 MINIMUM TEMPERATURE (F)   33


SUNRISE AND SUNSET
APRIL 12 2016.........SUNRISE   616 AM EDT   SUNSET   732 PM EDT
APRIL 13 2016.........SUNRISE   615 AM EDT   SUNSET   733 PM EDT


-  INDICATES NEGATIVE NUMBERS.
R  INDICATES RECORD WAS SET OR TIED.
MM INDICATES DATA IS MISSING.
T  INDICATES TRACE AMOUNT.




$$
