000
CDUS41 KALY 170629
CLIPSF


CLIMATE REPORT
NATIONAL WEATHER SERVICE ALBANY NY
228 AM EDT MON AUG 17 2015


...................................

...THE PITTSFIELD MA CLIMATE SUMMARY FOR AUGUST 16 2015...

CLIMATE NORMAL PERIOD 1981 TO 2010
CLIMATE RECORD PERIOD 9999 TO 9999


WEATHER ITEM   OBSERVED TIME   NORMAL DEPARTURE LAST
                VALUE   (LST)  VALUE  FROM      YEAR
                                      NORMAL
......................................................
TEMPERATURE (F)
 YESTERDAY
  MAXIMUM         83    346 PM  78      5       69
  MINIMUM         63   1145 PM  56      7       47
  AVERAGE         73            67      6       58

PRECIPITATION (IN)
  YESTERDAY        0.00          0.13  -0.13      T
  MONTH TO DATE    1.88          2.18  -0.30     1.27
  SINCE JUN 1     15.01         10.83   4.18    15.85
  SINCE JAN 1     26.15         27.87  -1.72    29.85

DEGREE DAYS
 HEATING
  YESTERDAY        0             1     -1        7
  MONTH TO DATE    1            16    -15       27
  SINCE JUN 1    131           148    -17      103
  SINCE JUL 1     20            47    -27       45

 COOLING
  YESTERDAY        8             3      5        0
  MONTH TO DATE   47            60    -13       18
  SINCE JUN 1    201           224    -23      175
  SINCE JAN 1    245           237      8      181
......................................................


WIND (MPH)
  HIGHEST WIND SPEED    12   HIGHEST WIND DIRECTION    NW (300)
  HIGHEST GUST SPEED    15   HIGHEST GUST DIRECTION     W (290)
  AVERAGE WIND SPEED     2.8


SKY COVER
  AVERAGE SKY COVER 0.4



RELATIVE HUMIDITY (PERCENT)
 HIGHEST   100
 LOWEST     51
 AVERAGE    76

..........................................................


THE PITTSFIELD MA CLIMATE NORMALS FOR TODAY
                         NORMAL
 MAXIMUM TEMPERATURE (F)   77
 MINIMUM TEMPERATURE (F)   56


SUNRISE AND SUNSET
AUGUST 17 2015........SUNRISE   602 AM EDT   SUNSET   752 PM EDT
AUGUST 18 2015........SUNRISE   603 AM EDT   SUNSET   750 PM EDT


-  INDICATES NEGATIVE NUMBERS.
R  INDICATES RECORD WAS SET OR TIED.
MM INDICATES DATA IS MISSING.
T  INDICATES TRACE AMOUNT.




$$
