000
CDUS41 KALY 102059
CLIPSF


CLIMATE REPORT
NATIONAL WEATHER SERVICE ALBANY NY
458 PM EDT TUE OCT 10 2017


...................................

...THE PITTSFIELD MA CLIMATE SUMMARY FOR OCTOBER 10 2017...
VALID TODAY AS OF 0400 PM LOCAL TIME.

CLIMATE NORMAL PERIOD 1981 TO 2010
CLIMATE RECORD PERIOD 9999 TO 9999


WEATHER ITEM   OBSERVED TIME   NORMAL DEPARTURE LAST
                VALUE   (LST)  VALUE  FROM      YEAR
                                      NORMAL
......................................................
TEMPERATURE (F)
 TODAY
  MAXIMUM         71    330 PM  60     11       53
  MINIMUM         59    743 AM  39     20       35
  AVERAGE         65            49     16       44

PRECIPITATION (IN)
  TODAY            0.00          0.17  -0.17     0.00
  MONTH TO DATE    1.05          1.71  -0.66     0.05
  SINCE SEP 1      3.83          5.67  -1.84     1.92
  SINCE JAN 1     34.62         35.45  -0.83    25.29

DEGREE DAYS
 HEATING
  TODAY            0            16    -16       21
  MONTH TO DATE   67           142    -75      114
  SINCE SEP 1    203           356   -153      242
  SINCE JUL 1    289           434   -145      266

 COOLING
  TODAY            0             0      0        0
  MONTH TO DATE    6             0      6        0
  SINCE SEP 1     79            19     60       50
  SINCE JAN 1    349           289     60      431
......................................................


WIND (MPH)
  HIGHEST WIND SPEED    20   HIGHEST WIND DIRECTION     W (280)
  HIGHEST GUST SPEED    26   HIGHEST GUST DIRECTION     W (270)
  AVERAGE WIND SPEED    10.6


SKY COVER
  AVERAGE SKY COVER 0.6



RELATIVE HUMIDITY (PERCENT)
 HIGHEST    93
 LOWEST     59
 AVERAGE    76

..........................................................


THE PITTSFIELD MA CLIMATE NORMALS FOR TOMORROW
                         NORMAL
 MAXIMUM TEMPERATURE (F)   59
 MINIMUM TEMPERATURE (F)   39


SUNRISE AND SUNSET
OCTOBER 10 2017.......SUNRISE   701 AM EDT   SUNSET   619 PM EDT
OCTOBER 11 2017.......SUNRISE   702 AM EDT   SUNSET   617 PM EDT


-  INDICATES NEGATIVE NUMBERS.
R  INDICATES RECORD WAS SET OR TIED.
MM INDICATES DATA IS MISSING.
T  INDICATES TRACE AMOUNT.




$$
