000
CDUS41 KALY 010647
CLIPSF


CLIMATE REPORT
NATIONAL WEATHER SERVICE ALBANY NY
144 AM EST FRI DEC 1 2017


...................................

...THE PITTSFIELD MA CLIMATE SUMMARY FOR NOVEMBER 30 2017...

CLIMATE NORMAL PERIOD 1981 TO 2010
CLIMATE RECORD PERIOD 9999 TO 9999


WEATHER ITEM   OBSERVED TIME   NORMAL DEPARTURE LAST
                VALUE   (LST)  VALUE  FROM      YEAR
                                      NORMAL
......................................................
TEMPERATURE (F)
 YESTERDAY
  MAXIMUM         44    920 PM  40      4       50
  MINIMUM         19    650 AM  25     -6       43
  AVERAGE         32            33     -1       47

PRECIPITATION (IN)
  YESTERDAY        0.18          0.14   0.04     0.71
  MONTH TO DATE    1.41          3.93  -2.52     2.85
  SINCE SEP 1      8.70         12.60  -3.90     8.57
  SINCE JAN 1     39.49         42.38  -2.89    31.94

DEGREE DAYS
 HEATING
  YESTERDAY       33            32      1       18
  MONTH TO DATE  780           816    -36      765
  SINCE SEP 1   1239          1573   -334     1383
  SINCE JUL 1   1325          1651   -326     1407

 COOLING
  YESTERDAY        0             0      0        0
  MONTH TO DATE    0             0      0        0
  SINCE SEP 1     81            20     61       51
  SINCE JAN 1    351           290     61      432
......................................................


WIND (MPH)
  HIGHEST WIND SPEED    17   HIGHEST WIND DIRECTION     S (170)
  HIGHEST GUST SPEED    23   HIGHEST GUST DIRECTION     S (160)
  AVERAGE WIND SPEED     4.7


SKY COVER
  AVERAGE SKY COVER 0.2



RELATIVE HUMIDITY (PERCENT)
 HIGHEST    89
 LOWEST     47
 AVERAGE    68

..........................................................


THE PITTSFIELD MA CLIMATE NORMALS FOR TODAY
                         NORMAL
 MAXIMUM TEMPERATURE (F)   40
 MINIMUM TEMPERATURE (F)   25


SUNRISE AND SUNSET
DECEMBER  1 2017......SUNRISE   703 AM EST   SUNSET   421 PM EST
DECEMBER  2 2017......SUNRISE   704 AM EST   SUNSET   421 PM EST


-  INDICATES NEGATIVE NUMBERS.
R  INDICATES RECORD WAS SET OR TIED.
MM INDICATES DATA IS MISSING.
T  INDICATES TRACE AMOUNT.




$$
