000
CDUS41 KALY 090623
CLIPSF


CLIMATE REPORT
NATIONAL WEATHER SERVICE ALBANY NY
221 AM EDT TUE SEP 9 2014


...................................

...THE PITTSFIELD MA CLIMATE SUMMARY FOR SEPTEMBER 8 2014...

CLIMATE NORMAL PERIOD 1981 TO 2010
CLIMATE RECORD PERIOD 9999 TO 9999


WEATHER ITEM   OBSERVED TIME   NORMAL DEPARTURE LAST
                VALUE   (LST)  VALUE  FROM      YEAR
                                      NORMAL
......................................................
TEMPERATURE (F)
 YESTERDAY
  MAXIMUM         71    300 PM  72     -1       68
  MINIMUM         48    344 AM  51     -3       43
  AVERAGE         60            62     -2       56

PRECIPITATION (IN)
  YESTERDAY        0.00          0.11  -0.11      T
  MONTH TO DATE    0.82          0.85  -0.03     0.98
  SINCE SEP 1      0.82          0.85  -0.03     0.98
  SINCE JAN 1     31.74         30.63   1.11    29.08

DEGREE DAYS
 HEATING
  YESTERDAY        5             5      0        9
  MONTH TO DATE    8            30    -22       38
  SINCE SEP 1      8            30    -22       38
  SINCE JUL 1     81           108    -27       94

 COOLING
  YESTERDAY        0             1     -1        0
  MONTH TO DATE   33            11     22       14
  SINCE SEP 1     33            11     22       14
  SINCE JAN 1    232           281    -49      414
......................................................


WIND (MPH)
  HIGHEST WIND SPEED    15   HIGHEST WIND DIRECTION    SE (150)
  HIGHEST GUST SPEED    22   HIGHEST GUST DIRECTION    SE (150)
  AVERAGE WIND SPEED     4.5


SKY COVER
  AVERAGE SKY COVER 0.1



RELATIVE HUMIDITY (PERCENT)
 HIGHEST    96
 LOWEST     47
 AVERAGE    72

..........................................................


THE PITTSFIELD MA CLIMATE NORMALS FOR TODAY
                         NORMAL
 MAXIMUM TEMPERATURE (F)   72
 MINIMUM TEMPERATURE (F)   50


SUNRISE AND SUNSET
SEPTEMBER  9 2014.....SUNRISE   627 AM EDT   SUNSET   714 PM EDT
SEPTEMBER 10 2014.....SUNRISE   628 AM EDT   SUNSET   712 PM EDT


-  INDICATES NEGATIVE NUMBERS.
R  INDICATES RECORD WAS SET OR TIED.
MM INDICATES DATA IS MISSING.
T  INDICATES TRACE AMOUNT.




$$
