000
CDUS41 KALY 240622
CLIPSF


CLIMATE REPORT
NATIONAL WEATHER SERVICE ALBANY NY
121 AM EST SAT DEC 24 2016


...................................

...THE PITTSFIELD MA CLIMATE SUMMARY FOR DECEMBER 23 2016...

CLIMATE NORMAL PERIOD 1981 TO 2010
CLIMATE RECORD PERIOD 9999 TO 9999


WEATHER ITEM   OBSERVED TIME   NORMAL DEPARTURE LAST
                VALUE   (LST)  VALUE  FROM      YEAR
                                      NORMAL
......................................................
TEMPERATURE (F)
 YESTERDAY
  MAXIMUM         38    319 PM  32      6       54
  MINIMUM         26   1011 PM  17      9       37
  AVERAGE         32            24      8       46

PRECIPITATION (IN)
  YESTERDAY        0.00          0.10  -0.10     0.69
  MONTH TO DATE    2.27          2.25   0.02     2.65
  SINCE DEC 1      2.27          2.25   0.02     2.65
  SINCE JAN 1     34.21         44.63 -10.42    39.60

DEGREE DAYS
 HEATING
  YESTERDAY       33            41     -8       19
  MONTH TO DATE  894           850     44      569
  SINCE DEC 1    894           850     44      569
  SINCE JUL 1   2301          2501   -200     1942

 COOLING
  YESTERDAY        0             0      0        0
  MONTH TO DATE    0             0      0        0
  SINCE DEC 1      0             0      0        0
  SINCE JAN 1    432           290    142      361
......................................................


WIND (MPH)
  HIGHEST WIND SPEED    22   HIGHEST WIND DIRECTION     W (290)
  HIGHEST GUST SPEED    32   HIGHEST GUST DIRECTION     W (280)
  AVERAGE WIND SPEED     6.8


SKY COVER
  AVERAGE SKY COVER 0.4



RELATIVE HUMIDITY (PERCENT)
 HIGHEST    78
 LOWEST     52
 AVERAGE    65

..........................................................


THE PITTSFIELD MA CLIMATE NORMALS FOR TODAY
                         NORMAL
 MAXIMUM TEMPERATURE (F)   31
 MINIMUM TEMPERATURE (F)   16


SUNRISE AND SUNSET
DECEMBER 24 2016......SUNRISE   721 AM EST   SUNSET   425 PM EST
DECEMBER 25 2016......SUNRISE   721 AM EST   SUNSET   426 PM EST


-  INDICATES NEGATIVE NUMBERS.
R  INDICATES RECORD WAS SET OR TIED.
MM INDICATES DATA IS MISSING.
T  INDICATES TRACE AMOUNT.




$$
