000
CDUS41 KALY 130628
CLIPSF


CLIMATE REPORT
NATIONAL WEATHER SERVICE ALBANY NY
227 AM EDT WED MAY 13 2015


...................................

...THE PITTSFIELD MA CLIMATE SUMMARY FOR MAY 12 2015...

CLIMATE NORMAL PERIOD 1981 TO 2010
CLIMATE RECORD PERIOD 9999 TO 9999


WEATHER ITEM   OBSERVED TIME   NORMAL DEPARTURE LAST
                VALUE   (LST)  VALUE  FROM      YEAR
                                      NORMAL
......................................................
TEMPERATURE (F)
 YESTERDAY
  MAXIMUM         79    200 PM  65     14       81
  MINIMUM         51   1122 PM  42      9       46
  AVERAGE         65            54     11       64

PRECIPITATION (IN)
  YESTERDAY        0.07          0.13  -0.06      T
  MONTH TO DATE    0.07          1.34  -1.27     0.69
  SINCE MAR 1      4.54          8.57  -4.03     7.26
  SINCE JAN 1      9.63         14.17  -4.54    13.64

DEGREE DAYS
 HEATING
  YESTERDAY        0            12    -12        1
  MONTH TO DATE   45           159   -114      124
  SINCE MAR 1   1874          1814     60     1988
  SINCE JUL 1   7537          7194    343     7540

 COOLING
  YESTERDAY        0             0      0        0
  MONTH TO DATE   18             0     18        3
  SINCE MAR 1     18             2     16        4
  SINCE JAN 1     18             2     16        4
......................................................


WIND (MPH)
  HIGHEST WIND SPEED    28   HIGHEST WIND DIRECTION     W (280)
  HIGHEST GUST SPEED    37   HIGHEST GUST DIRECTION     W (290)
  AVERAGE WIND SPEED    11.6


SKY COVER
  AVERAGE SKY COVER 0.7



RELATIVE HUMIDITY (PERCENT)
 HIGHEST    87
 LOWEST     45
 AVERAGE    66

..........................................................


THE PITTSFIELD MA CLIMATE NORMALS FOR TODAY
                         NORMAL
 MAXIMUM TEMPERATURE (F)   66
 MINIMUM TEMPERATURE (F)   42


SUNRISE AND SUNSET
MAY 13 2015...........SUNRISE   534 AM EDT   SUNSET   806 PM EDT
MAY 14 2015...........SUNRISE   533 AM EDT   SUNSET   807 PM EDT


-  INDICATES NEGATIVE NUMBERS.
R  INDICATES RECORD WAS SET OR TIED.
MM INDICATES DATA IS MISSING.
T  INDICATES TRACE AMOUNT.




$$
