000
CDUS41 KALY 020623
CLIPSF


CLIMATE REPORT
NATIONAL WEATHER SERVICE ALBANY NY
222 AM EDT SUN APR 2 2017


...................................

...THE PITTSFIELD MA CLIMATE SUMMARY FOR APRIL 1 2017...

CLIMATE NORMAL PERIOD 1981 TO 2010
CLIMATE RECORD PERIOD 9999 TO 9999


WEATHER ITEM   OBSERVED TIME   NORMAL DEPARTURE LAST
                VALUE   (LST)  VALUE  FROM      YEAR
                                      NORMAL
......................................................
TEMPERATURE (F)
 YESTERDAY
  MAXIMUM         37    215 PM  48    -11       70
  MINIMUM         31    327 AM  28      3       42
  AVERAGE         34            38     -4       56

PRECIPITATION (IN)
  YESTERDAY        0.04          0.17  -0.13     0.08
  MONTH TO DATE    0.04          0.17  -0.13     0.08
  SINCE MAR 1      3.15          3.54  -0.39     2.34
  SINCE JAN 1      8.73          9.14  -0.41     7.71

DEGREE DAYS
 HEATING
  YESTERDAY       31            27      4        9
  MONTH TO DATE   31            27      4        9
  SINCE MAR 1   1162          1054    108      806
  SINCE JUL 1   5864          6434   -570     5173

 COOLING
  YESTERDAY        0             0      0        0
  MONTH TO DATE    0             0      0        0
  SINCE MAR 1      0             0      0        0
  SINCE JAN 1      0             0      0        0
......................................................


WIND (MPH)
  HIGHEST WIND SPEED    17   HIGHEST WIND DIRECTION    NE (50)
  HIGHEST GUST SPEED    26   HIGHEST GUST DIRECTION    NE (50)
  AVERAGE WIND SPEED     7.8


SKY COVER
  AVERAGE SKY COVER 1.0



RELATIVE HUMIDITY (PERCENT)
 HIGHEST    92
 LOWEST     75
 AVERAGE    84

..........................................................


THE PITTSFIELD MA CLIMATE NORMALS FOR TODAY
                         NORMAL
 MAXIMUM TEMPERATURE (F)   49
 MINIMUM TEMPERATURE (F)   28


SUNRISE AND SUNSET
APRIL  2 2017.........SUNRISE   634 AM EDT   SUNSET   721 PM EDT
APRIL  3 2017.........SUNRISE   632 AM EDT   SUNSET   722 PM EDT


-  INDICATES NEGATIVE NUMBERS.
R  INDICATES RECORD WAS SET OR TIED.
MM INDICATES DATA IS MISSING.
T  INDICATES TRACE AMOUNT.




$$
