000
CDUS41 KALY 110632
CLIPSF


CLIMATE REPORT
NATIONAL WEATHER SERVICE ALBANY NY
131 AM EST SUN FEB 11 2018


...................................

...THE PITTSFIELD MA CLIMATE SUMMARY FOR FEBRUARY 10 2018...

CLIMATE NORMAL PERIOD 1981 TO 2010
CLIMATE RECORD PERIOD 9999 TO 9999


WEATHER ITEM   OBSERVED TIME   NORMAL DEPARTURE LAST
                VALUE   (LST)  VALUE  FROM      YEAR
                                      NORMAL
......................................................
TEMPERATURE (F)
 YESTERDAY
  MAXIMUM         45    235 PM  31     14       19
  MINIMUM         30   1225 AM  14     16        4
  AVERAGE         38            23     15       12

PRECIPITATION (IN)
  YESTERDAY        0.09          0.10  -0.01     0.15
  MONTH TO DATE    1.70          0.87   0.83     1.12
  SINCE DEC 1      8.51          6.79   1.72     6.86
  SINCE JAN 1      6.36          3.79   2.57     3.84

DEGREE DAYS
 HEATING
  YESTERDAY       27            42    -15       53
  MONTH TO DATE  426           433     -7      415
  SINCE DEC 1   3004          3007     -3     2740
  SINCE JUL 1   4329          4658   -329     4147

 COOLING
  YESTERDAY        0             0      0        0
  MONTH TO DATE    0             0      0        0
  SINCE DEC 1      0             0      0        0
  SINCE JAN 1      0             0      0        0
......................................................


WIND (MPH)
  HIGHEST WIND SPEED    18   HIGHEST WIND DIRECTION    SW (230)
  HIGHEST GUST SPEED    25   HIGHEST GUST DIRECTION     S (200)
  AVERAGE WIND SPEED     7.3


SKY COVER
  AVERAGE SKY COVER 1.0



RELATIVE HUMIDITY (PERCENT)
 HIGHEST   100
 LOWEST     65
 AVERAGE    83

..........................................................


THE PITTSFIELD MA CLIMATE NORMALS FOR TODAY
                         NORMAL
 MAXIMUM TEMPERATURE (F)   31
 MINIMUM TEMPERATURE (F)   15


SUNRISE AND SUNSET
FEBRUARY 11 2018......SUNRISE   655 AM EST   SUNSET   520 PM EST
FEBRUARY 12 2018......SUNRISE   654 AM EST   SUNSET   522 PM EST


-  INDICATES NEGATIVE NUMBERS.
R  INDICATES RECORD WAS SET OR TIED.
MM INDICATES DATA IS MISSING.
T  INDICATES TRACE AMOUNT.




$$
