000
CDUS41 KALY 060622
CLIPSF


CLIMATE REPORT
NATIONAL WEATHER SERVICE ALBANY NY
221 AM EDT SAT SEP 6 2014


...................................

...THE PITTSFIELD MA CLIMATE SUMMARY FOR SEPTEMBER 5 2014...

CLIMATE NORMAL PERIOD 1981 TO 2010
CLIMATE RECORD PERIOD 9999 TO 9999


WEATHER ITEM   OBSERVED TIME   NORMAL DEPARTURE LAST
                VALUE   (LST)  VALUE  FROM      YEAR
                                      NORMAL
......................................................
TEMPERATURE (F)
 YESTERDAY
  MAXIMUM         83    242 PM  73     10       67
  MINIMUM         57    548 AM  52      5       45
  AVERAGE         70            62      8       56

PRECIPITATION (IN)
  YESTERDAY        0.00          0.11  -0.11     0.00
  MONTH TO DATE    0.77          0.51   0.26     0.98
  SINCE SEP 1      0.77          0.51   0.26     0.98
  SINCE JAN 1     31.69         30.29   1.40    29.08

DEGREE DAYS
 HEATING
  YESTERDAY        0             4     -4        9
  MONTH TO DATE    0            17    -17        9
  SINCE SEP 1      0            17    -17        9
  SINCE JUL 1     73            95    -22       65

 COOLING
  YESTERDAY        5             1      4        0
  MONTH TO DATE   25             8     17       14
  SINCE SEP 1     25             8     17       14
  SINCE JAN 1    224           278    -54      414
......................................................


WIND (MPH)
  HIGHEST WIND SPEED    16   HIGHEST WIND DIRECTION    SW (210)
  HIGHEST GUST SPEED    24   HIGHEST GUST DIRECTION    SW (230)
  AVERAGE WIND SPEED     5.8


SKY COVER
  AVERAGE SKY COVER 0.2



RELATIVE HUMIDITY (PERCENT)
 HIGHEST   100
 LOWEST     65
 AVERAGE    83

..........................................................


THE PITTSFIELD MA CLIMATE NORMALS FOR TODAY
                         NORMAL
 MAXIMUM TEMPERATURE (F)   73
 MINIMUM TEMPERATURE (F)   51


SUNRISE AND SUNSET
SEPTEMBER  6 2014.....SUNRISE   623 AM EDT   SUNSET   719 PM EDT
SEPTEMBER  7 2014.....SUNRISE   625 AM EDT   SUNSET   717 PM EDT


-  INDICATES NEGATIVE NUMBERS.
R  INDICATES RECORD WAS SET OR TIED.
MM INDICATES DATA IS MISSING.
T  INDICATES TRACE AMOUNT.




$$
