000
CDUS41 KALY 022055
CLIPSF


CLIMATE REPORT
NATIONAL WEATHER SERVICE ALBANY NY
454 PM EDT TUE MAY 2 2017


...................................

...THE PITTSFIELD MA CLIMATE SUMMARY FOR MAY 2 2017...
VALID TODAY AS OF 0400 PM LOCAL TIME.

CLIMATE NORMAL PERIOD 1981 TO 2010
CLIMATE RECORD PERIOD 9999 TO 9999


WEATHER ITEM   OBSERVED TIME   NORMAL DEPARTURE LAST
                VALUE   (LST)  VALUE  FROM      YEAR
                                      NORMAL
......................................................
TEMPERATURE (F)
 TODAY
  MAXIMUM         62    348 PM  62      0       51
  MINIMUM         54    942 AM  39     15       38
  AVERAGE         58            51      7       45

PRECIPITATION (IN)
  TODAY            0.85          0.11   0.74     0.45
  MONTH TO DATE    1.22          0.21   1.01     0.63
  SINCE MAR 1      7.62          7.44   0.18     5.38
  SINCE JAN 1     13.20         13.04   0.16    10.75

DEGREE DAYS
 HEATING
  TODAY            7            15     -8       20
  MONTH TO DATE   15            30    -15       41
  SINCE MAR 1   1622          1685    -63     1490
  SINCE JUL 1   6324          7065   -741     5857

 COOLING
  TODAY            0             0      0        0
  MONTH TO DATE    0             0      0        0
  SINCE MAR 1      2             2      0        0
  SINCE JAN 1      2             2      0        0
......................................................


WIND (MPH)
  HIGHEST WIND SPEED    24   HIGHEST WIND DIRECTION    SW (240)
  HIGHEST GUST SPEED    33   HIGHEST GUST DIRECTION    SW (230)
  AVERAGE WIND SPEED     6.8


SKY COVER
  AVERAGE SKY COVER 0.9



RELATIVE HUMIDITY (PERCENT)
 HIGHEST    93
 LOWEST     55
 AVERAGE    74

..........................................................


THE PITTSFIELD MA CLIMATE NORMALS FOR TOMORROW
                         NORMAL
 MAXIMUM TEMPERATURE (F)   62
 MINIMUM TEMPERATURE (F)   40


SUNRISE AND SUNSET
MAY  2 2017...........SUNRISE   547 AM EDT   SUNSET   754 PM EDT
MAY  3 2017...........SUNRISE   545 AM EDT   SUNSET   755 PM EDT


-  INDICATES NEGATIVE NUMBERS.
R  INDICATES RECORD WAS SET OR TIED.
MM INDICATES DATA IS MISSING.
T  INDICATES TRACE AMOUNT.




$$
