000
CDUS41 KALY 262044
CLIPSF


CLIMATE REPORT
NATIONAL WEATHER SERVICE ALBANY NY
444 PM EDT WED MAR 26 2014


...................................

...THE PITTSFIELD MA CLIMATE SUMMARY FOR MARCH 26 2014...
VALID TODAY AS OF 0400 PM LOCAL TIME.

CLIMATE NORMAL PERIOD 1981 TO 2010
CLIMATE RECORD PERIOD 9999 TO 9999


WEATHER ITEM   OBSERVED TIME   NORMAL DEPARTURE LAST
                VALUE   (LST)  VALUE  FROM      YEAR
                                      NORMAL
......................................................
TEMPERATURE (F)
 TODAY
  MAXIMUM         29    221 PM  46    -17       42
  MINIMUM         23    903 AM  25     -2       26
  AVERAGE         26            35     -9       34

PRECIPITATION (IN)
  TODAY            0.00          0.14  -0.14     0.00
  MONTH TO DATE    1.06          2.68  -1.62     1.67
  SINCE MAR 1      1.06          2.68  -1.62     1.67
  SINCE JAN 1      7.44          8.28  -0.84     5.30

DEGREE DAYS
 HEATING
  TODAY           39            30      9       31
  MONTH TO DATE 1081           885    196      922
  SINCE MAR 1   1081           885    196      922
  SINCE JUL 1   6633          6265    368     5861

 COOLING
  TODAY            0             0      0        0
  MONTH TO DATE    0             0      0        0
  SINCE MAR 1      0             0      0        0
  SINCE JAN 1      0             0      0        0
......................................................


WIND (MPH)
  HIGHEST WIND SPEED    33   HIGHEST WIND DIRECTION     W (290)
  HIGHEST GUST SPEED    47   HIGHEST GUST DIRECTION     W (290)
  AVERAGE WIND SPEED    10.9


SKY COVER
  AVERAGE SKY COVER 0.6



RELATIVE HUMIDITY (PERCENT)
 HIGHEST    68
 LOWEST     34
 AVERAGE    51

..........................................................


THE PITTSFIELD MA CLIMATE NORMALS FOR TOMORROW
                         NORMAL
 MAXIMUM TEMPERATURE (F)   46
 MINIMUM TEMPERATURE (F)   26


SUNRISE AND SUNSET
MARCH 26 2014.........SUNRISE   646 AM EDT   SUNSET   712 PM EDT
MARCH 27 2014.........SUNRISE   644 AM EDT   SUNSET   713 PM EDT


-  INDICATES NEGATIVE NUMBERS.
R  INDICATES RECORD WAS SET OR TIED.
MM INDICATES DATA IS MISSING.
T  INDICATES TRACE AMOUNT.




$$
