035
CDUS41 KALY 200626
CLIPSF


CLIMATE REPORT
NATIONAL WEATHER SERVICE ALBANY NY
125 AM EST SUN NOV 20 2016


...................................

...THE PITTSFIELD MA CLIMATE SUMMARY FOR NOVEMBER 19 2016...

CLIMATE NORMAL PERIOD 1981 TO 2010
CLIMATE RECORD PERIOD 9999 TO 9999


WEATHER ITEM   OBSERVED TIME   NORMAL DEPARTURE LAST
                VALUE   (LST)  VALUE  FROM      YEAR
                                      NORMAL
......................................................
TEMPERATURE (F)
 YESTERDAY
  MAXIMUM         64    210 PM  45     19       56
  MINIMUM         28    454 AM  28      0       44
  AVERAGE         46            37      9       50

PRECIPITATION (IN)
  YESTERDAY        0.00          0.14  -0.14     1.12
  MONTH TO DATE    0.94          2.43  -1.49     2.69
  SINCE SEP 1      6.66         11.10  -4.44     9.53
  SINCE JAN 1     30.03         40.88 -10.85    36.77

DEGREE DAYS
 HEATING
  YESTERDAY       19            28     -9       15
  MONTH TO DATE  421           481    -60      360
  SINCE SEP 1   1039          1239   -200     1024
  SINCE JUL 1   1063          1317   -254     1052

 COOLING
  YESTERDAY        0             0      0        0
  MONTH TO DATE    0             0      0        0
  SINCE SEP 1     51            20     31       53
  SINCE JAN 1    432           290    142      361
......................................................


WIND (MPH)
  HIGHEST WIND SPEED    12   HIGHEST WIND DIRECTION     W (270)
  HIGHEST GUST SPEED    16   HIGHEST GUST DIRECTION    SE (130)
  AVERAGE WIND SPEED     2.7


SKY COVER
  AVERAGE SKY COVER 0.1



RELATIVE HUMIDITY (PERCENT)
 HIGHEST   100
 LOWEST     34
 AVERAGE    67

..........................................................


THE PITTSFIELD MA CLIMATE NORMALS FOR TODAY
                         NORMAL
 MAXIMUM TEMPERATURE (F)   45
 MINIMUM TEMPERATURE (F)   28


SUNRISE AND SUNSET
NOVEMBER 20 2016......SUNRISE   651 AM EST   SUNSET   427 PM EST
NOVEMBER 21 2016......SUNRISE   652 AM EST   SUNSET   426 PM EST


-  INDICATES NEGATIVE NUMBERS.
R  INDICATES RECORD WAS SET OR TIED.
MM INDICATES DATA IS MISSING.
T  INDICATES TRACE AMOUNT.




$$
