000
CDUS41 KALY 150629
CLIPSF


CLIMATE REPORT
NATIONAL WEATHER SERVICE ALBANY NY
227 AM EDT SAT AUG 15 2015


...................................

...THE PITTSFIELD MA CLIMATE SUMMARY FOR AUGUST 14 2015...

CLIMATE NORMAL PERIOD 1981 TO 2010
CLIMATE RECORD PERIOD 9999 TO 9999


WEATHER ITEM   OBSERVED TIME   NORMAL DEPARTURE LAST
                VALUE   (LST)  VALUE  FROM      YEAR
                                      NORMAL
......................................................
TEMPERATURE (F)
 YESTERDAY
  MAXIMUM         82    312 PM  78      4       68
  MINIMUM         52    541 AM  56     -4       53
  AVERAGE         67            67      0       61

PRECIPITATION (IN)
  YESTERDAY        T             0.13  -0.13     0.01
  MONTH TO DATE    1.76          1.92  -0.16     1.27
  SINCE JUN 1     14.89         10.57   4.32    15.85
  SINCE JAN 1     26.03         27.61  -1.58    29.85

DEGREE DAYS
 HEATING
  YESTERDAY        0             1     -1        4
  MONTH TO DATE    1            14    -13       10
  SINCE JUN 1    131           146    -15       86
  SINCE JUL 1     20            45    -25       28

 COOLING
  YESTERDAY        2             3     -1        0
  MONTH TO DATE   30            54    -24       18
  SINCE JUN 1    184           218    -34      175
  SINCE JAN 1    228           231     -3      181
......................................................


WIND (MPH)
  HIGHEST WIND SPEED    14   HIGHEST WIND DIRECTION    SW (240)
  HIGHEST GUST SPEED    18   HIGHEST GUST DIRECTION     W (250)
  AVERAGE WIND SPEED     3.7


SKY COVER
  AVERAGE SKY COVER 0.4



RELATIVE HUMIDITY (PERCENT)
 HIGHEST   100
 LOWEST     54
 AVERAGE    77

..........................................................


THE PITTSFIELD MA CLIMATE NORMALS FOR TODAY
                         NORMAL
 MAXIMUM TEMPERATURE (F)   78
 MINIMUM TEMPERATURE (F)   56


SUNRISE AND SUNSET
AUGUST 15 2015........SUNRISE   600 AM EDT   SUNSET   755 PM EDT
AUGUST 16 2015........SUNRISE   601 AM EDT   SUNSET   753 PM EDT


-  INDICATES NEGATIVE NUMBERS.
R  INDICATES RECORD WAS SET OR TIED.
MM INDICATES DATA IS MISSING.
T  INDICATES TRACE AMOUNT.




$$
