000
CDUS41 KALY 010625
CLIPSF


CLIMATE REPORT
NATIONAL WEATHER SERVICE ALBANY NY
224 AM EDT TUE JUL 1 2014


...................................

...THE PITTSFIELD MA CLIMATE SUMMARY FOR JUNE 30 2014...

CLIMATE NORMAL PERIOD 1981 TO 2010
CLIMATE RECORD PERIOD 9999 TO 9999


WEATHER ITEM   OBSERVED TIME   NORMAL DEPARTURE LAST
                VALUE   (LST)  VALUE  FROM      YEAR
                                      NORMAL
......................................................
TEMPERATURE (F)
 YESTERDAY
  MAXIMUM         81    225 PM  77      4       81
  MINIMUM         57    444 AM  56      1       62
  AVERAGE         69            66      3       72

PRECIPITATION (IN)
  YESTERDAY        0.00          0.11  -0.11     0.19
  MONTH TO DATE    5.35          4.40   0.95     7.37
  SINCE JUN 1      5.35          4.40   0.95     7.37
  SINCE JAN 1     19.35         21.44  -2.09    21.96

DEGREE DAYS
 HEATING
  YESTERDAY        0             1     -1        0
  MONTH TO DATE   58           100    -42      108
  SINCE JUN 1     58           101    -43      108
  SINCE JUL 1   7735          7461    274     7037

 COOLING
  YESTERDAY        4             3      1        7
  MONTH TO DATE   43            56    -13       86
  SINCE JUN 1     43            56    -13       86
  SINCE JAN 1     49            69    -20      111
......................................................


WIND (MPH)
  HIGHEST WIND SPEED    14   HIGHEST WIND DIRECTION    SW (230)
  HIGHEST GUST SPEED    19   HIGHEST GUST DIRECTION    SW (240)
  AVERAGE WIND SPEED     4.5


SKY COVER
  AVERAGE SKY COVER 0.3



RELATIVE HUMIDITY (PERCENT)
 HIGHEST    93
 LOWEST     56
 AVERAGE    75

..........................................................


THE PITTSFIELD MA CLIMATE NORMALS FOR TODAY
                         NORMAL
 MAXIMUM TEMPERATURE (F)   78
 MINIMUM TEMPERATURE (F)   56


SUNRISE AND SUNSET
JULY  1 2014..........SUNRISE   520 AM EDT   SUNSET   834 PM EDT
JULY  2 2014..........SUNRISE   520 AM EDT   SUNSET   834 PM EDT


-  INDICATES NEGATIVE NUMBERS.
R  INDICATES RECORD WAS SET OR TIED.
MM INDICATES DATA IS MISSING.
T  INDICATES TRACE AMOUNT.




$$
