000
CDUS41 KALY 182145
CLIPSF


CLIMATE REPORT
NATIONAL WEATHER SERVICE ALBANY NY
444 PM EST SUN JAN 18 2015


...................................

...THE PITTSFIELD MA CLIMATE SUMMARY FOR JANUARY 18 2015...
VALID TODAY AS OF 0400 PM LOCAL TIME.

CLIMATE NORMAL PERIOD 1981 TO 2010
CLIMATE RECORD PERIOD 9999 TO 9999


WEATHER ITEM   OBSERVED TIME   NORMAL DEPARTURE LAST
                VALUE   (LST)  VALUE  FROM      YEAR
                                      NORMAL
......................................................
TEMPERATURE (F)
 TODAY
  MAXIMUM         41    236 PM  29     12       33
  MINIMUM         22    135 AM  11     11       22
  AVERAGE         32            20     12       28

PRECIPITATION (IN)
  TODAY            0.65          0.08   0.57     0.10
  MONTH TO DATE    2.28          1.85   0.43     3.26
  SINCE DEC 1      6.03          4.85   1.18     6.05
  SINCE JAN 1      2.28          1.85   0.43     3.26

DEGREE DAYS
 HEATING
  TODAY           33            45    -12       37
  MONTH TO DATE  864           803     61      748
  SINCE DEC 1   1935          1990    -55     1916
  SINCE JUL 1   3557          3641    -84     3596

 COOLING
  TODAY            0             0      0        0
  MONTH TO DATE    0             0      0        0
  SINCE DEC 1      0             0      0        0
  SINCE JAN 1      0             0      0        0
......................................................


WIND (MPH)
  HIGHEST WIND SPEED    20   HIGHEST WIND DIRECTION     S (190)
  HIGHEST GUST SPEED    25   HIGHEST GUST DIRECTION     S (200)
  AVERAGE WIND SPEED     8.7


SKY COVER
  AVERAGE SKY COVER 0.8



RELATIVE HUMIDITY (PERCENT)
 HIGHEST   100
 LOWEST     59
 AVERAGE    80

..........................................................


THE PITTSFIELD MA CLIMATE NORMALS FOR TOMORROW
                         NORMAL
 MAXIMUM TEMPERATURE (F)   29
 MINIMUM TEMPERATURE (F)   11


SUNRISE AND SUNSET
JANUARY 18 2015.......SUNRISE   719 AM EST   SUNSET   449 PM EST
JANUARY 19 2015.......SUNRISE   718 AM EST   SUNSET   450 PM EST


-  INDICATES NEGATIVE NUMBERS.
R  INDICATES RECORD WAS SET OR TIED.
MM INDICATES DATA IS MISSING.
T  INDICATES TRACE AMOUNT.




$$
