000
CDUS41 KALY 040624
CLIPSF


CLIMATE REPORT
NATIONAL WEATHER SERVICE ALBANY NY
124 AM EST WED JAN 4 2017


...................................

...THE PITTSFIELD MA CLIMATE SUMMARY FOR JANUARY 3 2017...

CLIMATE NORMAL PERIOD 1981 TO 2010
CLIMATE RECORD PERIOD 9999 TO 9999


WEATHER ITEM   OBSERVED TIME   NORMAL DEPARTURE LAST
                VALUE   (LST)  VALUE  FROM      YEAR
                                      NORMAL
......................................................
TEMPERATURE (F)
 YESTERDAY
  MAXIMUM         36    913 PM  30      6       36
  MINIMUM         33    454 AM  13     20       24
  AVERAGE         35            21     14       30

PRECIPITATION (IN)
  YESTERDAY        0.30          0.12   0.18      T
  MONTH TO DATE    0.30          0.36  -0.06      T
  SINCE DEC 1      3.32          3.36  -0.04     3.68
  SINCE JAN 1      0.30          0.36  -0.06      T

DEGREE DAYS
 HEATING
  YESTERDAY       30            44    -14       35
  MONTH TO DATE  109           131    -22      106
  SINCE DEC 1   1287          1318    -31      883
  SINCE JUL 1   2694          2969   -275     2256

 COOLING
  YESTERDAY        0             0      0        0
  MONTH TO DATE    0             0      0        0
  SINCE DEC 1      0             0      0        0
  SINCE JAN 1      0             0      0        0
......................................................


WIND (MPH)
  HIGHEST WIND SPEED    17   HIGHEST WIND DIRECTION     E (70)
  HIGHEST GUST SPEED    28   HIGHEST GUST DIRECTION     E (100)
  AVERAGE WIND SPEED     9.3


SKY COVER
  AVERAGE SKY COVER 1.0



RELATIVE HUMIDITY (PERCENT)
 HIGHEST    92
 LOWEST     82
 AVERAGE    87

..........................................................


THE PITTSFIELD MA CLIMATE NORMALS FOR TODAY
                         NORMAL
 MAXIMUM TEMPERATURE (F)   29
 MINIMUM TEMPERATURE (F)   13


SUNRISE AND SUNSET
JANUARY  4 2017.......SUNRISE   723 AM EST   SUNSET   434 PM EST
JANUARY  5 2017.......SUNRISE   723 AM EST   SUNSET   435 PM EST


-  INDICATES NEGATIVE NUMBERS.
R  INDICATES RECORD WAS SET OR TIED.
MM INDICATES DATA IS MISSING.
T  INDICATES TRACE AMOUNT.




$$
