000
CDUS41 KALY 302046
CLIPSF


CLIMATE REPORT
NATIONAL WEATHER SERVICE ALBANY NY
435 PM EDT THU OCT 30 2014


...................................

...THE PITTSFIELD MA CLIMATE SUMMARY FOR OCTOBER 30 2014...
VALID TODAY AS OF 0400 PM LOCAL TIME.

CLIMATE NORMAL PERIOD 1981 TO 2010
CLIMATE RECORD PERIOD 9999 TO 9999


WEATHER ITEM   OBSERVED TIME   NORMAL DEPARTURE LAST
                VALUE   (LST)  VALUE  FROM      YEAR
                                      NORMAL
......................................................
TEMPERATURE (F)
 TODAY
  MAXIMUM         51   1153 AM  53     -2       51
  MINIMUM         35    218 AM  33      2       28
  AVERAGE         43            43      0       40

PRECIPITATION (IN)
  TODAY            T             0.09  -0.09     0.03
  MONTH TO DATE    5.21          4.61   0.60     1.25
  SINCE SEP 1      6.62          8.57  -1.95     4.94
  SINCE JAN 1     37.54         38.35  -0.81    33.04

DEGREE DAYS
 HEATING
  TODAY           22            22      0       25
  MONTH TO DATE  427           521    -94      444
  SINCE SEP 1    631           735   -104      697
  SINCE JUL 1    704           813   -109      753

 COOLING
  TODAY            0             0      0        0
  MONTH TO DATE    5             0      5        0
  SINCE SEP 1     39            19     20       33
  SINCE JAN 1    238           289    -51      433
......................................................


WIND (MPH)
  HIGHEST WIND SPEED    20   HIGHEST WIND DIRECTION     W (290)
  HIGHEST GUST SPEED    25   HIGHEST GUST DIRECTION     W (290)
  AVERAGE WIND SPEED     5.0


SKY COVER
  AVERAGE SKY COVER 0.7



RELATIVE HUMIDITY (PERCENT)
 HIGHEST   100
 LOWEST     56
 AVERAGE    78

..........................................................


THE PITTSFIELD MA CLIMATE NORMALS FOR TOMORROW
                         NORMAL
 MAXIMUM TEMPERATURE (F)   53
 MINIMUM TEMPERATURE (F)   33


SUNRISE AND SUNSET
OCTOBER 30 2014.......SUNRISE   724 AM EDT   SUNSET   549 PM EDT
OCTOBER 31 2014.......SUNRISE   725 AM EDT   SUNSET   548 PM EDT


-  INDICATES NEGATIVE NUMBERS.
R  INDICATES RECORD WAS SET OR TIED.
MM INDICATES DATA IS MISSING.
T  INDICATES TRACE AMOUNT.




$$
