000
CDUS41 KALY 020622
CLIPSF


CLIMATE REPORT
NATIONAL WEATHER SERVICE ALBANY NY
222 AM EDT TUE AUG 2 2016


...................................

...THE PITTSFIELD MA CLIMATE SUMMARY FOR AUGUST 1 2016...

CLIMATE NORMAL PERIOD 1981 TO 2010
CLIMATE RECORD PERIOD 9999 TO 9999


WEATHER ITEM   OBSERVED TIME   NORMAL DEPARTURE LAST
                VALUE   (LST)  VALUE  FROM      YEAR
                                      NORMAL
......................................................
TEMPERATURE (F)
 YESTERDAY
  MAXIMUM         72    251 PM  79     -7       79
  MINIMUM         63    641 AM  57      6       56
  AVERAGE         68            68      0       68

PRECIPITATION (IN)
  YESTERDAY        0.16          0.15   0.01     0.25
  MONTH TO DATE    0.16          0.15   0.01     0.25
  SINCE JUN 1      6.81          8.80  -1.99    13.38
  SINCE JAN 1     20.91         25.84  -4.93    24.52

DEGREE DAYS
 HEATING
  YESTERDAY        0             1     -1        0
  MONTH TO DATE    0             1     -1        0
  SINCE JUN 1     87           133    -46      130
  SINCE JUL 1     11            32    -21       19

 COOLING
  YESTERDAY        3             4     -1        3
  MONTH TO DATE    3             4     -1        3
  SINCE JUN 1    197           168     29      157
  SINCE JAN 1    238           181     57      201
......................................................


WIND (MPH)
  HIGHEST WIND SPEED    10   HIGHEST WIND DIRECTION     E (110)
  HIGHEST GUST SPEED    15   HIGHEST GUST DIRECTION     E (110)
  AVERAGE WIND SPEED     4.6


SKY COVER
  AVERAGE SKY COVER 1.0



RELATIVE HUMIDITY (PERCENT)
 HIGHEST    93
 LOWEST     79
 AVERAGE    86

..........................................................


THE PITTSFIELD MA CLIMATE NORMALS FOR TODAY
                         NORMAL
 MAXIMUM TEMPERATURE (F)   79
 MINIMUM TEMPERATURE (F)   57


SUNRISE AND SUNSET
AUGUST  2 2016........SUNRISE   547 AM EDT   SUNSET   811 PM EDT
AUGUST  3 2016........SUNRISE   548 AM EDT   SUNSET   810 PM EDT


-  INDICATES NEGATIVE NUMBERS.
R  INDICATES RECORD WAS SET OR TIED.
MM INDICATES DATA IS MISSING.
T  INDICATES TRACE AMOUNT.




$$
