000
CDUS41 KALY 072044
CLIPSF


CLIMATE REPORT
NATIONAL WEATHER SERVICE ALBANY NY
443 PM EDT SAT MAY 7 2016


...................................

...THE PITTSFIELD MA CLIMATE SUMMARY FOR MAY 7 2016...
VALID TODAY AS OF 0400 PM LOCAL TIME.

CLIMATE NORMAL PERIOD 1981 TO 2010
CLIMATE RECORD PERIOD 9999 TO 9999


WEATHER ITEM   OBSERVED TIME   NORMAL DEPARTURE LAST
                VALUE   (LST)  VALUE  FROM      YEAR
                                      NORMAL
......................................................
TEMPERATURE (F)
 TODAY
  MAXIMUM         54   1155 AM  64    -10       80
  MINIMUM         46    612 AM  41      5       41
  AVERAGE         50            52     -2       61

PRECIPITATION (IN)
  TODAY            0.03          0.11  -0.08     0.00
  MONTH TO DATE    1.18          0.77   0.41      T
  SINCE MAR 1      5.93          8.00  -2.07     4.47
  SINCE JAN 1     11.30         13.60  -2.30     9.56

DEGREE DAYS
 HEATING
  TODAY           15            13      2        4
  MONTH TO DATE  120            98     22       44
  SINCE MAR 1   1569          1753   -184     1873
  SINCE JUL 1   5936          7133  -1197     7536

 COOLING
  TODAY            0             0      0        0
  MONTH TO DATE    0             0      0        1
  SINCE MAR 1      0             2     -2        1
  SINCE JAN 1      0             2     -2        1
......................................................


WIND (MPH)
  HIGHEST WIND SPEED    12   HIGHEST WIND DIRECTION    SE (120)
  HIGHEST GUST SPEED    15   HIGHEST GUST DIRECTION    NE (40)
  AVERAGE WIND SPEED     5.6


SKY COVER
  AVERAGE SKY COVER 1.0



RELATIVE HUMIDITY (PERCENT)
 HIGHEST    93
 LOWEST     77
 AVERAGE    85

..........................................................


THE PITTSFIELD MA CLIMATE NORMALS FOR TOMORROW
                         NORMAL
 MAXIMUM TEMPERATURE (F)   64
 MINIMUM TEMPERATURE (F)   41


SUNRISE AND SUNSET
MAY  7 2016...........SUNRISE   540 AM EDT   SUNSET   800 PM EDT
MAY  8 2016...........SUNRISE   539 AM EDT   SUNSET   801 PM EDT


-  INDICATES NEGATIVE NUMBERS.
R  INDICATES RECORD WAS SET OR TIED.
MM INDICATES DATA IS MISSING.
T  INDICATES TRACE AMOUNT.




$$
