000
CDUS41 KALY 180625
CLIPSF


CLIMATE REPORT
NATIONAL WEATHER SERVICE ALBANY NY
124 AM EST WED FEB 18 2015


...................................

...THE PITTSFIELD MA CLIMATE SUMMARY FOR FEBRUARY 17 2015...

CLIMATE NORMAL PERIOD 1981 TO 2010
CLIMATE RECORD PERIOD 9999 TO 9999


WEATHER ITEM   OBSERVED TIME   NORMAL DEPARTURE LAST
                VALUE   (LST)  VALUE  FROM      YEAR
                                      NORMAL
......................................................
TEMPERATURE (F)
 YESTERDAY
  MAXIMUM         24    223 PM  33     -9       20
  MINIMUM          1   1137 PM  16    -15       -2
  AVERAGE         13            24    -11        9

PRECIPITATION (IN)
  YESTERDAY        T             0.11  -0.11     0.00
  MONTH TO DATE    1.09          1.60  -0.51     2.08
  SINCE DEC 1      8.20          7.52   0.68     8.22
  SINCE JAN 1      4.45          4.52  -0.07     5.43

DEGREE DAYS
 HEATING
  YESTERDAY       52            41     11       56
  MONTH TO DATE  907           723    184      799
  SINCE DEC 1   3449          3297    152     3398
  SINCE JUL 1   5071          4948    123     5078

 COOLING
  YESTERDAY        0             0      0        0
  MONTH TO DATE    0             0      0        0
  SINCE DEC 1      0             0      0        0
  SINCE JAN 1      0             0      0        0
......................................................


WIND (MPH)
  HIGHEST WIND SPEED     8   HIGHEST WIND DIRECTION    SW (240)
  HIGHEST GUST SPEED    10   HIGHEST GUST DIRECTION     W (270)
  AVERAGE WIND SPEED     1.8


SKY COVER
  AVERAGE SKY COVER 0.8



RELATIVE HUMIDITY (PERCENT)
 HIGHEST    73
 LOWEST     46
 AVERAGE    60

..........................................................


THE PITTSFIELD MA CLIMATE NORMALS FOR TODAY
                         NORMAL
 MAXIMUM TEMPERATURE (F)   33
 MINIMUM TEMPERATURE (F)   16


SUNRISE AND SUNSET
FEBRUARY 18 2015......SUNRISE   646 AM EST   SUNSET   529 PM EST
FEBRUARY 19 2015......SUNRISE   644 AM EST   SUNSET   530 PM EST


-  INDICATES NEGATIVE NUMBERS.
R  INDICATES RECORD WAS SET OR TIED.
MM INDICATES DATA IS MISSING.
T  INDICATES TRACE AMOUNT.




$$
