000
CDUS41 KALY 190622
CLIPSF


CLIMATE REPORT
NATIONAL WEATHER SERVICE ALBANY NY
222 AM EDT WED AUG 19 2015


...................................

...THE PITTSFIELD MA CLIMATE SUMMARY FOR AUGUST 18 2015...

CLIMATE NORMAL PERIOD 1981 TO 2010
CLIMATE RECORD PERIOD 9999 TO 9999


WEATHER ITEM   OBSERVED TIME   NORMAL DEPARTURE LAST
                VALUE   (LST)  VALUE  FROM      YEAR
                                      NORMAL
......................................................
TEMPERATURE (F)
 YESTERDAY
  MAXIMUM         88    216 PM  77     11       70
  MINIMUM         62    539 AM  56      6       50
  AVERAGE         75            67      8       60

PRECIPITATION (IN)
  YESTERDAY        0.00          0.13  -0.13     0.00
  MONTH TO DATE    1.88          2.44  -0.56     1.27
  SINCE JUN 1     15.01         11.09   3.92    15.85
  SINCE JAN 1     26.15         28.13  -1.98    29.85

DEGREE DAYS
 HEATING
  YESTERDAY        0             1     -1        5
  MONTH TO DATE    1            18    -17       33
  SINCE JUN 1    131           150    -19      109
  SINCE JUL 1     20            49    -29       51

 COOLING
  YESTERDAY       10             3      7        0
  MONTH TO DATE   65            66     -1       18
  SINCE JUN 1    219           230    -11      175
  SINCE JAN 1    263           243     20      181
......................................................


WIND (MPH)
  HIGHEST WIND SPEED    15   HIGHEST WIND DIRECTION    SW (210)
  HIGHEST GUST SPEED    19   HIGHEST GUST DIRECTION    SW (230)
  AVERAGE WIND SPEED     3.3


SKY COVER
  AVERAGE SKY COVER 0.1



RELATIVE HUMIDITY (PERCENT)
 HIGHEST   100
 LOWEST     43
 AVERAGE    72

..........................................................


THE PITTSFIELD MA CLIMATE NORMALS FOR TODAY
                         NORMAL
 MAXIMUM TEMPERATURE (F)   77
 MINIMUM TEMPERATURE (F)   56


SUNRISE AND SUNSET
AUGUST 19 2015........SUNRISE   604 AM EDT   SUNSET   749 PM EDT
AUGUST 20 2015........SUNRISE   605 AM EDT   SUNSET   747 PM EDT


-  INDICATES NEGATIVE NUMBERS.
R  INDICATES RECORD WAS SET OR TIED.
MM INDICATES DATA IS MISSING.
T  INDICATES TRACE AMOUNT.




$$
