000
CDUS41 KALY 190625
CLIPSF


CLIMATE REPORT
NATIONAL WEATHER SERVICE ALBANY NY
225 AM EDT TUE AUG 19 2014


...................................

...THE PITTSFIELD MA CLIMATE SUMMARY FOR AUGUST 18 2014...

CLIMATE NORMAL PERIOD 1981 TO 2010
CLIMATE RECORD PERIOD 9999 TO 9999


WEATHER ITEM   OBSERVED TIME   NORMAL DEPARTURE LAST
                VALUE   (LST)  VALUE  FROM      YEAR
                                      NORMAL
......................................................
TEMPERATURE (F)
 YESTERDAY
  MAXIMUM         70    408 PM  77     -7       74
  MINIMUM         50   1159 PM  56     -6       53
  AVERAGE         60            67     -7       64

PRECIPITATION (IN)
  YESTERDAY        0.00          0.13  -0.13     0.00
  MONTH TO DATE    1.27          2.44  -1.17     3.03
  SINCE JUN 1     15.85         11.09   4.76    11.71
  SINCE JAN 1     29.85         28.13   1.72    26.30

DEGREE DAYS
 HEATING
  YESTERDAY        5             1      4        1
  MONTH TO DATE   33            18     15       36
  SINCE JUN 1    109           150    -41      152
  SINCE JUL 1     51            49      2       44

 COOLING
  YESTERDAY        0             3     -3        0
  MONTH TO DATE   18            66    -48       20
  SINCE JUN 1    175           230    -55      331
  SINCE JAN 1    181           243    -62      356
......................................................


WIND (MPH)
  HIGHEST WIND SPEED    18   HIGHEST WIND DIRECTION     W (280)
  HIGHEST GUST SPEED    22   HIGHEST GUST DIRECTION     W (280)
  AVERAGE WIND SPEED     6.3


SKY COVER
  AVERAGE SKY COVER 0.4



RELATIVE HUMIDITY (PERCENT)
 HIGHEST    96
 LOWEST     51
 AVERAGE    74

..........................................................


THE PITTSFIELD MA CLIMATE NORMALS FOR TODAY
                         NORMAL
 MAXIMUM TEMPERATURE (F)   77
 MINIMUM TEMPERATURE (F)   56


SUNRISE AND SUNSET
AUGUST 19 2014........SUNRISE   604 AM EDT   SUNSET   748 PM EDT
AUGUST 20 2014........SUNRISE   605 AM EDT   SUNSET   747 PM EDT


-  INDICATES NEGATIVE NUMBERS.
R  INDICATES RECORD WAS SET OR TIED.
MM INDICATES DATA IS MISSING.
T  INDICATES TRACE AMOUNT.




$$
