000
CDUS41 KALY 150623
CLIPSF


CLIMATE REPORT
NATIONAL WEATHER SERVICE ALBANY NY
122 AM EST THU JAN 15 2015


...................................

...THE PITTSFIELD MA CLIMATE SUMMARY FOR JANUARY 14 2015...

CLIMATE NORMAL PERIOD 1981 TO 2010
CLIMATE RECORD PERIOD 9999 TO 9999


WEATHER ITEM   OBSERVED TIME   NORMAL DEPARTURE LAST
                VALUE   (LST)  VALUE  FROM      YEAR
                                      NORMAL
......................................................
TEMPERATURE (F)
 YESTERDAY
  MAXIMUM         23    408 PM  29     -6       45
  MINIMUM        -11    519 AM  11    -22       35
  AVERAGE          6            20    -14       40

PRECIPITATION (IN)
  YESTERDAY        T             0.10  -0.10     0.49
  MONTH TO DATE    1.63          1.51   0.12     3.13
  SINCE DEC 1      5.38          4.51   0.87     5.92
  SINCE JAN 1      1.63          1.51   0.12     3.13

DEGREE DAYS
 HEATING
  YESTERDAY       59            45     14       25
  MONTH TO DATE  679           623     56      613
  SINCE DEC 1   1750          1810    -60     1781
  SINCE JUL 1   3372          3461    -89     3461

 COOLING
  YESTERDAY        0             0      0        0
  MONTH TO DATE    0             0      0        0
  SINCE DEC 1      0             0      0        0
  SINCE JAN 1      0             0      0        0
......................................................


WIND (MPH)
  HIGHEST WIND SPEED     7   HIGHEST WIND DIRECTION    SE (150)
  HIGHEST GUST SPEED    10   HIGHEST GUST DIRECTION     E (110)
  AVERAGE WIND SPEED     1.2


SKY COVER
  AVERAGE SKY COVER 0.5



RELATIVE HUMIDITY (PERCENT)
 HIGHEST    96
 LOWEST     67
 AVERAGE    82

..........................................................


THE PITTSFIELD MA CLIMATE NORMALS FOR TODAY
                         NORMAL
 MAXIMUM TEMPERATURE (F)   29
 MINIMUM TEMPERATURE (F)   11


SUNRISE AND SUNSET
JANUARY 15 2015.......SUNRISE   720 AM EST   SUNSET   445 PM EST
JANUARY 16 2015.......SUNRISE   720 AM EST   SUNSET   447 PM EST


-  INDICATES NEGATIVE NUMBERS.
R  INDICATES RECORD WAS SET OR TIED.
MM INDICATES DATA IS MISSING.
T  INDICATES TRACE AMOUNT.




$$
