980
CDUS41 KALY 200623
CLIPSF


CLIMATE REPORT
NATIONAL WEATHER SERVICE ALBANY NY
122 AM EST FRI JAN 20 2017


...................................

...THE PITTSFIELD MA CLIMATE SUMMARY FOR JANUARY 19 2017...

CLIMATE NORMAL PERIOD 1981 TO 2010
CLIMATE RECORD PERIOD 9999 TO 9999


WEATHER ITEM   OBSERVED TIME   NORMAL DEPARTURE LAST
                VALUE   (LST)  VALUE  FROM      YEAR
                                      NORMAL
......................................................
TEMPERATURE (F)
 YESTERDAY
  MAXIMUM         40    110 PM  29     11       19
  MINIMUM         32    201 AM  11     21        8
  AVERAGE         36            20     16       14

PRECIPITATION (IN)
  YESTERDAY        0.00          0.08  -0.08      T
  MONTH TO DATE    1.92          1.93  -0.01     1.09
  SINCE DEC 1      4.94          4.93   0.01     4.77
  SINCE JAN 1      1.92          1.93  -0.01     1.09

DEGREE DAYS
 HEATING
  YESTERDAY       29            45    -16       51
  MONTH TO DATE  742           848   -106      718
  SINCE DEC 1   1920          2035   -115     1495
  SINCE JUL 1   3327          3686   -359     2868

 COOLING
  YESTERDAY        0             0      0        0
  MONTH TO DATE    0             0      0        0
  SINCE DEC 1      0             0      0        0
  SINCE JAN 1      0             0      0        0
......................................................


WIND (MPH)
  HIGHEST WIND SPEED    22   HIGHEST WIND DIRECTION    NW (300)
  HIGHEST GUST SPEED    28   HIGHEST GUST DIRECTION    NW (310)
  AVERAGE WIND SPEED     8.6


SKY COVER
  AVERAGE SKY COVER 1.0



RELATIVE HUMIDITY (PERCENT)
 HIGHEST    96
 LOWEST     76
 AVERAGE    86

..........................................................


THE PITTSFIELD MA CLIMATE NORMALS FOR TODAY
                         NORMAL
 MAXIMUM TEMPERATURE (F)   29
 MINIMUM TEMPERATURE (F)   11


SUNRISE AND SUNSET
JANUARY 20 2017.......SUNRISE   717 AM EST   SUNSET   452 PM EST
JANUARY 21 2017.......SUNRISE   716 AM EST   SUNSET   453 PM EST


-  INDICATES NEGATIVE NUMBERS.
R  INDICATES RECORD WAS SET OR TIED.
MM INDICATES DATA IS MISSING.
T  INDICATES TRACE AMOUNT.




$$
