000
CDUS41 KALY 232056
CLIPSF


CLIMATE REPORT
NATIONAL WEATHER SERVICE ALBANY NY
455 PM EDT TUE AUG 23 2016


...................................

...THE PITTSFIELD MA CLIMATE SUMMARY FOR AUGUST 23 2016...
VALID TODAY AS OF 0400 PM LOCAL TIME.

CLIMATE NORMAL PERIOD 1981 TO 2010
CLIMATE RECORD PERIOD 9999 TO 9999


WEATHER ITEM   OBSERVED TIME   NORMAL DEPARTURE LAST
                VALUE   (LST)  VALUE  FROM      YEAR
                                      NORMAL
......................................................
TEMPERATURE (F)
 TODAY
  MAXIMUM         74    347 PM  76     -2       79
  MINIMUM         45    439 AM  55    -10       55
  AVERAGE         60            66     -6       67

PRECIPITATION (IN)
  TODAY            0.00          0.13  -0.13     0.00
  MONTH TO DATE    2.61          3.11  -0.50     2.34
  SINCE JUN 1      9.26         11.76  -2.50    15.47
  SINCE JAN 1     23.36         28.80  -5.44    26.61

DEGREE DAYS
 HEATING
  TODAY            5             2      3        0
  MONTH TO DATE   11            25    -14        1
  SINCE JUN 1     98           157    -59      131
  SINCE JUL 1     22            56    -34       20

 COOLING
  TODAY            0             2     -2        2
  MONTH TO DATE  119            80     39       90
  SINCE JUN 1    313           244     69      244
  SINCE JAN 1    354           257     97      288
......................................................


WIND (MPH)
  HIGHEST WIND SPEED    13   HIGHEST WIND DIRECTION     W (250)
  HIGHEST GUST SPEED    18   HIGHEST GUST DIRECTION     W (260)
  AVERAGE WIND SPEED     4.0


SKY COVER
  AVERAGE SKY COVER 0.2



RELATIVE HUMIDITY (PERCENT)
 HIGHEST    96
 LOWEST     46
 AVERAGE    71

..........................................................


THE PITTSFIELD MA CLIMATE NORMALS FOR TOMORROW
                         NORMAL
 MAXIMUM TEMPERATURE (F)   76
 MINIMUM TEMPERATURE (F)   55


SUNRISE AND SUNSET
AUGUST 23 2016........SUNRISE   609 AM EDT   SUNSET   741 PM EDT
AUGUST 24 2016........SUNRISE   610 AM EDT   SUNSET   740 PM EDT


-  INDICATES NEGATIVE NUMBERS.
R  INDICATES RECORD WAS SET OR TIED.
MM INDICATES DATA IS MISSING.
T  INDICATES TRACE AMOUNT.




$$
