000
CDUS41 KALY 060630
CLIPSF


CLIMATE REPORT
NATIONAL WEATHER SERVICE ALBANY NY
130 AM EST SAT FEB 6 2016


...................................

...THE PITTSFIELD MA CLIMATE SUMMARY FOR FEBRUARY 5 2016...

CLIMATE NORMAL PERIOD 1981 TO 2010
CLIMATE RECORD PERIOD 9999 TO 9999


WEATHER ITEM   OBSERVED TIME   NORMAL DEPARTURE LAST
                VALUE   (LST)  VALUE  FROM      YEAR
                                      NORMAL
......................................................
TEMPERATURE (F)
 YESTERDAY
  MAXIMUM         34    404 PM  30      4       31
  MINIMUM         19   1159 PM  13      6        0
  AVERAGE         27            22      5       16

PRECIPITATION (IN)
  YESTERDAY        0.05          0.08  -0.03     0.24
  MONTH TO DATE    0.66          0.41   0.25     0.60
  SINCE DEC 1      5.43          6.33  -0.90     7.71
  SINCE JAN 1      1.75          3.33  -1.58     3.96

DEGREE DAYS
 HEATING
  YESTERDAY       38            43     -5       49
  MONTH TO DATE  136           219    -83      264
  SINCE DEC 1   2110          2793   -683     2806
  SINCE JUL 1   3483          4444   -961     4428

 COOLING
  YESTERDAY        0             0      0        0
  MONTH TO DATE    0             0      0        0
  SINCE DEC 1      0             0      0        0
  SINCE JAN 1      0             0      0        0
......................................................


WIND (MPH)
  HIGHEST WIND SPEED    23   HIGHEST WIND DIRECTION    NW (310)
  HIGHEST GUST SPEED    31   HIGHEST GUST DIRECTION    NW (300)
  AVERAGE WIND SPEED    10.0


SKY COVER
  AVERAGE SKY COVER 0.7



RELATIVE HUMIDITY (PERCENT)
 HIGHEST    92
 LOWEST     36
 AVERAGE    64

..........................................................


THE PITTSFIELD MA CLIMATE NORMALS FOR TODAY
                         NORMAL
 MAXIMUM TEMPERATURE (F)   30
 MINIMUM TEMPERATURE (F)   14


SUNRISE AND SUNSET
FEBRUARY  6 2016......SUNRISE   702 AM EST   SUNSET   513 PM EST
FEBRUARY  7 2016......SUNRISE   701 AM EST   SUNSET   514 PM EST


-  INDICATES NEGATIVE NUMBERS.
R  INDICATES RECORD WAS SET OR TIED.
MM INDICATES DATA IS MISSING.
T  INDICATES TRACE AMOUNT.




$$
