000
CDUS41 KALY 032147
CLIPSF


CLIMATE REPORT
NATIONAL WEATHER SERVICE ALBANY NY
447 PM EST TUE MAR 3 2015


...................................

...THE PITTSFIELD MA CLIMATE SUMMARY FOR MARCH 3 2015...
VALID TODAY AS OF 0400 PM LOCAL TIME.

CLIMATE NORMAL PERIOD 1981 TO 2010
CLIMATE RECORD PERIOD 9999 TO 9999


WEATHER ITEM   OBSERVED TIME   NORMAL DEPARTURE LAST
                VALUE   (LST)  VALUE  FROM      YEAR
                                      NORMAL
......................................................
TEMPERATURE (F)
 TODAY
  MAXIMUM         26    259 PM  37    -11       15
  MINIMUM          5    728 AM  18    -13        4
  AVERAGE         16            28    -12       10

PRECIPITATION (IN)
  TODAY            0.01          0.08  -0.07      T
  MONTH TO DATE    0.13          0.25  -0.12      T
  SINCE MAR 1      0.13          0.25  -0.12      T
  SINCE JAN 1      5.22          5.85  -0.63     6.38

DEGREE DAYS
 HEATING
  TODAY           49            37     12       55
  MONTH TO DATE  149           113     36      152
  SINCE MAR 1    149           113     36      152
  SINCE JUL 1   5812          5493    319     5704

 COOLING
  TODAY            0             0      0        0
  MONTH TO DATE    0             0      0        0
  SINCE MAR 1      0             0      0        0
  SINCE JAN 1      0             0      0        0
......................................................


WIND (MPH)
  HIGHEST WIND SPEED    16   HIGHEST WIND DIRECTION     S (200)
  HIGHEST GUST SPEED    25   HIGHEST GUST DIRECTION    SW (210)
  AVERAGE WIND SPEED     5.0


SKY COVER
  AVERAGE SKY COVER 0.2



RELATIVE HUMIDITY (PERCENT)
 HIGHEST    80
 LOWEST     37
 AVERAGE    59

..........................................................


THE PITTSFIELD MA CLIMATE NORMALS FOR TOMORROW
                         NORMAL
 MAXIMUM TEMPERATURE (F)   38
 MINIMUM TEMPERATURE (F)   18


SUNRISE AND SUNSET
MARCH  3 2015.........SUNRISE   626 AM EST   SUNSET   545 PM EST
MARCH  4 2015.........SUNRISE   624 AM EST   SUNSET   546 PM EST


-  INDICATES NEGATIVE NUMBERS.
R  INDICATES RECORD WAS SET OR TIED.
MM INDICATES DATA IS MISSING.
T  INDICATES TRACE AMOUNT.




$$
