422
CDUS41 KALY 180630
CLIPSF


CLIMATE REPORT
NATIONAL WEATHER SERVICE ALBANY NY
129 AM EST SAT NOV 18 2017


...................................

...THE PITTSFIELD MA CLIMATE SUMMARY FOR NOVEMBER 17 2017...

CLIMATE NORMAL PERIOD 1981 TO 2010
CLIMATE RECORD PERIOD 9999 TO 9999


WEATHER ITEM   OBSERVED TIME   NORMAL DEPARTURE LAST
                VALUE   (LST)  VALUE  FROM      YEAR
                                      NORMAL
......................................................
TEMPERATURE (F)
 YESTERDAY
  MAXIMUM         37    235 PM  46     -9       50
  MINIMUM         26   1139 PM  29     -3       37
  AVERAGE         32            38     -6       44

PRECIPITATION (IN)
  YESTERDAY        0.02          0.13  -0.11     0.00
  MONTH TO DATE    0.76          2.15  -1.39     0.94
  SINCE SEP 1      8.05         10.82  -2.77     6.66
  SINCE JAN 1     38.84         40.60  -1.76    30.03

DEGREE DAYS
 HEATING
  YESTERDAY       33            28      5       21
  MONTH TO DATE  411           425    -14      384
  SINCE SEP 1    870          1183   -313     1002
  SINCE JUL 1    956          1261   -305     1026

 COOLING
  YESTERDAY        0             0      0        0
  MONTH TO DATE    0             0      0        0
  SINCE SEP 1     81            20     61       51
  SINCE JAN 1    351           290     61      432
......................................................


WIND (MPH)
  HIGHEST WIND SPEED    28   HIGHEST WIND DIRECTION    NW (300)
  HIGHEST GUST SPEED    39   HIGHEST GUST DIRECTION    NW (300)
  AVERAGE WIND SPEED    12.2


SKY COVER
  AVERAGE SKY COVER 0.5



RELATIVE HUMIDITY (PERCENT)
 HIGHEST    82
 LOWEST     47
 AVERAGE    65

..........................................................


THE PITTSFIELD MA CLIMATE NORMALS FOR TODAY
                         NORMAL
 MAXIMUM TEMPERATURE (F)   46
 MINIMUM TEMPERATURE (F)   28


SUNRISE AND SUNSET
NOVEMBER 18 2017......SUNRISE   648 AM EST   SUNSET   428 PM EST
NOVEMBER 19 2017......SUNRISE   649 AM EST   SUNSET   428 PM EST


-  INDICATES NEGATIVE NUMBERS.
R  INDICATES RECORD WAS SET OR TIED.
MM INDICATES DATA IS MISSING.
T  INDICATES TRACE AMOUNT.




$$
