175
CDUS41 KALY 290630
CLIPSF


CLIMATE REPORT
NATIONAL WEATHER SERVICE ALBANY NY
228 AM EDT WED MAR 29 2017


...................................

...THE PITTSFIELD MA CLIMATE SUMMARY FOR MARCH 28 2017...

CLIMATE NORMAL PERIOD 1981 TO 2010
CLIMATE RECORD PERIOD 9999 TO 9999


WEATHER ITEM   OBSERVED TIME   NORMAL DEPARTURE LAST
                VALUE   (LST)  VALUE  FROM      YEAR
                                      NORMAL
......................................................
TEMPERATURE (F)
 YESTERDAY
  MAXIMUM         49   1217 PM  47      2       47
  MINIMUM         34    606 AM  26      8       36
  AVERAGE         42            36      6       42

PRECIPITATION (IN)
  YESTERDAY        0.33          0.13   0.20     0.42
  MONTH TO DATE    2.12          2.95  -0.83     2.25
  SINCE MAR 1      2.12          2.95  -0.83     2.25
  SINCE JAN 1      7.70          8.55  -0.85     7.62

DEGREE DAYS
 HEATING
  YESTERDAY       23            29     -6       23
  MONTH TO DATE 1043           943    100      733
  SINCE MAR 1   1043           943    100      733
  SINCE JUL 1   5745          6323   -578     5100

 COOLING
  YESTERDAY        0             0      0        0
  MONTH TO DATE    0             0      0        0
  SINCE MAR 1      0             0      0        0
  SINCE JAN 1      0             0      0        0
......................................................


WIND (MPH)
  HIGHEST WIND SPEED    10   HIGHEST WIND DIRECTION     W (290)
  HIGHEST GUST SPEED    14   HIGHEST GUST DIRECTION     W (290)
  AVERAGE WIND SPEED     1.2


SKY COVER
  AVERAGE SKY COVER 1.0



RELATIVE HUMIDITY (PERCENT)
 HIGHEST   100
 LOWEST     80
 AVERAGE    90

..........................................................


THE PITTSFIELD MA CLIMATE NORMALS FOR TODAY
                         NORMAL
 MAXIMUM TEMPERATURE (F)   47
 MINIMUM TEMPERATURE (F)   26


SUNRISE AND SUNSET
MARCH 29 2017.........SUNRISE   640 AM EDT   SUNSET   716 PM EDT
MARCH 30 2017.........SUNRISE   639 AM EDT   SUNSET   717 PM EDT


-  INDICATES NEGATIVE NUMBERS.
R  INDICATES RECORD WAS SET OR TIED.
MM INDICATES DATA IS MISSING.
T  INDICATES TRACE AMOUNT.




$$
