000
CDUS41 KALY 260634
CLIPSF


CLIMATE REPORT
NATIONAL WEATHER SERVICE ALBANY NY
134 AM EST MON JAN 26 2015


...................................

...THE PITTSFIELD MA CLIMATE SUMMARY FOR JANUARY 25 2015...

CLIMATE NORMAL PERIOD 1981 TO 2010
CLIMATE RECORD PERIOD 9999 TO 9999


WEATHER ITEM   OBSERVED TIME   NORMAL DEPARTURE LAST
                VALUE   (LST)  VALUE  FROM      YEAR
                                      NORMAL
......................................................
TEMPERATURE (F)
 YESTERDAY
  MAXIMUM         31    703 AM  29      2       19
  MINIMUM         11   1159 PM  11      0       11
  AVERAGE         21            20      1       15

PRECIPITATION (IN)
  YESTERDAY        0.01          0.09  -0.08     0.08
  MONTH TO DATE    3.08          2.40   0.68     3.35
  SINCE DEC 1      6.83          5.40   1.43     6.14
  SINCE JAN 1      3.08          2.40   0.68     3.35

DEGREE DAYS
 HEATING
  YESTERDAY       44            45     -1       50
  MONTH TO DATE 1155          1118     37     1125
  SINCE DEC 1   2226          2305    -79     2293
  SINCE JUL 1   3848          3956   -108     3973

 COOLING
  YESTERDAY        0             0      0        0
  MONTH TO DATE    0             0      0        0
  SINCE DEC 1      0             0      0        0
  SINCE JAN 1      0             0      0        0
......................................................


WIND (MPH)
  HIGHEST WIND SPEED    33   HIGHEST WIND DIRECTION     W (280)
  HIGHEST GUST SPEED    44   HIGHEST GUST DIRECTION     W (270)
  AVERAGE WIND SPEED    14.5


SKY COVER
  AVERAGE SKY COVER 0.4



RELATIVE HUMIDITY (PERCENT)
 HIGHEST    92
 LOWEST     39
 AVERAGE    66

..........................................................


THE PITTSFIELD MA CLIMATE NORMALS FOR TODAY
                         NORMAL
 MAXIMUM TEMPERATURE (F)   29
 MINIMUM TEMPERATURE (F)   12


SUNRISE AND SUNSET
JANUARY 26 2015.......SUNRISE   713 AM EST   SUNSET   459 PM EST
JANUARY 27 2015.......SUNRISE   712 AM EST   SUNSET   500 PM EST


-  INDICATES NEGATIVE NUMBERS.
R  INDICATES RECORD WAS SET OR TIED.
MM INDICATES DATA IS MISSING.
T  INDICATES TRACE AMOUNT.




$$
