000
CDUS41 KALY 220623
CLIPSF


CLIMATE REPORT
NATIONAL WEATHER SERVICE ALBANY NY
221 AM EDT SAT JUL 22 2017


...................................

...THE PITTSFIELD MA CLIMATE SUMMARY FOR JULY 21 2017...

CLIMATE NORMAL PERIOD 1981 TO 2010
CLIMATE RECORD PERIOD 9999 TO 9999


WEATHER ITEM   OBSERVED TIME   NORMAL DEPARTURE LAST
                VALUE   (LST)  VALUE  FROM      YEAR
                                      NORMAL
......................................................
TEMPERATURE (F)
 YESTERDAY
  MAXIMUM         83    217 PM  79      4       83
  MINIMUM         63    132 AM  57      6       50
  AVERAGE         73            68      5       67

PRECIPITATION (IN)
  YESTERDAY        0.00          0.15  -0.15     0.00
  MONTH TO DATE    2.45          2.67  -0.22     2.13
  SINCE JUN 1      6.45          7.07  -0.62     4.63
  SINCE JAN 1     25.23         24.11   1.12    18.73

DEGREE DAYS
 HEATING
  YESTERDAY        0             1     -1        0
  MONTH TO DATE    5            21    -16       11
  SINCE JUN 1    111           122    -11       87
  SINCE JUL 1      5            21    -16       11

 COOLING
  YESTERDAY        8             4      4        2
  MONTH TO DATE   98            73     25       84
  SINCE JUN 1    176           129     47      123
  SINCE JAN 1    190           142     48      164
......................................................


WIND (MPH)
  HIGHEST WIND SPEED    17   HIGHEST WIND DIRECTION     W (270)
  HIGHEST GUST SPEED    26   HIGHEST GUST DIRECTION     W (270)
  AVERAGE WIND SPEED     5.7


SKY COVER
  AVERAGE SKY COVER 0.3



RELATIVE HUMIDITY (PERCENT)
 HIGHEST    81
 LOWEST     55
 AVERAGE    68

..........................................................


THE PITTSFIELD MA CLIMATE NORMALS FOR TODAY
                         NORMAL
 MAXIMUM TEMPERATURE (F)   79
 MINIMUM TEMPERATURE (F)   57


SUNRISE AND SUNSET
JULY 22 2017..........SUNRISE   536 AM EDT   SUNSET   823 PM EDT
JULY 23 2017..........SUNRISE   537 AM EDT   SUNSET   822 PM EDT


-  INDICATES NEGATIVE NUMBERS.
R  INDICATES RECORD WAS SET OR TIED.
MM INDICATES DATA IS MISSING.
T  INDICATES TRACE AMOUNT.




$$
